CRAN Package Check Results for Package TSclust

Last updated on 2014-04-17 20:47:45.

Flavor Version Tinstall Tcheck Ttotal Status Flags
r-devel-linux-x86_64-debian-clang 1.2 2.98 45.17 48.15 OK
r-devel-linux-x86_64-debian-gcc 1.2 2.98 44.85 47.82 OK
r-devel-linux-x86_64-fedora-clang 1.2 94.91 OK
r-devel-linux-x86_64-fedora-gcc 1.2 89.18 OK
r-devel-macosx-x86_64-clang 1.2 82.24 OK
r-devel-macosx-x86_64-gcc 1.2 ERROR
r-devel-windows-ix86+x86_64 1.2 9.00 71.00 80.00 OK
r-patched-linux-x86_64 1.2 3.06 45.12 48.18 OK
r-patched-solaris-sparc 1.2 518.80 OK
r-patched-solaris-x86 1.2 111.40 OK
r-release-linux-ix86 1.2 7.00 76.00 83.00 OK
r-release-linux-x86_64 1.2 2.97 44.42 47.39 OK
r-release-macosx-x86_64 1.2 OK
r-release-windows-ix86+x86_64 1.2 9.00 69.00 78.00 OK
r-oldrel-windows-ix86+x86_64 1.2 10.00 67.00 77.00 OK

Check Details

Version: 1.2
Check: package dependencies
Result: ERROR
    Package required but not available: ‘dtw’
    
    See the information on DESCRIPTION files in the chapter ‘Creating R
    packages’ of the ‘Writing R Extensions’ manual.
Flavor: r-devel-macosx-x86_64-gcc