CRAN Package Check Results for Package TSclust

Last updated on 2022-01-21 19:48:53 CET.

Flavor Version Tinstall Tcheck Ttotal Status Flags
r-devel-linux-x86_64-debian-clang 1.3.1 12.47 124.97 137.44 OK
r-devel-linux-x86_64-debian-gcc 1.3.1 10.17 94.36 104.53 OK
r-devel-linux-x86_64-fedora-clang 1.3.1 166.15 NOTE
r-devel-linux-x86_64-fedora-gcc 1.3.1 158.07 OK
r-devel-windows-x86_64-new-UL 1.3.1 48.00 137.00 185.00 OK
r-devel-windows-x86_64-new-TK 1.3.1 OK
r-patched-linux-x86_64 1.3.1 18.31 119.71 138.02 OK
r-release-linux-x86_64 1.3.1 12.02 120.05 132.07 OK
r-release-macos-arm64 1.3.1 OK
r-release-macos-x86_64 1.3.1 OK
r-release-windows-ix86+x86_64 1.3.1 26.00 129.00 155.00 OK
r-oldrel-macos-x86_64 1.3.1 OK
r-oldrel-windows-ix86+x86_64 1.3.1 27.00 132.00 159.00 OK

Check Details

Version: 1.3.1
Check: Rd cross-references
Result: NOTE
    Undeclared packages ‘fpc’, ‘clValid’, ‘clv’ in Rd xrefs
Flavor: r-devel-linux-x86_64-fedora-clang