CRAN Package Check Results for Package TSclust

Last updated on 2015-05-25 02:47:41.

Flavor Version Tinstall Tcheck Ttotal Status Flags
r-devel-linux-x86_64-debian-clang 1.2.3 1.84 32.42 34.26 OK
r-devel-linux-x86_64-debian-gcc 1.2.3 1.82 31.50 33.32 OK
r-devel-linux-x86_64-fedora-clang 1.2.3 69.76 OK
r-devel-linux-x86_64-fedora-gcc 1.2.3 65.86 OK
r-devel-osx-x86_64-clang 1.2.3 63.30 OK
r-devel-windows-ix86+x86_64 1.2.3 7.00 52.00 59.00 OK
r-patched-linux-x86_64 1.2.3 1.83 31.70 33.53 OK
r-patched-solaris-sparc 1.2.3 419.30 OK
r-patched-solaris-x86 1.2.3 90.60 OK
r-release-linux-x86_64 1.2.3 2.58 32.15 34.73 OK
r-release-osx-x86_64-mavericks 1.2.3 NOTE
r-release-osx-x86_64-snowleopard 1.2.3 ERROR
r-release-windows-ix86+x86_64 1.2.3 9.00 54.00 63.00 OK
r-oldrel-windows-ix86+x86_64 1.2.3 12.00 74.00 86.00 OK

Check Details

Version: 1.2.3
Check: Rd cross-references
Result: NOTE
    Package unavailable to check Rd xrefs: ‘fpc’
Flavor: r-release-osx-x86_64-mavericks

Version: 1.2.3
Check: package dependencies
Result: ERROR
    Package required but not available: ‘dtw’
    
    See section ‘The DESCRIPTION file’ in the ‘Writing R Extensions’
    manual.
Flavor: r-release-osx-x86_64-snowleopard