CRAN Package Check Results for Package TScompare

Last updated on 2015-05-29 09:47:42.

Flavor Version Tinstall Tcheck Ttotal Status Flags
r-devel-linux-x86_64-debian-clang 2015.4-1 0.95 15.52 16.47 OK
r-devel-linux-x86_64-debian-gcc 2015.4-1 0.90 15.00 15.89 OK
r-devel-linux-x86_64-fedora-clang 2015.4-1 32.67 OK
r-devel-linux-x86_64-fedora-gcc 2015.4-1 29.86 OK
r-devel-osx-x86_64-clang 2015.4-1 35.59 OK
r-devel-windows-ix86+x86_64 2015.4-1 4.00 25.00 29.00 OK
r-patched-linux-x86_64 2015.4-1 0.92 14.63 15.55 OK
r-patched-solaris-sparc 2015.4-1 183.70 NOTE
r-patched-solaris-x86 2015.4-1 43.50 NOTE
r-release-linux-x86_64 2015.4-1 1.09 14.56 15.64 OK
r-release-osx-x86_64-mavericks 2015.4-1 NOTE
r-release-osx-x86_64-snowleopard 2015.4-1 NOTE
r-release-windows-ix86+x86_64 2015.4-1 4.00 23.00 27.00 OK
r-oldrel-windows-ix86+x86_64 2015.4-1 4.00 31.00 35.00 NOTE

Check Details

Version: 2015.4-1
Check: package dependencies
Result: NOTE
    Package suggested but not available for checking: ‘TSMySQL’
Flavors: r-patched-solaris-sparc, r-patched-solaris-x86, r-oldrel-windows-ix86+x86_64

Version: 2015.4-1
Check: package dependencies
Result: NOTE
    Package which this enhances but not available for checking: ‘TSodbc’
Flavors: r-release-osx-x86_64-mavericks, r-release-osx-x86_64-snowleopard