CRAN Package Check Results for Package TScompare

Last updated on 2019-05-24 10:49:50 CEST.

Flavor Version Tinstall Tcheck Ttotal Status Flags
r-devel-linux-x86_64-debian-clang 2015.4-1 2.68 27.80 30.48 NOTE
r-devel-linux-x86_64-debian-gcc 2015.4-1 1.98 22.33 24.31 NOTE
r-devel-linux-x86_64-fedora-clang 2015.4-1 36.56 NOTE
r-devel-linux-x86_64-fedora-gcc 2015.4-1 36.08 NOTE
r-devel-windows-ix86+x86_64 2015.4-1 5.00 57.00 62.00 NOTE
r-patched-linux-x86_64 2015.4-1 2.42 27.49 29.91 NOTE
r-patched-solaris-x86 2015.4-1 54.70 NOTE
r-release-linux-x86_64 2015.4-1 2.52 27.54 30.06 NOTE
r-release-windows-ix86+x86_64 2015.4-1 7.00 42.00 49.00 NOTE
r-release-osx-x86_64 2015.4-1 NOTE
r-oldrel-windows-ix86+x86_64 2015.4-1 4.00 39.00 43.00 NOTE
r-oldrel-osx-x86_64 2015.4-1 NOTE

Check Details

Version: 2015.4-1
Check: R code for possible problems
Result: NOTE
    tfDetails: no visible global function definition for 'start'
    tfDetails: no visible global function definition for 'end'
    Undefined global functions or variables:
     end start
    Consider adding
     importFrom("stats", "end", "start")
    to your NAMESPACE file.
Flavors: r-devel-linux-x86_64-debian-clang, r-devel-linux-x86_64-debian-gcc, r-devel-linux-x86_64-fedora-clang, r-devel-linux-x86_64-fedora-gcc, r-devel-windows-ix86+x86_64, r-patched-linux-x86_64, r-patched-solaris-x86, r-release-linux-x86_64, r-release-windows-ix86+x86_64, r-release-osx-x86_64, r-oldrel-windows-ix86+x86_64, r-oldrel-osx-x86_64

Version: 2015.4-1
Check: package dependencies
Result: NOTE
    Package which this enhances but not available for checking: ‘TSodbc’
Flavors: r-release-osx-x86_64, r-oldrel-osx-x86_64