CRAN Package Check Results for Package TScompare

Last updated on 2014-07-29 05:47:12.

Flavor Version Tinstall Tcheck Ttotal Status Flags
r-devel-linux-x86_64-debian-clang 2013.9-1 1.06 17.07 18.12 OK
r-devel-linux-x86_64-debian-gcc 2013.9-1 1.05 16.70 17.75 OK
r-devel-linux-x86_64-fedora-clang 2013.9-1 38.68 OK
r-devel-linux-x86_64-fedora-gcc 2013.9-1 34.49 OK
r-devel-osx-x86_64-clang 2013.9-1 38.39 NOTE
r-devel-windows-ix86+x86_64 2013.9-1 3.00 29.00 32.00 NOTE
r-patched-linux-x86_64 2013.9-1 1.06 17.14 18.19 OK
r-patched-solaris-sparc 2013.9-1 213.70 NOTE
r-patched-solaris-x86 2013.9-1 52.90 NOTE
r-release-linux-ix86 2013.9-1 1.42 24.19 25.61 OK
r-release-linux-x86_64 2013.9-1 1.10 5.57 6.66 OK
r-release-osx-x86_64-mavericks 2013.9-1 NOTE
r-release-osx-x86_64-snowleopard 2013.9-1 NOTE
r-release-windows-ix86+x86_64 2013.9-1 4.00 31.00 35.00 NOTE
r-oldrel-windows-ix86+x86_64 2013.9-1 4.00 28.00 32.00 NOTE

Check Details

Version: 2013.9-1
Check: package dependencies
Result: NOTE
    Package suggested but not available for checking: TSMySQL
Flavors: r-devel-osx-x86_64-clang, r-devel-windows-ix86+x86_64, r-patched-solaris-sparc, r-patched-solaris-x86, r-release-windows-ix86+x86_64, r-oldrel-windows-ix86+x86_64

Version: 2013.9-1
Check: package dependencies
Result: NOTE
    Package suggested but not available for checking: TSMySQL
    
    Packages which this enhances but not available for checking:
     TSPostgreSQL TSodbc
Flavor: r-release-osx-x86_64-mavericks

Version: 2013.9-1
Check: package dependencies
Result: NOTE
    Packages suggested but not available for checking: 'TSMySQL' 'TSSQLite'
    
    Packages which this enhances but not available for checking:
     'TSPostgreSQL' 'TSodbc' 'TSfame' 'TSgetSymbol'
Flavor: r-release-osx-x86_64-snowleopard

Version: 2013.9-1
Check: R code for possible problems
Result: NOTE
    AllIds: no visible global function definition for 'dbGetQuery'
    AllPanels: no visible global function definition for 'dbGetQuery'
    AllVintages: no visible global function definition for 'dbGetQuery'
Flavor: r-release-osx-x86_64-snowleopard