Last updated on 2021-04-22 11:50:35 CEST.
Flavor | Version | Tinstall | Tcheck | Ttotal | Status | Flags |
---|---|---|---|---|---|---|
r-devel-linux-x86_64-debian-clang | 2015.4-1 | 3.32 | 35.05 | 38.37 | NOTE | |
r-devel-linux-x86_64-debian-gcc | 2015.4-1 | 2.55 | 27.43 | 29.98 | NOTE | |
r-devel-linux-x86_64-fedora-clang | 2015.4-1 | 55.45 | NOTE | |||
r-devel-linux-x86_64-fedora-gcc | 2015.4-1 | 45.81 | NOTE | |||
r-devel-windows-ix86+x86_64 | 2015.4-1 | 7.00 | 55.00 | 62.00 | NOTE | |
r-devel-windows-x86_64-gcc10-UCRT | 2015.4-1 | NOTE | ||||
r-patched-linux-x86_64 | 2015.4-1 | 3.17 | 33.21 | 36.38 | NOTE | |
r-patched-solaris-x86 | 2015.4-1 | 67.10 | NOTE | |||
r-release-linux-x86_64 | 2015.4-1 | 3.05 | 34.03 | 37.08 | NOTE | |
r-release-macos-x86_64 | 2015.4-1 | NOTE | ||||
r-release-windows-ix86+x86_64 | 2015.4-1 | 8.00 | 52.00 | 60.00 | NOTE | |
r-oldrel-macos-x86_64 | 2015.4-1 | NOTE | ||||
r-oldrel-windows-ix86+x86_64 | 2015.4-1 | 5.00 | 54.00 | 59.00 | NOTE |
Version: 2015.4-1
Check: R code for possible problems
Result: NOTE
tfDetails: no visible global function definition for 'start'
tfDetails: no visible global function definition for 'end'
Undefined global functions or variables:
end start
Consider adding
importFrom("stats", "end", "start")
to your NAMESPACE file.
Flavors: r-devel-linux-x86_64-debian-clang, r-devel-linux-x86_64-debian-gcc, r-devel-linux-x86_64-fedora-clang, r-devel-linux-x86_64-fedora-gcc, r-devel-windows-ix86+x86_64, r-devel-windows-x86_64-gcc10-UCRT, r-patched-linux-x86_64, r-patched-solaris-x86, r-release-linux-x86_64, r-release-macos-x86_64, r-release-windows-ix86+x86_64, r-oldrel-macos-x86_64, r-oldrel-windows-ix86+x86_64
Version: 2015.4-1
Check: package dependencies
Result: NOTE
Package which this enhances but not available for checking: ‘TSodbc’
Flavors: r-release-macos-x86_64, r-oldrel-macos-x86_64