CRAN Package Check Results for Package TScompare

Last updated on 2017-04-28 17:48:05.

Flavor Version Tinstall Tcheck Ttotal Status Flags
r-devel-linux-x86_64-debian-clang 2015.4-1 1.05 16.91 17.96 NOTE
r-devel-linux-x86_64-debian-gcc 2015.4-1 1.00 16.87 17.87 NOTE
r-devel-linux-x86_64-fedora-clang 2015.4-1 30.45 NOTE --no-stop-on-test-error
r-devel-linux-x86_64-fedora-gcc 2015.4-1 28.97 NOTE --no-stop-on-test-error
r-devel-windows-ix86+x86_64 2015.4-1 3.00 49.00 52.00 NOTE
r-patched-linux-x86_64 2015.4-1 1.00 16.53 17.53 NOTE
r-patched-solaris-sparc 2015.4-1 186.70 NOTE
r-patched-solaris-x86 2015.4-1 42.40 NOTE
r-release-linux-x86_64 2015.4-1 0.98 17.19 18.17 NOTE
r-release-windows-ix86+x86_64 2015.4-1 4.00 51.00 55.00 NOTE
r-release-osx-x86_64 2015.4-1 NOTE
r-oldrel-windows-ix86+x86_64 2015.4-1 5.00 45.00 50.00 NOTE
r-oldrel-osx-x86_64 2015.4-1 NOTE

Check Details

Version: 2015.4-1
Check: R code for possible problems
Result: NOTE
    tfDetails: no visible global function definition for ‘start’
    tfDetails: no visible global function definition for ‘end’
    Undefined global functions or variables:
     end start
    Consider adding
     importFrom("stats", "end", "start")
    to your NAMESPACE file.
Flavors: r-devel-linux-x86_64-debian-clang, r-devel-linux-x86_64-debian-gcc, r-devel-windows-ix86+x86_64, r-patched-linux-x86_64, r-patched-solaris-sparc, r-patched-solaris-x86, r-release-linux-x86_64, r-release-windows-ix86+x86_64, r-release-osx-x86_64, r-oldrel-windows-ix86+x86_64, r-oldrel-osx-x86_64

Version: 2015.4-1
Flags: --no-stop-on-test-error
Check: R code for possible problems
Result: NOTE
    tfDetails: no visible global function definition for ‘start’
    tfDetails: no visible global function definition for ‘end’
    Undefined global functions or variables:
     end start
    Consider adding
     importFrom("stats", "end", "start")
    to your NAMESPACE file.
Flavors: r-devel-linux-x86_64-fedora-clang, r-devel-linux-x86_64-fedora-gcc

Version: 2015.4-1
Check: package dependencies
Result: NOTE
    Package suggested but not available for checking: ‘TSMySQL’
Flavors: r-patched-solaris-sparc, r-patched-solaris-x86

Version: 2015.4-1
Check: package dependencies
Result: NOTE
    Packages which this enhances but not available for checking:
     ‘TSPostgreSQL’ ‘TSodbc’
Flavors: r-release-osx-x86_64, r-oldrel-osx-x86_64