CRAN Package Check Results for Package TScompare

Last updated on 2015-04-28 21:46:54.

Flavor Version Tinstall Tcheck Ttotal Status Flags
r-devel-linux-x86_64-debian-clang 2013.9-1 0.93 15.10 16.03 NOTE
r-devel-linux-x86_64-debian-gcc 2013.9-1 1.00 14.36 15.36 NOTE
r-devel-linux-x86_64-fedora-clang 2013.9-1 32.40 NOTE
r-devel-linux-x86_64-fedora-gcc 2013.9-1 29.89 NOTE
r-devel-osx-x86_64-clang 2013.9-1 35.31 NOTE
r-devel-windows-ix86+x86_64 2013.9-1 3.00 24.00 27.00 NOTE
r-patched-linux-x86_64 2013.9-1 0.92 14.56 15.48 NOTE
r-patched-solaris-sparc 2013.9-1 186.00 NOTE
r-patched-solaris-x86 2013.9-1 43.70 NOTE
r-release-linux-x86_64 2013.9-1 0.90 14.58 15.48 NOTE
r-release-osx-x86_64-mavericks 2013.9-1 NOTE
r-release-osx-x86_64-snowleopard 2013.9-1 NOTE
r-release-windows-ix86+x86_64 2013.9-1 3.00 26.00 29.00 NOTE
r-oldrel-windows-ix86+x86_64 2013.9-1 4.00 26.00 30.00 NOTE

Check Details

Version: 2013.9-1
Check: package dependencies
Result: NOTE
    Package suggested but not available for checking: ‘TSMySQL’
Flavors: r-devel-linux-x86_64-debian-clang, r-devel-linux-x86_64-debian-gcc, r-devel-linux-x86_64-fedora-clang, r-devel-linux-x86_64-fedora-gcc, r-devel-osx-x86_64-clang, r-patched-linux-x86_64, r-patched-solaris-sparc, r-patched-solaris-x86, r-release-linux-x86_64, r-oldrel-windows-ix86+x86_64

Version: 2013.9-1
Check: R code for possible problems
Result: NOTE
    AllIds: no visible global function definition for ‘dbGetQuery’
    AllPanels: no visible global function definition for ‘dbGetQuery’
    AllVintages: no visible global function definition for ‘dbGetQuery’
Flavors: r-devel-linux-x86_64-debian-clang, r-devel-linux-x86_64-debian-gcc, r-devel-linux-x86_64-fedora-clang, r-devel-linux-x86_64-fedora-gcc, r-devel-osx-x86_64-clang, r-devel-windows-ix86+x86_64, r-patched-linux-x86_64, r-patched-solaris-sparc, r-patched-solaris-x86, r-release-linux-x86_64, r-release-osx-x86_64-mavericks, r-release-osx-x86_64-snowleopard, r-release-windows-ix86+x86_64, r-oldrel-windows-ix86+x86_64

Version: 2013.9-1
Check: package dependencies
Result: NOTE
    Packages suggested but not available for checking:
     ‘tframePlus’ ‘TSsql’ ‘TSMySQL’ ‘TSSQLite’ ‘TShistQuote’
    
    Packages which this enhances but not available for checking:
     ‘TSPostgreSQL’ ‘TSodbc’ ‘TSfame’ ‘TSgetSymbol’
Flavor: r-release-osx-x86_64-mavericks

Version: 2013.9-1
Check: package dependencies
Result: NOTE
    Packages suggested but not available for checking:
     ‘tframePlus’ ‘TSSQLite’ ‘TShistQuote’
    
    Packages which this enhances but not available for checking:
     ‘TSPostgreSQL’ ‘TSodbc’ ‘TSfame’ ‘TSgetSymbol’
Flavor: r-release-osx-x86_64-snowleopard