CRAN Package Check Results for Package TScompare

Last updated on 2019-02-22 05:50:18 CET.

Flavor Version Tinstall Tcheck Ttotal Status Flags
r-devel-linux-x86_64-debian-clang 2015.4-1 1.89 28.85 30.74 NOTE
r-devel-linux-x86_64-debian-gcc 2015.4-1 1.69 23.14 24.83 NOTE
r-devel-linux-x86_64-fedora-clang 2015.4-1 38.89 NOTE
r-devel-linux-x86_64-fedora-gcc 2015.4-1 36.09 NOTE
r-devel-windows-ix86+x86_64 2015.4-1 5.00 42.00 47.00 NOTE
r-patched-linux-x86_64 2015.4-1 1.53 26.79 28.32 NOTE
r-patched-solaris-x86 2015.4-1 51.80 NOTE
r-release-linux-x86_64 2015.4-1 NOTE
r-release-windows-ix86+x86_64 2015.4-1 3.00 62.00 65.00 NOTE
r-release-osx-x86_64 2015.4-1 NOTE
r-oldrel-windows-ix86+x86_64 2015.4-1 3.00 51.00 54.00 NOTE
r-oldrel-osx-x86_64 2015.4-1 NOTE

Check Details

Version: 2015.4-1
Check: R code for possible problems
Result: NOTE
    tfDetails: no visible global function definition for ‘start’
    tfDetails: no visible global function definition for ‘end’
    Undefined global functions or variables:
     end start
    Consider adding
     importFrom("stats", "end", "start")
    to your NAMESPACE file.
Flavors: r-devel-linux-x86_64-debian-clang, r-devel-linux-x86_64-debian-gcc, r-devel-linux-x86_64-fedora-clang, r-devel-linux-x86_64-fedora-gcc, r-devel-windows-ix86+x86_64, r-patched-linux-x86_64, r-patched-solaris-x86, r-release-linux-x86_64, r-release-windows-ix86+x86_64, r-release-osx-x86_64, r-oldrel-windows-ix86+x86_64, r-oldrel-osx-x86_64

Version: 2015.4-1
Check: package dependencies
Result: NOTE
    Package which this enhances but not available for checking: ‘TSodbc’
Flavor: r-release-osx-x86_64

Version: 2015.4-1
Check: package dependencies
Result: NOTE
    Packages which this enhances but not available for checking:
     ‘TSPostgreSQL’ ‘TSodbc’
Flavor: r-oldrel-osx-x86_64