CRAN Package Check Results for Package TScompare

Last updated on 2014-10-22 16:50:59.

Flavor Version Tinstall Tcheck Ttotal Status Flags
r-devel-linux-x86_64-debian-clang 2013.9-1 1.19 17.60 18.79 NOTE
r-devel-linux-x86_64-debian-gcc 2013.9-1 1.16 17.30 18.46 NOTE
r-devel-linux-x86_64-fedora-clang 2013.9-1 39.56 NOTE
r-devel-linux-x86_64-fedora-gcc 2013.9-1 35.89 NOTE
r-devel-osx-x86_64-clang 2013.9-1 41.93 NOTE
r-devel-windows-ix86+x86_64 2013.9-1 4.00 26.00 30.00 NOTE
r-patched-linux-x86_64 2013.9-1 1.23 17.79 19.02 NOTE
r-patched-solaris-sparc 2013.9-1 214.10 NOTE
r-patched-solaris-x86 2013.9-1 50.60 NOTE
r-release-linux-ix86 2013.9-1 1.74 26.08 27.82 OK
r-release-linux-x86_64 2013.9-1 1.28 19.36 20.63 OK
r-release-osx-x86_64-mavericks 2013.9-1 NOTE
r-release-osx-x86_64-snowleopard 2013.9-1 NOTE
r-release-windows-ix86+x86_64 2013.9-1 4.00 33.00 37.00 NOTE
r-oldrel-windows-ix86+x86_64 2013.9-1 4.00 30.00 34.00 NOTE

Check Details

Version: 2013.9-1
Check: R code for possible problems
Result: NOTE
    AllIds: no visible global function definition for ‘dbGetQuery’
    AllPanels: no visible global function definition for ‘dbGetQuery’
    AllVintages: no visible global function definition for ‘dbGetQuery’
Flavors: r-devel-linux-x86_64-debian-clang, r-devel-linux-x86_64-debian-gcc, r-devel-linux-x86_64-fedora-clang, r-devel-linux-x86_64-fedora-gcc, r-devel-osx-x86_64-clang, r-devel-windows-ix86+x86_64, r-patched-linux-x86_64, r-patched-solaris-sparc, r-patched-solaris-x86, r-release-osx-x86_64-snowleopard

Version: 2013.9-1
Check: package dependencies
Result: NOTE
    Package suggested but not available for checking: ‘TSMySQL’
Flavors: r-devel-osx-x86_64-clang, r-devel-windows-ix86+x86_64, r-patched-solaris-sparc, r-patched-solaris-x86, r-release-windows-ix86+x86_64, r-oldrel-windows-ix86+x86_64

Version: 2013.9-1
Check: package dependencies
Result: NOTE
    Package suggested but not available for checking: ‘TSMySQL’
    
    Packages which this enhances but not available for checking:
     ‘TSPostgreSQL’ ‘TSodbc’
Flavor: r-release-osx-x86_64-mavericks

Version: 2013.9-1
Check: package dependencies
Result: NOTE
    Packages suggested but not available for checking: 'TSMySQL' 'TSSQLite'
    
    Packages which this enhances but not available for checking:
     'TSPostgreSQL' 'TSodbc' 'TSfame' 'TSgetSymbol'
Flavor: r-release-osx-x86_64-snowleopard