CRAN Package Check Results for Package TScompare

Last updated on 2015-09-02 05:47:30.

Flavor Version Tinstall Tcheck Ttotal Status Flags
r-devel-linux-x86_64-debian-clang 2015.4-1 0.84 14.86 15.70 NOTE
r-devel-linux-x86_64-debian-gcc 2015.4-1 0.84 14.12 14.96 NOTE
r-devel-linux-x86_64-fedora-clang 2015.4-1 30.42 NOTE
r-devel-linux-x86_64-fedora-gcc 2015.4-1 28.00 NOTE
r-devel-osx-x86_64-clang 2015.4-1 26.76 OK
r-devel-windows-ix86+x86_64 2015.4-1 4.00 29.00 33.00 NOTE
r-patched-linux-x86_64 2015.4-1 0.93 15.53 16.46 OK
r-patched-solaris-sparc 2015.4-1 196.40 NOTE
r-patched-solaris-x86 2015.4-1 45.10 NOTE
r-release-linux-x86_64 2015.4-1 0.92 15.31 16.23 OK
r-release-osx-x86_64-mavericks 2015.4-1 NOTE
r-release-windows-ix86+x86_64 2015.4-1 4.00 25.00 29.00 OK
r-oldrel-windows-ix86+x86_64 2015.4-1 6.00 48.00 54.00 NOTE

Check Details

Version: 2015.4-1
Check: R code for possible problems
Result: NOTE
    tfDetails: no visible global function definition for ‘start’
    tfDetails: no visible global function definition for ‘end’
    Undefined global functions or variables:
     end start
    Consider adding
     importFrom("stats", "end", "start")
    to your NAMESPACE.
Flavors: r-devel-linux-x86_64-debian-clang, r-devel-linux-x86_64-debian-gcc, r-devel-linux-x86_64-fedora-clang, r-devel-linux-x86_64-fedora-gcc, r-devel-windows-ix86+x86_64

Version: 2015.4-1
Check: package dependencies
Result: NOTE
    Package suggested but not available for checking: ‘TSMySQL’
Flavors: r-patched-solaris-sparc, r-patched-solaris-x86, r-oldrel-windows-ix86+x86_64

Version: 2015.4-1
Check: package dependencies
Result: NOTE
    Package which this enhances but not available for checking: ‘TSodbc’
Flavor: r-release-osx-x86_64-mavericks