CRAN Package Check Results for Package TScompare

Last updated on 2017-12-16 01:56:35 CET.

Flavor Version Tinstall Tcheck Ttotal Status Flags
r-devel-linux-x86_64-debian-clang 2015.4-1 1.04 24.71 25.75 NOTE
r-devel-linux-x86_64-debian-gcc 2015.4-1 0.89 20.92 21.81 NOTE
r-devel-linux-x86_64-fedora-clang 2015.4-1 31.56 NOTE
r-devel-linux-x86_64-fedora-gcc 2015.4-1 30.70 NOTE
r-devel-windows-ix86+x86_64 2015.4-1 6.00 34.00 40.00 NOTE
r-patched-linux-x86_64 2015.4-1 1.37 24.18 25.55 NOTE
r-patched-solaris-x86 2015.4-1 43.20 NOTE
r-release-linux-x86_64 2015.4-1 1.27 23.75 25.02 NOTE
r-release-windows-ix86+x86_64 2015.4-1 3.00 33.00 36.00 NOTE
r-release-osx-x86_64 2015.4-1 NOTE
r-oldrel-windows-ix86+x86_64 2015.4-1 6.00 48.00 54.00 NOTE
r-oldrel-osx-x86_64 2015.4-1 NOTE

Check Details

Version: 2015.4-1
Check: R code for possible problems
Result: NOTE
    tfDetails: no visible global function definition for ‘start’
    tfDetails: no visible global function definition for ‘end’
    Undefined global functions or variables:
     end start
    Consider adding
     importFrom("stats", "end", "start")
    to your NAMESPACE file.
Flavors: r-devel-linux-x86_64-debian-clang, r-devel-linux-x86_64-debian-gcc, r-devel-linux-x86_64-fedora-clang, r-devel-linux-x86_64-fedora-gcc, r-devel-windows-ix86+x86_64, r-patched-linux-x86_64, r-patched-solaris-x86, r-release-linux-x86_64, r-release-windows-ix86+x86_64, r-release-osx-x86_64, r-oldrel-windows-ix86+x86_64, r-oldrel-osx-x86_64

Version: 2015.4-1
Check: package dependencies
Result: NOTE
    Packages which this enhances but not available for checking:
     ‘TSPostgreSQL’ ‘TSodbc’
Flavors: r-release-osx-x86_64, r-oldrel-osx-x86_64