CRAN Package Check Results for Package TScompare

Last updated on 2020-10-19 22:48:50 CEST.

Flavor Version Tinstall Tcheck Ttotal Status Flags
r-devel-linux-x86_64-debian-clang 2015.4-1 3.46 32.65 36.11 NOTE
r-devel-linux-x86_64-debian-gcc 2015.4-1 2.56 25.35 27.91 NOTE
r-devel-linux-x86_64-fedora-clang 2015.4-1 51.18 NOTE
r-devel-linux-x86_64-fedora-gcc 2015.4-1 41.94 NOTE
r-devel-windows-ix86+x86_64 2015.4-1 5.00 39.00 44.00 NOTE
r-patched-linux-x86_64 2015.4-1 2.97 30.55 33.52 NOTE
r-patched-solaris-x86 2015.4-1 61.40 NOTE
r-release-linux-x86_64 2015.4-1 2.92 30.48 33.40 NOTE
r-release-macos-x86_64 2015.4-1 NOTE
r-release-windows-ix86+x86_64 2015.4-1 5.00 48.00 53.00 NOTE
r-oldrel-macos-x86_64 2015.4-1 NOTE
r-oldrel-windows-ix86+x86_64 2015.4-1 4.00 50.00 54.00 NOTE

Check Details

Version: 2015.4-1
Check: R code for possible problems
Result: NOTE
    tfDetails: no visible global function definition for 'start'
    tfDetails: no visible global function definition for 'end'
    Undefined global functions or variables:
     end start
    Consider adding
     importFrom("stats", "end", "start")
    to your NAMESPACE file.
Flavors: r-devel-linux-x86_64-debian-clang, r-devel-linux-x86_64-debian-gcc, r-devel-linux-x86_64-fedora-clang, r-devel-linux-x86_64-fedora-gcc, r-devel-windows-ix86+x86_64, r-patched-linux-x86_64, r-patched-solaris-x86, r-release-linux-x86_64, r-release-macos-x86_64, r-release-windows-ix86+x86_64, r-oldrel-macos-x86_64, r-oldrel-windows-ix86+x86_64

Version: 2015.4-1
Check: package dependencies
Result: NOTE
    Package which this enhances but not available for checking: ‘TSodbc’
Flavors: r-release-macos-x86_64, r-oldrel-macos-x86_64