CRAN Package Check Results for Package TScompare

Last updated on 2020-07-04 14:48:45 CEST.

Flavor Version Tinstall Tcheck Ttotal Status Flags
r-devel-linux-x86_64-debian-clang 2015.4-1 2.88 30.80 33.68 NOTE
r-devel-linux-x86_64-debian-gcc 2015.4-1 2.52 24.51 27.03 NOTE
r-devel-linux-x86_64-fedora-clang 2015.4-1 49.86 NOTE
r-devel-linux-x86_64-fedora-gcc 2015.4-1 40.51 NOTE
r-devel-windows-ix86+x86_64 2015.4-1 10.00 78.00 88.00 NOTE
r-patched-linux-x86_64 2015.4-1 2.76 31.14 33.90 NOTE
r-patched-solaris-x86 2015.4-1 61.20 NOTE
r-release-linux-x86_64 2015.4-1 3.27 31.73 35.00 NOTE
r-release-osx-x86_64 2015.4-1 NOTE
r-release-windows-ix86+x86_64 2015.4-1 7.00 42.00 49.00 NOTE
r-oldrel-osx-x86_64 2015.4-1 NOTE
r-oldrel-windows-ix86+x86_64 2015.4-1 5.00 59.00 64.00 NOTE

Check Details

Version: 2015.4-1
Check: R code for possible problems
Result: NOTE
    tfDetails: no visible global function definition for 'start'
    tfDetails: no visible global function definition for 'end'
    Undefined global functions or variables:
     end start
    Consider adding
     importFrom("stats", "end", "start")
    to your NAMESPACE file.
Flavors: r-devel-linux-x86_64-debian-clang, r-devel-linux-x86_64-debian-gcc, r-devel-linux-x86_64-fedora-clang, r-devel-linux-x86_64-fedora-gcc, r-devel-windows-ix86+x86_64, r-patched-linux-x86_64, r-patched-solaris-x86, r-release-linux-x86_64, r-release-osx-x86_64, r-release-windows-ix86+x86_64, r-oldrel-osx-x86_64, r-oldrel-windows-ix86+x86_64

Version: 2015.4-1
Check: package dependencies
Result: NOTE
    Package which this enhances but not available for checking: ‘TSodbc’
Flavors: r-release-osx-x86_64, r-oldrel-osx-x86_64