CRAN Package Check Results for Package TScompare

Last updated on 2016-12-09 07:48:57.

Flavor Version Tinstall Tcheck Ttotal Status Flags
r-devel-linux-x86_64-debian-clang 2015.4-1 1.07 16.32 17.39 NOTE
r-devel-linux-x86_64-debian-gcc 2015.4-1 1.02 16.06 17.08 NOTE
r-devel-linux-x86_64-fedora-clang 2015.4-1 31.74 NOTE --no-stop-on-test-error
r-devel-linux-x86_64-fedora-gcc 2015.4-1 30.55 NOTE --no-stop-on-test-error
r-devel-macos-x86_64-clang 2015.4-1 27.90 NOTE
r-devel-windows-ix86+x86_64 2015.4-1 3.00 34.00 37.00 NOTE
r-patched-linux-x86_64 2015.4-1 0.88 14.62 15.50 NOTE
r-patched-solaris-sparc 2015.4-1 161.00 NOTE
r-patched-solaris-x86 2015.4-1 34.30 NOTE
r-release-linux-x86_64 2015.4-1 0.88 14.71 15.59 NOTE
r-release-osx-x86_64-mavericks 2015.4-1 NOTE
r-release-windows-ix86+x86_64 2015.4-1 3.00 35.00 38.00 NOTE
r-oldrel-windows-ix86+x86_64 2015.4-1 5.00 32.00 37.00 OK

Check Details

Version: 2015.4-1
Check: R code for possible problems
Result: NOTE
    tfDetails: no visible global function definition for ‘start’
    tfDetails: no visible global function definition for ‘end’
    Undefined global functions or variables:
     end start
    Consider adding
     importFrom("stats", "end", "start")
    to your NAMESPACE file.
Flavors: r-devel-linux-x86_64-debian-clang, r-devel-linux-x86_64-debian-gcc, r-devel-macos-x86_64-clang, r-devel-windows-ix86+x86_64, r-patched-linux-x86_64, r-patched-solaris-sparc, r-patched-solaris-x86, r-release-linux-x86_64, r-release-osx-x86_64-mavericks, r-release-windows-ix86+x86_64

Version: 2015.4-1
Flags: --no-stop-on-test-error
Check: R code for possible problems
Result: NOTE
    tfDetails: no visible global function definition for ‘start’
    tfDetails: no visible global function definition for ‘end’
    Undefined global functions or variables:
     end start
    Consider adding
     importFrom("stats", "end", "start")
    to your NAMESPACE file.
Flavors: r-devel-linux-x86_64-fedora-clang, r-devel-linux-x86_64-fedora-gcc

Version: 2015.4-1
Check: package dependencies
Result: NOTE
    Package suggested but not available for checking: ‘TSMySQL’
Flavors: r-patched-solaris-sparc, r-patched-solaris-x86

Version: 2015.4-1
Check: package dependencies
Result: NOTE
    Packages which this enhances but not available for checking:
     ‘TSPostgreSQL’ ‘TSodbc’
Flavor: r-release-osx-x86_64-mavericks