CRAN Package Check Results for Package TScompare

Last updated on 2015-07-31 11:49:35.

Flavor Version Tinstall Tcheck Ttotal Status Flags
r-devel-linux-x86_64-debian-clang 2015.4-1 0.92 15.29 16.21 NOTE
r-devel-linux-x86_64-debian-gcc 2015.4-1 1.20 14.33 15.53 NOTE
r-devel-linux-x86_64-fedora-clang 2015.4-1 32.03 NOTE
r-devel-linux-x86_64-fedora-gcc 2015.4-1 30.02 NOTE
r-devel-osx-x86_64-clang 2015.4-1 30.14 OK
r-devel-windows-ix86+x86_64 2015.4-1 5.00 26.00 31.00 NOTE
r-patched-linux-x86_64 2015.4-1 0.96 14.81 15.78 OK
r-patched-solaris-sparc 2015.4-1 196.40 NOTE
r-patched-solaris-x86 2015.4-1 42.50 NOTE
r-release-linux-x86_64 2015.4-1 0.91 15.10 16.00 OK
r-release-osx-x86_64-mavericks 2015.4-1 NOTE
r-release-windows-ix86+x86_64 2015.4-1 5.00 27.00 32.00 OK
r-oldrel-windows-ix86+x86_64 2015.4-1 5.00 37.00 42.00 NOTE

Check Details

Version: 2015.4-1
Check: R code for possible problems
Result: NOTE
    tfDetails: no visible global function definition for ‘start’
    tfDetails: no visible global function definition for ‘end’
    Undefined global functions or variables:
     end start
    Consider adding
     importFrom("stats", "end", "start")
    to your NAMESPACE.
Flavors: r-devel-linux-x86_64-debian-clang, r-devel-linux-x86_64-debian-gcc, r-devel-linux-x86_64-fedora-clang, r-devel-linux-x86_64-fedora-gcc, r-devel-windows-ix86+x86_64

Version: 2015.4-1
Check: package dependencies
Result: NOTE
    Package suggested but not available for checking: ‘TSMySQL’
Flavors: r-patched-solaris-sparc, r-patched-solaris-x86, r-oldrel-windows-ix86+x86_64

Version: 2015.4-1
Check: package dependencies
Result: NOTE
    Package which this enhances but not available for checking: ‘TSodbc’
Flavor: r-release-osx-x86_64-mavericks