CRAN Package Check Results for Package TScompare

Last updated on 2018-10-21 01:47:28 CEST.

Flavor Version Tinstall Tcheck Ttotal Status Flags
r-devel-linux-x86_64-debian-clang 2015.4-1 1.94 30.32 32.26 NOTE
r-devel-linux-x86_64-debian-gcc 2015.4-1 1.45 24.69 26.14 NOTE
r-devel-linux-x86_64-fedora-clang 2015.4-1 38.64 NOTE
r-devel-linux-x86_64-fedora-gcc 2015.4-1 36.44 NOTE
r-devel-windows-ix86+x86_64 2015.4-1 5.00 55.00 60.00 NOTE
r-patched-linux-x86_64 2015.4-1 1.70 26.08 27.78 NOTE
r-patched-solaris-x86 2015.4-1 51.70 NOTE
r-release-linux-x86_64 2015.4-1 1.75 26.09 27.84 NOTE
r-release-windows-ix86+x86_64 2015.4-1 6.00 56.00 62.00 NOTE
r-release-osx-x86_64 2015.4-1 NOTE
r-oldrel-windows-ix86+x86_64 2015.4-1 3.00 62.00 65.00 NOTE
r-oldrel-osx-x86_64 2015.4-1 NOTE

Check Details

Version: 2015.4-1
Check: R code for possible problems
Result: NOTE
    tfDetails: no visible global function definition for ‘start’
    tfDetails: no visible global function definition for ‘end’
    Undefined global functions or variables:
     end start
    Consider adding
     importFrom("stats", "end", "start")
    to your NAMESPACE file.
Flavors: r-devel-linux-x86_64-debian-clang, r-devel-linux-x86_64-debian-gcc, r-devel-linux-x86_64-fedora-clang, r-devel-linux-x86_64-fedora-gcc, r-devel-windows-ix86+x86_64, r-patched-linux-x86_64, r-patched-solaris-x86, r-release-linux-x86_64, r-release-windows-ix86+x86_64, r-release-osx-x86_64, r-oldrel-windows-ix86+x86_64, r-oldrel-osx-x86_64

Version: 2015.4-1
Check: package dependencies
Result: NOTE
    Package which this enhances but not available for checking: ‘TSodbc’
Flavor: r-release-osx-x86_64

Version: 2015.4-1
Check: package dependencies
Result: NOTE
    Packages which this enhances but not available for checking:
     ‘TSPostgreSQL’ ‘TSodbc’
Flavor: r-oldrel-osx-x86_64