CRAN Package Check Results for Package TScompare

Last updated on 2020-04-08 10:47:33 CEST.

Flavor Version Tinstall Tcheck Ttotal Status Flags
r-devel-linux-x86_64-debian-clang 2015.4-1 3.44 30.19 33.63 NOTE
r-devel-linux-x86_64-debian-gcc 2015.4-1 2.44 24.08 26.52 NOTE
r-devel-linux-x86_64-fedora-clang 2015.4-1 41.21 NOTE
r-devel-linux-x86_64-fedora-gcc 2015.4-1 40.77 NOTE
r-devel-windows-ix86+x86_64 2015.4-1 6.00 66.00 72.00 NOTE
r-devel-windows-ix86+x86_64-gcc8 2015.4-1 7.00 46.00 53.00 NOTE
r-patched-linux-x86_64 2015.4-1 3.00 29.64 32.64 NOTE
r-patched-solaris-x86 2015.4-1 63.70 NOTE
r-release-linux-x86_64 2015.4-1 2.34 27.49 29.83 NOTE
r-release-windows-ix86+x86_64 2015.4-1 6.00 74.00 80.00 NOTE
r-release-osx-x86_64 2015.4-1 NOTE
r-oldrel-windows-ix86+x86_64 2015.4-1 6.00 66.00 72.00 NOTE
r-oldrel-osx-x86_64 2015.4-1 NOTE

Check Details

Version: 2015.4-1
Check: R code for possible problems
Result: NOTE
    tfDetails: no visible global function definition for 'start'
    tfDetails: no visible global function definition for 'end'
    Undefined global functions or variables:
     end start
    Consider adding
     importFrom("stats", "end", "start")
    to your NAMESPACE file.
Flavors: r-devel-linux-x86_64-debian-clang, r-devel-linux-x86_64-debian-gcc, r-devel-linux-x86_64-fedora-clang, r-devel-linux-x86_64-fedora-gcc, r-devel-windows-ix86+x86_64, r-devel-windows-ix86+x86_64-gcc8, r-patched-linux-x86_64, r-patched-solaris-x86, r-release-linux-x86_64, r-release-windows-ix86+x86_64, r-release-osx-x86_64, r-oldrel-windows-ix86+x86_64, r-oldrel-osx-x86_64

Version: 2015.4-1
Check: package dependencies
Result: NOTE
    Package which this enhances but not available for checking: ‘TSodbc’
Flavors: r-release-osx-x86_64, r-oldrel-osx-x86_64