CRAN Package Check Results for Package TScompare

Last updated on 2017-01-22 19:47:25.

Flavor Version Tinstall Tcheck Ttotal Status Flags
r-devel-linux-x86_64-debian-clang 2015.4-1 0.95 16.25 17.19 NOTE
r-devel-linux-x86_64-debian-gcc 2015.4-1 1.08 16.23 17.31 NOTE
r-devel-linux-x86_64-fedora-clang 2015.4-1 29.89 NOTE --no-stop-on-test-error
r-devel-linux-x86_64-fedora-gcc 2015.4-1 28.62 NOTE --no-stop-on-test-error
r-devel-macos-x86_64-clang 2015.4-1 26.68 NOTE --no-stop-on-test-error
r-devel-windows-ix86+x86_64 2015.4-1 3.00 40.00 43.00 NOTE
r-patched-linux-x86_64 2015.4-1 1.02 14.83 15.85 NOTE
r-patched-solaris-sparc 2015.4-1 164.10 NOTE
r-patched-solaris-x86 2015.4-1 36.90 NOTE
r-release-linux-x86_64 2015.4-1 0.91 14.69 15.60 NOTE
r-release-osx-x86_64-mavericks 2015.4-1 NOTE
r-release-windows-ix86+x86_64 2015.4-1 10.00 36.00 46.00 NOTE
r-oldrel-windows-ix86+x86_64 2015.4-1 8.00 46.00 54.00 OK

Check Details

Version: 2015.4-1
Check: R code for possible problems
Result: NOTE
    tfDetails: no visible global function definition for ‘start’
    tfDetails: no visible global function definition for ‘end’
    Undefined global functions or variables:
     end start
    Consider adding
     importFrom("stats", "end", "start")
    to your NAMESPACE file.
Flavors: r-devel-linux-x86_64-debian-clang, r-devel-linux-x86_64-debian-gcc, r-devel-windows-ix86+x86_64, r-patched-linux-x86_64, r-patched-solaris-sparc, r-patched-solaris-x86, r-release-linux-x86_64, r-release-osx-x86_64-mavericks, r-release-windows-ix86+x86_64

Version: 2015.4-1
Flags: --no-stop-on-test-error
Check: R code for possible problems
Result: NOTE
    tfDetails: no visible global function definition for ‘start’
    tfDetails: no visible global function definition for ‘end’
    Undefined global functions or variables:
     end start
    Consider adding
     importFrom("stats", "end", "start")
    to your NAMESPACE file.
Flavors: r-devel-linux-x86_64-fedora-clang, r-devel-linux-x86_64-fedora-gcc, r-devel-macos-x86_64-clang

Version: 2015.4-1
Check: package dependencies
Result: NOTE
    Package suggested but not available for checking: ‘TSMySQL’
Flavors: r-patched-solaris-sparc, r-patched-solaris-x86

Version: 2015.4-1
Check: package dependencies
Result: NOTE
    Packages which this enhances but not available for checking:
     ‘TSPostgreSQL’ ‘TSodbc’
Flavor: r-release-osx-x86_64-mavericks