CRAN Package Check Results for Package TScompare

Last updated on 2014-09-22 21:47:19.

Flavor Version Tinstall Tcheck Ttotal Status Flags
r-devel-linux-x86_64-debian-clang 2013.9-1 1.21 16.63 17.84 NOTE
r-devel-linux-x86_64-debian-gcc 2013.9-1 1.19 16.34 17.53 NOTE
r-devel-linux-x86_64-fedora-clang 2013.9-1 37.97 NOTE
r-devel-linux-x86_64-fedora-gcc 2013.9-1 34.68 NOTE
r-devel-osx-x86_64-clang 2013.9-1 38.44 NOTE
r-devel-windows-ix86+x86_64 2013.9-1 4.00 25.00 29.00 NOTE
r-patched-linux-x86_64 2013.9-1 1.26 18.95 20.21 OK
r-patched-solaris-sparc 2013.9-1 210.00 NOTE
r-patched-solaris-x86 2013.9-1 55.30 NOTE
r-release-linux-ix86 2013.9-1 1.64 26.02 27.65 OK
r-release-linux-x86_64 2013.9-1 1.29 19.94 21.24 OK
r-release-osx-x86_64-mavericks 2013.9-1 NOTE
r-release-osx-x86_64-snowleopard 2013.9-1 NOTE
r-release-windows-ix86+x86_64 2013.9-1 4.00 29.00 33.00 NOTE
r-oldrel-windows-ix86+x86_64 2013.9-1 5.00 30.00 35.00 NOTE

Check Details

Version: 2013.9-1
Check: R code for possible problems
Result: NOTE
    AllIds: no visible global function definition for ‘dbGetQuery’
    AllPanels: no visible global function definition for ‘dbGetQuery’
    AllVintages: no visible global function definition for ‘dbGetQuery’
Flavors: r-devel-linux-x86_64-debian-clang, r-devel-linux-x86_64-debian-gcc, r-devel-linux-x86_64-fedora-clang, r-devel-linux-x86_64-fedora-gcc, r-devel-osx-x86_64-clang, r-devel-windows-ix86+x86_64, r-release-osx-x86_64-snowleopard

Version: 2013.9-1
Check: package dependencies
Result: NOTE
    Package suggested but not available for checking: ‘TSMySQL’
Flavors: r-devel-osx-x86_64-clang, r-devel-windows-ix86+x86_64, r-patched-solaris-sparc, r-patched-solaris-x86, r-release-windows-ix86+x86_64, r-oldrel-windows-ix86+x86_64

Version: 2013.9-1
Check: package dependencies
Result: NOTE
    Package suggested but not available for checking: ‘TSMySQL’
    
    Packages which this enhances but not available for checking:
     ‘TSPostgreSQL’ ‘TSodbc’
Flavor: r-release-osx-x86_64-mavericks

Version: 2013.9-1
Check: package dependencies
Result: NOTE
    Packages suggested but not available for checking: 'TSMySQL' 'TSSQLite'
    
    Packages which this enhances but not available for checking:
     'TSPostgreSQL' 'TSodbc' 'TSfame' 'TSgetSymbol'
Flavor: r-release-osx-x86_64-snowleopard