CRAN Package Check Results for Package TScompare

Last updated on 2015-01-29 10:48:27.

Flavor Version Tinstall Tcheck Ttotal Status Flags
r-devel-linux-x86_64-debian-clang 2013.9-1 1.44 16.60 18.04 NOTE
r-devel-linux-x86_64-debian-gcc 2013.9-1 1.00 15.89 16.89 NOTE
r-devel-linux-x86_64-fedora-clang 2013.9-1 39.12 NOTE
r-devel-linux-x86_64-fedora-gcc 2013.9-1 35.94 NOTE
r-devel-osx-x86_64-clang 2013.9-1 42.00 NOTE
r-devel-windows-ix86+x86_64 2013.9-1 5.00 25.00 30.00 NOTE
r-patched-linux-x86_64 2013.9-1 1.20 17.52 18.73 NOTE
r-patched-solaris-sparc 2013.9-1 215.10 NOTE
r-patched-solaris-x86 2013.9-1 52.90 NOTE
r-release-linux-ix86 2013.9-1 1.59 24.46 26.05 NOTE
r-release-linux-x86_64 2013.9-1 1.20 18.40 19.60 NOTE
r-release-osx-x86_64-mavericks 2013.9-1 NOTE
r-release-osx-x86_64-snowleopard 2013.9-1 NOTE
r-release-windows-ix86+x86_64 2013.9-1 4.00 30.00 34.00 NOTE
r-oldrel-windows-ix86+x86_64 2013.9-1 4.00 32.00 36.00 NOTE

Check Details

Version: 2013.9-1
Check: R code for possible problems
Result: NOTE
    AllIds: no visible global function definition for ‘dbGetQuery’
    AllPanels: no visible global function definition for ‘dbGetQuery’
    AllVintages: no visible global function definition for ‘dbGetQuery’
Flavors: r-devel-linux-x86_64-debian-clang, r-devel-linux-x86_64-debian-gcc, r-devel-linux-x86_64-fedora-clang, r-devel-linux-x86_64-fedora-gcc, r-devel-osx-x86_64-clang, r-devel-windows-ix86+x86_64, r-patched-linux-x86_64, r-patched-solaris-sparc, r-patched-solaris-x86, r-release-linux-ix86, r-release-linux-x86_64, r-release-osx-x86_64-mavericks, r-release-osx-x86_64-snowleopard, r-release-windows-ix86+x86_64

Version: 2013.9-1
Check: package dependencies
Result: NOTE
    Package suggested but not available for checking: 'TSMySQL'
Flavors: r-devel-windows-ix86+x86_64, r-patched-solaris-sparc, r-patched-solaris-x86, r-release-windows-ix86+x86_64, r-oldrel-windows-ix86+x86_64

Version: 2013.9-1
Check: package dependencies
Result: NOTE
    Packages which this enhances but not available for checking:
     ‘TSPostgreSQL’ ‘TSodbc’
Flavor: r-release-osx-x86_64-mavericks

Version: 2013.9-1
Check: package dependencies
Result: NOTE
    Packages suggested but not available for checking: 'TSMySQL' 'TSSQLite'
    
    Packages which this enhances but not available for checking:
     'TSPostgreSQL' 'TSodbc' 'TSfame' 'TSgetSymbol'
Flavor: r-release-osx-x86_64-snowleopard