CRAN Package Check Results for Package TScompare

Last updated on 2014-04-18 01:47:56.

Flavor Version Tinstall Tcheck Ttotal Status Flags
r-devel-linux-x86_64-debian-clang 2013.9-1 1.15 17.38 18.53 OK
r-devel-linux-x86_64-debian-gcc 2013.9-1 1.13 17.59 18.72 OK
r-devel-linux-x86_64-fedora-clang 2013.9-1 38.46 OK
r-devel-linux-x86_64-fedora-gcc 2013.9-1 36.69 OK
r-devel-macosx-x86_64-clang 2013.9-1 39.96 NOTE
r-devel-macosx-x86_64-gcc 2013.9-1 NOTE
r-devel-windows-ix86+x86_64 2013.9-1 3.00 27.00 30.00 NOTE
r-patched-linux-x86_64 2013.9-1 1.15 18.21 19.36 OK
r-patched-solaris-sparc 2013.9-1 213.70 NOTE
r-patched-solaris-x86 2013.9-1 51.60 NOTE
r-release-linux-ix86 2013.9-1 3.00 35.00 38.00 OK
r-release-linux-x86_64 2013.9-1 1.11 17.59 18.70 OK
r-release-macosx-x86_64 2013.9-1 NOTE
r-release-windows-ix86+x86_64 2013.9-1 4.00 28.00 32.00 NOTE
r-oldrel-windows-ix86+x86_64 2013.9-1 4.00 27.00 31.00 NOTE

Check Details

Version: 2013.9-1
Check: package dependencies
Result: NOTE
    Package suggested but not available for checking: ‘TSMySQL’
Flavors: r-devel-macosx-x86_64-clang, r-devel-windows-ix86+x86_64, r-patched-solaris-sparc, r-patched-solaris-x86, r-release-windows-ix86+x86_64, r-oldrel-windows-ix86+x86_64

Version: 2013.9-1
Check: package dependencies
Result: NOTE
    Packages suggested but not available for checking:
     ‘tframePlus’ ‘TSMySQL’ ‘TSSQLite’ ‘TShistQuote’
    
    Packages which this enhances but not available for checking:
     ‘TSPostgreSQL’ ‘TSodbc’ ‘TSfame’ ‘TSgetSymbol’
Flavor: r-devel-macosx-x86_64-gcc

Version: 2013.9-1
Check: R code for possible problems
Result: NOTE
    AllIds: no visible global function definition for ‘dbGetQuery’
    AllPanels: no visible global function definition for ‘dbGetQuery’
    AllVintages: no visible global function definition for ‘dbGetQuery’
Flavors: r-devel-macosx-x86_64-gcc, r-release-macosx-x86_64

Version: 2013.9-1
Check: package dependencies
Result: NOTE
    Packages suggested but not available for checking: 'TSMySQL' 'TSSQLite'
    
    Packages which this enhances but not available for checking:
     'TSPostgreSQL' 'TSodbc' 'TSfame' 'TSgetSymbol'
Flavor: r-release-macosx-x86_64