CRAN Package Check Results for Package TScompare

Last updated on 2015-03-05 16:47:13.

Flavor Version Tinstall Tcheck Ttotal Status Flags
r-devel-linux-x86_64-debian-clang 2013.9-1 0.93 15.09 16.02 NOTE
r-devel-linux-x86_64-debian-gcc 2013.9-1 0.91 14.68 15.59 NOTE
r-devel-linux-x86_64-fedora-clang 2013.9-1 32.05 NOTE
r-devel-linux-x86_64-fedora-gcc 2013.9-1 30.21 NOTE
r-devel-osx-x86_64-clang 2013.9-1 36.58 NOTE
r-devel-windows-ix86+x86_64 2013.9-1 3.00 24.00 27.00 NOTE
r-patched-linux-x86_64 2013.9-1 1.30 18.02 19.32 NOTE
r-patched-solaris-sparc 2013.9-1 243.80 NOTE
r-patched-solaris-x86 2013.9-1 52.60 NOTE
r-release-linux-ix86 2013.9-1 1.70 25.56 27.26 NOTE
r-release-linux-x86_64 2013.9-1 1.26 18.51 19.77 NOTE
r-release-osx-x86_64-mavericks 2013.9-1 NOTE
r-release-osx-x86_64-snowleopard 2013.9-1 NOTE
r-release-windows-ix86+x86_64 2013.9-1 5.00 29.00 34.00 NOTE
r-oldrel-windows-ix86+x86_64 2013.9-1 4.00 32.00 36.00 NOTE

Check Details

Version: 2013.9-1
Check: R code for possible problems
Result: NOTE
    AllIds: no visible global function definition for ‘dbGetQuery’
    AllPanels: no visible global function definition for ‘dbGetQuery’
    AllVintages: no visible global function definition for ‘dbGetQuery’
Flavors: r-devel-linux-x86_64-debian-clang, r-devel-linux-x86_64-debian-gcc, r-devel-linux-x86_64-fedora-clang, r-devel-linux-x86_64-fedora-gcc, r-devel-osx-x86_64-clang, r-devel-windows-ix86+x86_64, r-patched-linux-x86_64, r-patched-solaris-sparc, r-patched-solaris-x86, r-release-linux-ix86, r-release-linux-x86_64, r-release-osx-x86_64-mavericks, r-release-osx-x86_64-snowleopard, r-release-windows-ix86+x86_64

Version: 2013.9-1
Check: package dependencies
Result: NOTE
    Package suggested but not available for checking: 'TSMySQL'
Flavors: r-devel-windows-ix86+x86_64, r-patched-solaris-sparc, r-patched-solaris-x86, r-release-windows-ix86+x86_64, r-oldrel-windows-ix86+x86_64

Version: 2013.9-1
Check: package dependencies
Result: NOTE
    Packages which this enhances but not available for checking:
     ‘TSPostgreSQL’ ‘TSodbc’
Flavor: r-release-osx-x86_64-mavericks

Version: 2013.9-1
Check: package dependencies
Result: NOTE
    Packages suggested but not available for checking: 'TSMySQL' 'TSSQLite'
    
    Packages which this enhances but not available for checking:
     'TSPostgreSQL' 'TSodbc' 'TSfame' 'TSgetSymbol'
Flavor: r-release-osx-x86_64-snowleopard