CRAN Package Check Results for Package TScompare

Last updated on 2017-08-16 16:47:09.

Flavor Version Tinstall Tcheck Ttotal Status Flags
r-devel-linux-x86_64-debian-clang 2015.4-1 1.02 17.43 18.46 NOTE
r-devel-linux-x86_64-debian-gcc 2015.4-1 0.96 17.19 18.15 NOTE
r-devel-linux-x86_64-fedora-clang 2015.4-1 30.28 NOTE
r-devel-linux-x86_64-fedora-gcc 2015.4-1 29.46 NOTE
r-devel-windows-ix86+x86_64 2015.4-1 3.00 36.00 39.00 NOTE
r-patched-linux-x86_64 2015.4-1 1.00 17.27 18.27 NOTE
r-patched-solaris-x86 2015.4-1 44.10 NOTE
r-release-linux-x86_64 2015.4-1 1.02 17.03 18.05 NOTE
r-release-windows-ix86+x86_64 2015.4-1 4.00 46.00 50.00 NOTE
r-release-osx-x86_64 2015.4-1 NOTE
r-oldrel-windows-ix86+x86_64 2015.4-1 5.00 32.00 37.00 NOTE
r-oldrel-osx-x86_64 2015.4-1 NOTE

Check Details

Version: 2015.4-1
Check: R code for possible problems
Result: NOTE
    tfDetails: no visible global function definition for ‘start’
    tfDetails: no visible global function definition for ‘end’
    Undefined global functions or variables:
     end start
    Consider adding
     importFrom("stats", "end", "start")
    to your NAMESPACE file.
Flavors: r-devel-linux-x86_64-debian-clang, r-devel-linux-x86_64-debian-gcc, r-devel-linux-x86_64-fedora-clang, r-devel-linux-x86_64-fedora-gcc, r-devel-windows-ix86+x86_64, r-patched-linux-x86_64, r-patched-solaris-x86, r-release-linux-x86_64, r-release-windows-ix86+x86_64, r-release-osx-x86_64, r-oldrel-windows-ix86+x86_64, r-oldrel-osx-x86_64

Version: 2015.4-1
Check: package dependencies
Result: NOTE
    Package suggested but not available for checking: ‘TSMySQL’
Flavor: r-patched-solaris-x86

Version: 2015.4-1
Check: package dependencies
Result: NOTE
    Packages which this enhances but not available for checking:
     ‘TSPostgreSQL’ ‘TSodbc’
Flavors: r-release-osx-x86_64, r-oldrel-osx-x86_64