CRAN Package Check Results for Package TScompare

Last updated on 2022-01-22 05:10:36 CET.

Flavor Version Tinstall Tcheck Ttotal Status Flags
r-devel-linux-x86_64-debian-clang 2015.4-1 3.01 42.22 45.23 NOTE
r-devel-linux-x86_64-debian-gcc 2015.4-1 2.08 32.92 35.00 NOTE
r-devel-linux-x86_64-fedora-clang 2015.4-1 55.82 NOTE
r-devel-linux-x86_64-fedora-gcc 2015.4-1 45.08 NOTE
r-devel-windows-x86_64-new-UL 2015.4-1 26.00 95.00 121.00 NOTE
r-devel-windows-x86_64-new-TK 2015.4-1 NOTE
r-patched-linux-x86_64 2015.4-1 2.76 41.25 44.01 NOTE
r-release-linux-x86_64 2015.4-1 1.93 40.99 42.92 NOTE
r-release-macos-arm64 2015.4-1 NOTE
r-release-macos-x86_64 2015.4-1 NOTE
r-release-windows-ix86+x86_64 2015.4-1 7.00 52.00 59.00 NOTE
r-oldrel-macos-x86_64 2015.4-1 NOTE
r-oldrel-windows-ix86+x86_64 2015.4-1 7.00 53.00 60.00 NOTE

Check Details

Version: 2015.4-1
Check: R code for possible problems
Result: NOTE
    tfDetails: no visible global function definition for 'start'
    tfDetails: no visible global function definition for 'end'
    Undefined global functions or variables:
     end start
    Consider adding
     importFrom("stats", "end", "start")
    to your NAMESPACE file.
Flavors: r-devel-linux-x86_64-debian-clang, r-devel-linux-x86_64-debian-gcc, r-devel-linux-x86_64-fedora-clang, r-devel-linux-x86_64-fedora-gcc, r-devel-windows-x86_64-new-UL, r-devel-windows-x86_64-new-TK, r-patched-linux-x86_64, r-release-linux-x86_64, r-release-macos-arm64, r-release-macos-x86_64, r-release-windows-ix86+x86_64, r-oldrel-macos-x86_64, r-oldrel-windows-ix86+x86_64

Version: 2015.4-1
Check: package dependencies
Result: NOTE
    Package which this enhances but not available for checking: ‘TSodbc’
Flavors: r-release-macos-arm64, r-release-macos-x86_64, r-oldrel-macos-x86_64