CRAN Package Check Results for Package TScompare

Last updated on 2016-07-28 10:48:05.

Flavor Version Tinstall Tcheck Ttotal Status Flags
r-devel-linux-x86_64-debian-clang 2015.4-1 1.20 18.39 19.59 NOTE
r-devel-linux-x86_64-debian-gcc 2015.4-1 1.26 16.87 18.12 NOTE
r-devel-linux-x86_64-fedora-clang 2015.4-1 28.24 NOTE
r-devel-linux-x86_64-fedora-gcc 2015.4-1 25.40 NOTE
r-devel-osx-x86_64-clang 2015.4-1 25.01 NOTE
r-devel-windows-ix86+x86_64 2015.4-1 4.00 36.00 40.00 NOTE
r-patched-linux-x86_64 2015.4-1 1.16 18.54 19.70 NOTE
r-patched-solaris-sparc 2015.4-1 161.00 NOTE
r-patched-solaris-x86 2015.4-1 34.10 NOTE
r-release-linux-x86_64 2015.4-1 1.13 17.77 18.90 NOTE
r-release-osx-x86_64-mavericks 2015.4-1 NOTE
r-release-windows-ix86+x86_64 2015.4-1 5.00 47.00 52.00 NOTE
r-oldrel-windows-ix86+x86_64 2015.4-1 5.00 36.00 41.00 OK

Check Details

Version: 2015.4-1
Check: R code for possible problems
Result: NOTE
    tfDetails: no visible global function definition for ‘start’
    tfDetails: no visible global function definition for ‘end’
    Undefined global functions or variables:
     end start
    Consider adding
     importFrom("stats", "end", "start")
    to your NAMESPACE file.
Flavors: r-devel-linux-x86_64-debian-clang, r-devel-linux-x86_64-debian-gcc, r-devel-linux-x86_64-fedora-clang, r-devel-linux-x86_64-fedora-gcc, r-devel-osx-x86_64-clang, r-devel-windows-ix86+x86_64, r-patched-linux-x86_64, r-patched-solaris-sparc, r-patched-solaris-x86, r-release-linux-x86_64, r-release-osx-x86_64-mavericks, r-release-windows-ix86+x86_64

Version: 2015.4-1
Check: package dependencies
Result: NOTE
    Package suggested but not available for checking: ‘TSMySQL’
Flavors: r-patched-solaris-sparc, r-patched-solaris-x86

Version: 2015.4-1
Check: package dependencies
Result: NOTE
    Packages which this enhances but not available for checking:
     ‘TSPostgreSQL’ ‘TSodbc’
Flavor: r-release-osx-x86_64-mavericks