CRAN Package Check Results for Package TScompare

Last updated on 2016-09-28 08:58:00.

Flavor Version Tinstall Tcheck Ttotal Status Flags
r-devel-linux-x86_64-debian-clang 2015.4-1 1.00 15.43 16.44 NOTE
r-devel-linux-x86_64-debian-gcc 2015.4-1 0.97 15.05 16.01 NOTE
r-devel-linux-x86_64-fedora-clang 2015.4-1 27.63 NOTE
r-devel-linux-x86_64-fedora-gcc 2015.4-1 25.21 NOTE
r-devel-macos-x86_64-clang 2015.4-1 23.92 NOTE
r-devel-windows-ix86+x86_64 2015.4-1 4.00 49.00 53.00 NOTE
r-patched-linux-x86_64 2015.4-1 0.90 15.36 16.26 NOTE
r-patched-solaris-sparc 2015.4-1 161.00 NOTE
r-patched-solaris-x86 2015.4-1 34.40 NOTE
r-release-linux-x86_64 2015.4-1 0.94 15.33 16.27 NOTE
r-release-osx-x86_64-mavericks 2015.4-1 NOTE
r-release-windows-ix86+x86_64 2015.4-1 4.00 49.00 53.00 NOTE
r-oldrel-windows-ix86+x86_64 2015.4-1 6.00 45.00 51.00 OK

Check Details

Version: 2015.4-1
Check: R code for possible problems
Result: NOTE
    tfDetails: no visible global function definition for ‘start’
    tfDetails: no visible global function definition for ‘end’
    Undefined global functions or variables:
     end start
    Consider adding
     importFrom("stats", "end", "start")
    to your NAMESPACE file.
Flavors: r-devel-linux-x86_64-debian-clang, r-devel-linux-x86_64-debian-gcc, r-devel-linux-x86_64-fedora-clang, r-devel-linux-x86_64-fedora-gcc, r-devel-macos-x86_64-clang, r-devel-windows-ix86+x86_64, r-patched-linux-x86_64, r-patched-solaris-sparc, r-patched-solaris-x86, r-release-linux-x86_64, r-release-osx-x86_64-mavericks, r-release-windows-ix86+x86_64

Version: 2015.4-1
Check: package dependencies
Result: NOTE
    Package suggested but not available for checking: ‘TSMySQL’
Flavors: r-patched-solaris-sparc, r-patched-solaris-x86

Version: 2015.4-1
Check: package dependencies
Result: NOTE
    Packages which this enhances but not available for checking:
     ‘TSPostgreSQL’ ‘TSodbc’
Flavor: r-release-osx-x86_64-mavericks