CRAN Package Check Results for Package TScompare

Last updated on 2016-02-09 21:47:23.

Flavor Version Tinstall Tcheck Ttotal Status Flags
r-devel-linux-x86_64-debian-gcc 2015.4-1 0.86 13.45 14.31 NOTE
r-devel-linux-x86_64-fedora-clang 2015.4-1 27.56 NOTE
r-devel-linux-x86_64-fedora-gcc 2015.4-1 25.99 NOTE
r-devel-osx-x86_64-clang 2015.4-1 31.48 NOTE
r-devel-windows-ix86+x86_64 2015.4-1 4.00 37.00 41.00 NOTE
r-patched-linux-x86_64 2015.4-1 0.98 14.32 15.30 OK
r-patched-solaris-sparc 2015.4-1 177.90 NOTE
r-patched-solaris-x86 2015.4-1 39.40 NOTE
r-release-linux-x86_64 2015.4-1 0.96 14.52 15.47 OK
r-release-osx-x86_64-mavericks 2015.4-1 NOTE
r-release-windows-ix86+x86_64 2015.4-1 4.00 28.00 32.00 OK
r-oldrel-windows-ix86+x86_64 2015.4-1 7.00 47.00 54.00 NOTE

Check Details

Version: 2015.4-1
Check: R code for possible problems
Result: NOTE
    tfDetails: no visible global function definition for ‘start’
    tfDetails: no visible global function definition for ‘end’
    Undefined global functions or variables:
     end start
    Consider adding
     importFrom("stats", "end", "start")
    to your NAMESPACE file.
Flavors: r-devel-linux-x86_64-debian-gcc, r-devel-linux-x86_64-fedora-clang, r-devel-linux-x86_64-fedora-gcc, r-devel-osx-x86_64-clang, r-devel-windows-ix86+x86_64

Version: 2015.4-1
Check: package dependencies
Result: NOTE
    Package suggested but not available for checking: ‘TSMySQL’
Flavors: r-patched-solaris-sparc, r-patched-solaris-x86, r-oldrel-windows-ix86+x86_64

Version: 2015.4-1
Check: package dependencies
Result: NOTE
    Package which this enhances but not available for checking: ‘TSodbc’
Flavor: r-release-osx-x86_64-mavericks