CRAN Package Check Results for Package TSdata

Last updated on 2016-02-11 17:52:37.

Flavor Version Tinstall Tcheck Ttotal Status Flags
r-devel-linux-x86_64-debian-gcc 2015.4-2 0.52 5.72 6.24 OK --no-vignettes
r-devel-linux-x86_64-fedora-clang 2015.4-2 12.64 OK --no-vignettes
r-devel-linux-x86_64-fedora-gcc 2015.4-2 12.12 OK --no-vignettes
r-devel-osx-x86_64-clang 2015.4-2 9.26 OK --no-vignettes
r-devel-windows-ix86+x86_64 2015.4-2 4.00 11.00 15.00 OK --no-vignettes
r-patched-linux-x86_64 2015.4-2 2.62 6.00 8.63 OK --no-vignettes
r-patched-solaris-sparc 2015.4-2 48.50 NOTE --no-vignettes
r-patched-solaris-x86 2015.4-2 11.00 NOTE --no-vignettes
r-release-linux-x86_64 2015.4-2 0.66 5.92 6.58 OK --no-vignettes
r-release-osx-x86_64-mavericks 2015.4-2 ERROR
r-release-windows-ix86+x86_64 2015.4-2 3.00 8.00 11.00 OK --no-vignettes
r-oldrel-windows-ix86+x86_64 2015.4-2 3.00 12.00 15.00 NOTE --no-vignettes

Check Details

Version: 2015.4-2
Flags: --no-vignettes
Check: package dependencies
Result: NOTE
    Packages suggested but not available for checking: ‘TSMySQL’ ‘RMySQL’
Flavors: r-patched-solaris-sparc, r-patched-solaris-x86

Version: 2015.4-2
Check: package dependencies
Result: NOTE
    Packages suggested but not available for checking: ‘TSodbc’ ‘RODBC’
Flavor: r-release-osx-x86_64-mavericks

Version: 2015.4-2
Check: running R code from vignettes
Result: ERROR
    Errors in running code in vignettes:
    when running code in ‘Guide.Stex’
     ...
    Feb 10, 2016 7:59:56 AM it.bancaditalia.oss.sdmx.client.RestSdmxClient runQuery
    INFO: Contacting web service with query: http://stats.oecd.org/restsdmx/sdmx.ashx//GetData/QNA/CAN.PPPGDP.CARSA.Q?format=compact_v2
    Feb 10, 2016 7:59:56 AM it.bancaditalia.oss.sdmx.client.RestSdmxClient runQuery
    SEVERE: Connection failed. HTTP error code : 404, message: Not Found
    SDMX meaning: No results matching the query.
    
     When sourcing ‘Guide.R’:
    Error: QNA.CAN.PPPGDP.CARSA.Q error: it.bancaditalia.oss.sdmx.util.SdmxException: Connection failed. HTTP error code : 404, message: Not Found
    SDMX meaning: No results matching the query.
    Execution halted
    when running code in ‘GuideAppendix.Stex’
     ...
    
    > options(continue = " ")
    
    > user <- Sys.getenv("MYSQL_USER")
    
    > setup <- RMySQL::dbConnect(RMySQL::MySQL(), dbname = "test")
    
     When sourcing ‘GuideAppendix.R’:
    Error: Failed to connect to database: Error: Can't connect to local MySQL server through socket '/tmp/mysql.sock' (2)
    Execution halted
Flavor: r-release-osx-x86_64-mavericks

Version: 2015.4-2
Check: re-building of vignette outputs
Result: NOTE
    Error in re-building vignettes:
     ...
    Loading required package: TSdbi
    Feb 10, 2016 7:59:59 AM it.bancaditalia.oss.sdmx.util.Configuration init
    INFO: Configuration file: /Builds/CRAN-QA-Simon/packages/mavericks-x86_64/Rlib/3.2/RJSDMX/configuration.properties
    Feb 10, 2016 7:59:59 AM it.bancaditalia.oss.sdmx.client.RestSdmxClient runQuery
    INFO: Contacting web service with query: http://stats.oecd.org/restsdmx/sdmx.ashx//GetDataStructure/QNA
    Feb 10, 2016 8:00:00 AM it.bancaditalia.oss.sdmx.client.RestSdmxClient runQuery
    INFO: Contacting web service with query: http://stats.oecd.org/restsdmx/sdmx.ashx//GetDataStructure/QNA
    Feb 10, 2016 8:00:01 AM it.bancaditalia.oss.sdmx.client.RestSdmxClient runQuery
    INFO: Contacting web service with query: http://stats.oecd.org/restsdmx/sdmx.ashx//GetData/QNA/CAN.PPPGDP.CARSA.Q?format=compact_v2
    Feb 10, 2016 8:00:01 AM it.bancaditalia.oss.sdmx.client.RestSdmxClient runQuery
    SEVERE: Connection failed. HTTP error code : 404, message: Not Found
    SDMX meaning: No results matching the query.
    
    Error: processing vignette 'Guide.Stex' failed with diagnostics:
     chunk 3
    Error in .local(serIDs, con, ...) :
     QNA.CAN.PPPGDP.CARSA.Q error: it.bancaditalia.oss.sdmx.util.SdmxException: Connection failed. HTTP error code : 404, message: Not Found
    SDMX meaning: No results matching the query.
    Execution halted
Flavor: r-release-osx-x86_64-mavericks

Version: 2015.4-2
Flags: --no-vignettes
Check: package dependencies
Result: NOTE
    Package suggested but not available for checking: 'TSMySQL'
Flavor: r-oldrel-windows-ix86+x86_64