CRAN Package Check Results for Package TSdata

Last updated on 2016-09-29 12:48:10.

Flavor Version Tinstall Tcheck Ttotal Status Flags
r-devel-linux-x86_64-debian-clang 2016.8-1 0.58 7.95 8.53 OK --no-vignettes
r-devel-linux-x86_64-debian-gcc 2016.8-1 0.70 8.03 8.74 OK --no-vignettes
r-devel-linux-x86_64-fedora-clang 2016.8-1 14.50 OK --no-vignettes
r-devel-linux-x86_64-fedora-gcc 2016.8-1 13.99 OK --no-vignettes
r-devel-macos-x86_64-clang 2016.8-1 9.11 OK --no-vignettes
r-devel-windows-ix86+x86_64 2016.8-1 2.00 30.00 32.00 OK --no-vignettes
r-patched-linux-x86_64 2016.8-1 0.57 7.62 8.19 OK --no-vignettes
r-patched-solaris-sparc 2016.8-1 69.60 NOTE --no-vignettes
r-patched-solaris-x86 2016.8-1 14.80 NOTE --no-vignettes
r-release-linux-x86_64 2016.8-1 0.59 7.93 8.51 OK --no-vignettes
r-release-osx-x86_64-mavericks 2016.8-1 ERROR
r-release-windows-ix86+x86_64 2016.8-1 4.00 23.00 27.00 OK --no-vignettes
r-oldrel-windows-ix86+x86_64 2016.8-1 7.00 21.00 28.00 OK --no-vignettes

Check Details

Version: 2016.8-1
Flags: --no-vignettes
Check: package dependencies
Result: NOTE
    Packages suggested but not available for checking: ‘TSMySQL’ ‘RMySQL’
Flavors: r-patched-solaris-sparc, r-patched-solaris-x86

Version: 2016.8-1
Flags: --no-vignettes
Check: Rd cross-references
Result: NOTE
    Packages unavailable to check Rd xrefs: ‘TSMySQL’, ‘RMySQL’
Flavors: r-patched-solaris-sparc, r-patched-solaris-x86

Version: 2016.8-1
Check: package dependencies
Result: NOTE
    Packages suggested but not available for checking: ‘TSodbc’ ‘RODBC’
Flavor: r-release-osx-x86_64-mavericks

Version: 2016.8-1
Check: Rd cross-references
Result: NOTE
    Packages unavailable to check Rd xrefs: ‘TSodbc’, ‘RODBC’
Flavor: r-release-osx-x86_64-mavericks

Version: 2016.8-1
Check: running R code from vignettes
Result: ERROR
    Errors in running code in vignettes:
    when running code in ‘Guide.Stex’
     ...
    
    > tfplot(z, title = "EURUSD and GBPUSD open and closing values from pitrading",
    + start = "1995-01-01", par = list(omi = c(0.1, 0.3, 0.1, 0.1),
     .... [TRUNCATED]
    
    > setup <- RMySQL::dbConnect(RMySQL::MySQL(), dbname = "test")
    
     When sourcing ‘Guide.R’:
    Error: Failed to connect to database: Error: Can't connect to local MySQL server through socket '/tmp/mysql.sock' (2)
    Execution halted
    when running code in ‘GuideAppendix.Stex’
     ...
    
    > options(continue = " ")
    
    > user <- Sys.getenv("MYSQL_USER")
    
    > setup <- RMySQL::dbConnect(RMySQL::MySQL(), dbname = "test")
    
     When sourcing ‘GuideAppendix.R’:
    Error: Failed to connect to database: Error: Can't connect to local MySQL server through socket '/tmp/mysql.sock' (2)
    Execution halted
Flavor: r-release-osx-x86_64-mavericks

Version: 2016.8-1
Check: re-building of vignette outputs
Result: NOTE
    Error in re-building vignettes:
     ...
     options("getSymbols.warning4.0"=FALSE). See ?getSymbols for more details.
    Warning in if (as.character(sc[[1]]) != calling.fun) return() :
     the condition has length > 1 and only the first element will be used
    trying URL 'http://www.rba.gov.au/statistics/tables/xls/d03hist.xls'
    Content type 'application/vnd.ms-excel' length 272896 bytes (266 KB)
    ==================================================
    downloaded 266 KB
    
    Wide character in print at /Builds/CRAN-QA-Simon/packages/mavericks-x86_64/Rlib/3.3/gdata/perl/xls2csv.pl line 327.
    Loading required package: xts
    Loading required package: zoo
    
    Attaching package: ‘zoo’
    
    The following objects are masked from ‘package:base’:
    
     as.Date, as.Date.numeric
    
    
    Error: processing vignette 'Guide.Stex' failed with diagnostics:
     chunk 41
    Error in .local(drv, ...) :
     Failed to connect to database: Error: Can't connect to local MySQL server through socket '/tmp/mysql.sock' (2)
    
    Execution halted
Flavor: r-release-osx-x86_64-mavericks