CRAN Package Check Results for Package TSdata

Last updated on 2017-02-28 12:49:51.

Flavor Version Tinstall Tcheck Ttotal Status Flags
r-devel-linux-x86_64-debian-clang 2016.8-1 0.61 8.53 9.14 OK --no-vignettes
r-devel-linux-x86_64-debian-gcc 2016.8-1 0.67 8.52 9.19 OK --no-vignettes
r-devel-linux-x86_64-fedora-clang 2016.8-1 15.56 OK --no-vignettes --no-stop-on-test-error
r-devel-linux-x86_64-fedora-gcc 2016.8-1 14.89 OK --no-vignettes --no-stop-on-test-error
r-devel-macos-x86_64-clang 2016.8-1 10.84 OK --no-vignettes --no-stop-on-test-error
r-devel-windows-ix86+x86_64 2016.8-1 3.00 25.00 28.00 OK --no-vignettes
r-patched-linux-x86_64 2016.8-1 0.60 7.43 8.02 OK --no-vignettes
r-patched-solaris-sparc 2016.8-1 73.90 NOTE --no-vignettes
r-patched-solaris-x86 2016.8-1 16.70 NOTE --no-vignettes
r-release-linux-x86_64 2016.8-1 0.52 7.69 8.21 OK --no-vignettes
r-release-osx-x86_64-mavericks 2016.8-1 ERROR
r-release-windows-ix86+x86_64 2016.8-1 4.00 19.00 23.00 OK --no-vignettes
r-oldrel-windows-ix86+x86_64 2016.8-1 2.00 20.00 22.00 OK --no-vignettes

Check Details

Version: 2016.8-1
Flags: --no-vignettes
Check: package dependencies
Result: NOTE
    Packages suggested but not available for checking: ‘TSMySQL’ ‘RMySQL’
Flavors: r-patched-solaris-sparc, r-patched-solaris-x86

Version: 2016.8-1
Flags: --no-vignettes
Check: Rd cross-references
Result: NOTE
    Packages unavailable to check Rd xrefs: ‘TSMySQL’, ‘RMySQL’
Flavors: r-patched-solaris-sparc, r-patched-solaris-x86

Version: 2016.8-1
Check: package dependencies
Result: NOTE
    Packages suggested but not available for checking: ‘TSodbc’ ‘RODBC’
Flavor: r-release-osx-x86_64-mavericks

Version: 2016.8-1
Check: Rd cross-references
Result: NOTE
    Packages unavailable to check Rd xrefs: ‘TSodbc’, ‘RODBC’
Flavor: r-release-osx-x86_64-mavericks

Version: 2016.8-1
Check: running R code from vignettes
Result: ERROR
    Errors in running code in vignettes:
    when running code in ‘Guide.Stex’
     ...
    INFO: Contacting web service with query: http://ec.europa.eu/eurostat/SDMX/diss-web/rest/datastructure/ESTAT/DSD_ei_nama_q/1.0
    Feb 27, 2017 8:06:05 AM it.bancaditalia.oss.sdmx.client.RestSdmxClient runQuery
    INFO: Contacting web service with query: http://ec.europa.eu/eurostat/SDMX/diss-web/rest/data/ESTAT,ei_nama_q,1.0/Q.MIO-EUR.NSA.CP.NA-P72.IT
    Feb 27, 2017 8:06:06 AM it.bancaditalia.oss.sdmx.client.RestSdmxClient getData
    INFO: The sdmx call returned messages in the footer:
     Message [code=400, severity=Error, url=null, text=[Error caused by the caller due to incorrect or semantically invalid arguments]]
    
     When sourcing ‘Guide.R’:
    Error: ei_nama_q.Q.MIO-EUR.NSA.CP.NA-P72.IT error: it.bancaditalia.oss.sdmx.util.SdmxException: The query: ei_nama_q.Q.MIO-EUR.NSA.CP.NA-P72.IT did not match any time series on the provider.
    Execution halted
    when running code in ‘GuideAppendix.Stex’
     ...
    
    > options(continue = " ")
    
    > user <- Sys.getenv("MYSQL_USER")
    
    > setup <- RMySQL::dbConnect(RMySQL::MySQL(), dbname = "test")
    
     When sourcing ‘GuideAppendix.R’:
    Error: Failed to connect to database: Error: Can't connect to local MySQL server through socket '/tmp/mysql.sock' (2)
    Execution halted
Flavor: r-release-osx-x86_64-mavericks

Version: 2016.8-1
Check: re-building of vignette outputs
Result: NOTE
    Error in re-building vignettes:
     ...
    Feb 27, 2017 8:06:09 AM it.bancaditalia.oss.sdmx.util.Configuration init
    INFO: Configuration file: /Builds/CRAN-QA-Simon/packages/mavericks-x86_64/Rlib/3.3/RJSDMX/configuration.properties
    Feb 27, 2017 8:06:09 AM it.bancaditalia.oss.sdmx.client.RestSdmxClient runQuery
    INFO: Contacting web service with query: http://stats.oecd.org/restsdmx/sdmx.ashx//GetDataStructure/QNA
    Feb 27, 2017 8:06:09 AM it.bancaditalia.oss.sdmx.client.RestSdmxClient runQuery
    INFO: Contacting web service with query: http://stats.oecd.org/restsdmx/sdmx.ashx//GetDataStructure/QNA
    Feb 27, 2017 8:06:10 AM it.bancaditalia.oss.sdmx.client.RestSdmxClient runQuery
    INFO: Contacting web service with query: http://stats.oecd.org/restsdmx/sdmx.ashx//GetData/QNA/CAN.B1_GE.CARSA.Q?format=compact_v2
    Feb 27, 2017 8:06:10 AM it.bancaditalia.oss.sdmx.client.RestSdmxClient runQuery
    INFO: Contacting web service with query: http://stats.oecd.org/restsdmx/sdmx.ashx//GetData/QNA/CAN+USA+MEX.B1_GE.CARSA.Q?format=compact_v2
    Feb 27, 2017 8:06:11 AM it.bancaditalia.oss.sdmx.client.RestSdmxClient runQuery
    INFO: Contacting web service with query: http://ec.europa.eu/eurostat/SDMX/diss-web/rest/dataflow/ESTAT/ei_nama_q/latest
    Feb 27, 2017 8:06:11 AM it.bancaditalia.oss.sdmx.client.RestSdmxClient runQuery
    INFO: Contacting web service with query: http://ec.europa.eu/eurostat/SDMX/diss-web/rest/datastructure/ESTAT/DSD_ei_nama_q/1.0
    Feb 27, 2017 8:06:11 AM it.bancaditalia.oss.sdmx.client.RestSdmxClient runQuery
    INFO: Contacting web service with query: http://ec.europa.eu/eurostat/SDMX/diss-web/rest/data/ESTAT,ei_nama_q,1.0/Q.MIO-EUR.NSA.CP.NA-P72.IT
    Feb 27, 2017 8:06:12 AM it.bancaditalia.oss.sdmx.client.RestSdmxClient getData
    INFO: The sdmx call returned messages in the footer:
     Message [code=400, severity=Error, url=null, text=[Error caused by the caller due to incorrect or semantically invalid arguments]]
    
    Error: processing vignette 'Guide.Stex' failed with diagnostics:
     chunk 5
    Error in .local(serIDs, con, ...) :
     ei_nama_q.Q.MIO-EUR.NSA.CP.NA-P72.IT error: it.bancaditalia.oss.sdmx.util.SdmxException: The query: ei_nama_q.Q.MIO-EUR.NSA.CP.NA-P72.IT did not match any time series on the provider.
    Execution halted
Flavor: r-release-osx-x86_64-mavericks