CRAN Package Check Results for Package TSdata

Last updated on 2022-06-28 07:52:11 CEST.

Flavor Version Tinstall Tcheck Ttotal Status Flags
r-devel-linux-x86_64-debian-clang 2016.8-1 1.41 22.04 23.45 NOTE --no-vignettes
r-devel-linux-x86_64-debian-gcc 2016.8-1 1.24 17.25 18.49 NOTE --no-vignettes
r-devel-linux-x86_64-fedora-clang 2016.8-1 40.97 NOTE --no-vignettes
r-devel-linux-x86_64-fedora-gcc 2016.8-1 40.82 NOTE --no-vignettes
r-devel-windows-x86_64 2016.8-1 11.00 58.00 69.00 OK --no-vignettes
r-patched-linux-x86_64 2016.8-1 1.34 21.60 22.94 NOTE --no-vignettes
r-release-linux-x86_64 2016.8-1 1.41 21.34 22.75 NOTE --no-vignettes
r-release-macos-arm64 2016.8-1 1803.00 NOTE
r-release-macos-x86_64 2016.8-1 54.00 ERROR
r-release-windows-x86_64 2016.8-1 9.00 103.00 112.00 OK --no-vignettes
r-oldrel-macos-arm64 2016.8-1 52.00 ERROR
r-oldrel-macos-x86_64 2016.8-1 49.00 ERROR
r-oldrel-windows-ix86+x86_64 2016.8-1 4.00 33.00 37.00 OK --no-vignettes

Check Details

Version: 2016.8-1
Flags: --no-vignettes
Check: package dependencies
Result: NOTE
    Package suggested but not available for checking: 'TScompare'
Flavors: r-devel-linux-x86_64-debian-clang, r-devel-linux-x86_64-debian-gcc, r-devel-linux-x86_64-fedora-clang, r-devel-linux-x86_64-fedora-gcc, r-patched-linux-x86_64, r-release-linux-x86_64

Version: 2016.8-1
Flags: --no-vignettes
Check: Rd cross-references
Result: NOTE
    Unknown package 'TScompare' in Rd xrefs
Flavors: r-devel-linux-x86_64-debian-clang, r-devel-linux-x86_64-debian-gcc, r-devel-linux-x86_64-fedora-clang, r-devel-linux-x86_64-fedora-gcc, r-patched-linux-x86_64, r-release-linux-x86_64

Version: 2016.8-1
Check: package dependencies
Result: NOTE
    Package suggested but not available for checking: ‘TSodbc’
Flavors: r-release-macos-arm64, r-release-macos-x86_64, r-oldrel-macos-arm64, r-oldrel-macos-x86_64

Version: 2016.8-1
Check: Rd cross-references
Result: NOTE
    Package unavailable to check Rd xrefs: ‘TSodbc’
Flavors: r-release-macos-arm64, r-release-macos-x86_64, r-oldrel-macos-arm64, r-oldrel-macos-x86_64

Version: 2016.8-1
Check: running R code from vignettes
Result: ERROR
    Errors in running code in vignettes:
    when running code in ‘Guide.Stex’
     ...
    > z <- TSget("ei_nama_q.Q.MIO-EUR.NSA.CP.NA-P72.IT",
    + eurostat)
    May 12, 2022 10:52:09 PM it.bancaditalia.oss.sdmx.client.RestSdmxClient runQuery
    INFO: Contacting web service with query: http://ec.europa.eu/eurostat/SDMX/diss-web/rest/dataflow/ESTAT/ei_nama_q/latest
    May 12, 2022 10:52:10 PM it.bancaditalia.oss.sdmx.client.RestSdmxClient runQuery
    SEVERE: Internal Server Error
    
     When sourcing ‘Guide.R’:
    Error: ei_nama_q.Q.MIO-EUR.NSA.CP.NA-P72.IT error: it.bancaditalia.oss.sdmx.exceptions.SdmxResponseException: (500): Error on the provider side.
    Execution halted
    when running code in ‘GuideAppendix.Stex’
     ...
    
    > options(continue = " ")
    
    > user <- Sys.getenv("MYSQL_USER")
    
    > setup <- RMySQL::dbConnect(RMySQL::MySQL(), dbname = "test")
    
     When sourcing ‘GuideAppendix.R’:
    Error: Failed to connect to database: Error: Can't connect to local MySQL server through socket '/tmp/mysql.sock' (2)
    Execution halted
    
     ‘Guide.Stex’... failed
     ‘GuideAppendix.Stex’... failed
     ‘GuideDevel.Stex’... [0s/0s] OK
Flavor: r-release-macos-x86_64

Version: 2016.8-1
Check: re-building of vignette outputs
Result: NOTE
    Error(s) in re-building vignettes:
    --- re-building ‘Guide.Stex’ using Sweave
    Loading required package: TSdbi
    May 12, 2022 10:52:13 PM it.bancaditalia.oss.sdmx.client.RestSdmxClient runQuery
    INFO: Contacting web service with query: https://stats.oecd.org/restsdmx/sdmx.ashx/GetDataStructure/QNA
    May 12, 2022 10:52:17 PM it.bancaditalia.oss.sdmx.client.RestSdmxClient runQuery
    INFO: Contacting web service with query: https://stats.oecd.org/restsdmx/sdmx.ashx/GetDataStructure/QNA
    May 12, 2022 10:52:17 PM it.bancaditalia.oss.sdmx.client.RestSdmxClient runQuery
    INFO: Contacting web service with query: https://stats.oecd.org/restsdmx/sdmx.ashx/GetData/QNA/CAN.B1_GE.CARSA.Q?format=compact_v2
    May 12, 2022 10:52:18 PM it.bancaditalia.oss.sdmx.client.RestSdmxClient runQuery
    INFO: Contacting web service with query: https://stats.oecd.org/restsdmx/sdmx.ashx/GetData/QNA/CAN%2BUSA%2BMEX.B1_GE.CARSA.Q?format=compact_v2
    May 12, 2022 10:52:19 PM it.bancaditalia.oss.sdmx.client.RestSdmxClient runQuery
    INFO: Contacting web service with query: http://ec.europa.eu/eurostat/SDMX/diss-web/rest/dataflow/ESTAT/ei_nama_q/latest
    May 12, 2022 10:52:20 PM it.bancaditalia.oss.sdmx.client.RestSdmxClient runQuery
    SEVERE: Internal Server Error
    
    Error: processing vignette 'Guide.Stex' failed with diagnostics:
     chunk 5
    Error in .local(serIDs, con, ...) :
     ei_nama_q.Q.MIO-EUR.NSA.CP.NA-P72.IT error: it.bancaditalia.oss.sdmx.exceptions.SdmxResponseException: (500): Error on the provider side.
    
    --- failed re-building ‘Guide.Stex’
    
    --- re-building ‘GuideAppendix.Stex’ using Sweave
    
    Error: processing vignette 'GuideAppendix.Stex' failed with diagnostics:
     chunk 3
    Error in .local(drv, ...) :
     Failed to connect to database: Error: Can't connect to local MySQL server through socket '/tmp/mysql.sock' (2)
    
    
    --- failed re-building ‘GuideAppendix.Stex’
    
    --- re-building ‘GuideDevel.Stex’ using Sweave
    --- finished re-building ‘GuideDevel.Stex’
    
    SUMMARY: processing the following files failed:
     ‘Guide.Stex’ ‘GuideAppendix.Stex’
    
    Error: Vignette re-building failed.
    Execution halted
Flavor: r-release-macos-x86_64

Version: 2016.8-1
Check: running R code from vignettes
Result: ERROR
    Errors in running code in vignettes:
    when running code in ‘Guide.Stex’
     ...
    > z <- TSget("ei_nama_q.Q.MIO-EUR.NSA.CP.NA-P72.IT",
    + eurostat)
    Jun 28, 2022 12:42:54 AM it.bancaditalia.oss.sdmx.client.RestSdmxClient runQuery
    INFO: Contacting web service with query: http://ec.europa.eu/eurostat/SDMX/diss-web/rest/dataflow/ESTAT/ei_nama_q/latest
    Jun 28, 2022 12:43:00 AM it.bancaditalia.oss.sdmx.client.RestSdmxClient runQuery
    SEVERE: Internal Server Error
    
     When sourcing ‘Guide.R’:
    Error: ei_nama_q.Q.MIO-EUR.NSA.CP.NA-P72.IT error: it.bancaditalia.oss.sdmx.exceptions.SdmxResponseException: (500): Error on the provider side.
    Execution halted
    when running code in ‘GuideAppendix.Stex’
     ...
    
    > options(continue = " ")
    
    > user <- Sys.getenv("MYSQL_USER")
    
    > setup <- RMySQL::dbConnect(RMySQL::MySQL(), dbname = "test")
    
     When sourcing ‘GuideAppendix.R’:
    Error: Failed to connect to database: Error: Can't connect to local MySQL server through socket '/tmp/mysql.sock' (2)
    Execution halted
    
     ‘Guide.Stex’... failed
     ‘GuideAppendix.Stex’... failed
     ‘GuideDevel.Stex’... [0s/0s] OK
Flavor: r-oldrel-macos-arm64

Version: 2016.8-1
Check: re-building of vignette outputs
Result: NOTE
    Error(s) in re-building vignettes:
    --- re-building ‘Guide.Stex’ using Sweave
    Loading required package: TSdbi
    WARNING: An illegal reflective access operation has occurred
    WARNING: Illegal reflective access by RJavaTools to method java.util.TreeMap$Entry.getKey()
    WARNING: Please consider reporting this to the maintainers of RJavaTools
    WARNING: Use --illegal-access=warn to enable warnings of further illegal reflective access operations
    WARNING: All illegal access operations will be denied in a future release
    Jun 28, 2022 12:43:02 AM it.bancaditalia.oss.sdmx.client.RestSdmxClient runQuery
    INFO: Contacting web service with query: https://stats.oecd.org/restsdmx/sdmx.ashx/GetDataStructure/QNA
    Jun 28, 2022 12:43:07 AM it.bancaditalia.oss.sdmx.client.RestSdmxClient runQuery
    INFO: Contacting web service with query: https://stats.oecd.org/restsdmx/sdmx.ashx/GetDataStructure/QNA
    Jun 28, 2022 12:43:10 AM it.bancaditalia.oss.sdmx.client.RestSdmxClient runQuery
    INFO: Contacting web service with query: https://stats.oecd.org/restsdmx/sdmx.ashx/GetData/QNA/CAN.B1_GE.CARSA.Q?format=compact_v2
    Jun 28, 2022 12:43:11 AM it.bancaditalia.oss.sdmx.client.RestSdmxClient runQuery
    INFO: Contacting web service with query: https://stats.oecd.org/restsdmx/sdmx.ashx/GetData/QNA/CAN%2BUSA%2BMEX.B1_GE.CARSA.Q?format=compact_v2
    Jun 28, 2022 12:43:12 AM it.bancaditalia.oss.sdmx.client.RestSdmxClient runQuery
    INFO: Contacting web service with query: http://ec.europa.eu/eurostat/SDMX/diss-web/rest/dataflow/ESTAT/ei_nama_q/latest
    Jun 28, 2022 12:43:13 AM it.bancaditalia.oss.sdmx.client.RestSdmxClient runQuery
    SEVERE: Internal Server Error
    
    Error: processing vignette 'Guide.Stex' failed with diagnostics:
     chunk 5
    Error in .local(serIDs, con, ...) :
     ei_nama_q.Q.MIO-EUR.NSA.CP.NA-P72.IT error: it.bancaditalia.oss.sdmx.exceptions.SdmxResponseException: (500): Error on the provider side.
    
    --- failed re-building ‘Guide.Stex’
    
    --- re-building ‘GuideAppendix.Stex’ using Sweave
    
    Error: processing vignette 'GuideAppendix.Stex' failed with diagnostics:
     chunk 3
    Error in .local(drv, ...) :
     Failed to connect to database: Error: Can't connect to local MySQL server through socket '/tmp/mysql.sock' (2)
    
    
    --- failed re-building ‘GuideAppendix.Stex’
    
    --- re-building ‘GuideDevel.Stex’ using Sweave
    --- finished re-building ‘GuideDevel.Stex’
    
    SUMMARY: processing the following files failed:
     ‘Guide.Stex’ ‘GuideAppendix.Stex’
    
    Error: Vignette re-building failed.
    Execution halted
Flavor: r-oldrel-macos-arm64

Version: 2016.8-1
Check: running R code from vignettes
Result: ERROR
    Errors in running code in vignettes:
    when running code in ‘Guide.Stex’
     ...
    > z <- TSget("ei_nama_q.Q.MIO-EUR.NSA.CP.NA-P72.IT",
    + eurostat)
    May 12, 2022 7:39:32 PM it.bancaditalia.oss.sdmx.client.RestSdmxClient runQuery
    INFO: Contacting web service with query: http://ec.europa.eu/eurostat/SDMX/diss-web/rest/dataflow/ESTAT/ei_nama_q/latest
    May 12, 2022 7:39:33 PM it.bancaditalia.oss.sdmx.client.RestSdmxClient runQuery
    SEVERE: Internal Server Error
    
     When sourcing ‘Guide.R’:
    Error: ei_nama_q.Q.MIO-EUR.NSA.CP.NA-P72.IT error: it.bancaditalia.oss.sdmx.exceptions.SdmxResponseException: (500): Error on the provider side.
    Execution halted
    when running code in ‘GuideAppendix.Stex’
     ...
    
    > options(continue = " ")
    
    > user <- Sys.getenv("MYSQL_USER")
    
    > setup <- RMySQL::dbConnect(RMySQL::MySQL(), dbname = "test")
    
     When sourcing ‘GuideAppendix.R’:
    Error: Failed to connect to database: Error: Can't connect to local MySQL server through socket '/tmp/mysql.sock' (2)
    Execution halted
    
     ‘Guide.Stex’... failed
     ‘GuideAppendix.Stex’... failed
     ‘GuideDevel.Stex’... [0s/0s] OK
Flavor: r-oldrel-macos-x86_64

Version: 2016.8-1
Check: re-building of vignette outputs
Result: NOTE
    Error(s) in re-building vignettes:
    --- re-building ‘Guide.Stex’ using Sweave
    Loading required package: TSdbi
    May 12, 2022 7:39:37 PM it.bancaditalia.oss.sdmx.client.RestSdmxClient runQuery
    INFO: Contacting web service with query: https://stats.oecd.org/restsdmx/sdmx.ashx/GetDataStructure/QNA
    May 12, 2022 7:39:40 PM it.bancaditalia.oss.sdmx.client.RestSdmxClient runQuery
    INFO: Contacting web service with query: https://stats.oecd.org/restsdmx/sdmx.ashx/GetDataStructure/QNA
    May 12, 2022 7:39:41 PM it.bancaditalia.oss.sdmx.client.RestSdmxClient runQuery
    INFO: Contacting web service with query: https://stats.oecd.org/restsdmx/sdmx.ashx/GetData/QNA/CAN.B1_GE.CARSA.Q?format=compact_v2
    May 12, 2022 7:39:41 PM it.bancaditalia.oss.sdmx.client.RestSdmxClient runQuery
    INFO: Contacting web service with query: https://stats.oecd.org/restsdmx/sdmx.ashx/GetData/QNA/CAN%2BUSA%2BMEX.B1_GE.CARSA.Q?format=compact_v2
    May 12, 2022 7:39:42 PM it.bancaditalia.oss.sdmx.client.RestSdmxClient runQuery
    INFO: Contacting web service with query: http://ec.europa.eu/eurostat/SDMX/diss-web/rest/dataflow/ESTAT/ei_nama_q/latest
    May 12, 2022 7:39:43 PM it.bancaditalia.oss.sdmx.client.RestSdmxClient runQuery
    SEVERE: Internal Server Error
    
    Error: processing vignette 'Guide.Stex' failed with diagnostics:
     chunk 5
    Error in .local(serIDs, con, ...) :
     ei_nama_q.Q.MIO-EUR.NSA.CP.NA-P72.IT error: it.bancaditalia.oss.sdmx.exceptions.SdmxResponseException: (500): Error on the provider side.
    
    --- failed re-building ‘Guide.Stex’
    
    --- re-building ‘GuideAppendix.Stex’ using Sweave
    
    Error: processing vignette 'GuideAppendix.Stex' failed with diagnostics:
     chunk 3
    Error in .local(drv, ...) :
     Failed to connect to database: Error: Can't connect to local MySQL server through socket '/tmp/mysql.sock' (2)
    
    
    --- failed re-building ‘GuideAppendix.Stex’
    
    --- re-building ‘GuideDevel.Stex’ using Sweave
    --- finished re-building ‘GuideDevel.Stex’
    
    SUMMARY: processing the following files failed:
     ‘Guide.Stex’ ‘GuideAppendix.Stex’
    
    Error: Vignette re-building failed.
    Execution halted
Flavor: r-oldrel-macos-x86_64