CRAN Package Check Results for Package TSdata

Last updated on 2015-09-02 16:49:48.

Flavor Version Tinstall Tcheck Ttotal Status Flags
r-devel-linux-x86_64-debian-clang 2015.4-2 0.47 7.34 7.80 OK --no-vignettes
r-devel-linux-x86_64-debian-gcc 2015.4-2 0.47 6.51 6.98 OK --no-vignettes
r-devel-linux-x86_64-fedora-clang 2015.4-2 14.26 OK --no-vignettes
r-devel-linux-x86_64-fedora-gcc 2015.4-2 13.56 OK --no-vignettes
r-devel-osx-x86_64-clang 2015.4-2 8.36 OK --no-vignettes
r-devel-windows-ix86+x86_64 2015.4-2 4.00 17.00 21.00 OK --no-vignettes
r-patched-linux-x86_64 2015.4-2 0.54 6.90 7.44 OK --no-vignettes
r-patched-solaris-sparc 2015.4-2 60.30 NOTE --no-vignettes
r-patched-solaris-x86 2015.4-2 13.60 NOTE --no-vignettes
r-release-linux-x86_64 2015.4-2 0.52 6.90 7.42 OK --no-vignettes
r-release-osx-x86_64-mavericks 2015.4-2 ERROR
r-release-windows-ix86+x86_64 2015.4-2 3.00 9.00 12.00 OK --no-vignettes
r-oldrel-windows-ix86+x86_64 2015.4-2 5.00 13.00 18.00 NOTE --no-vignettes

Check Details

Version: 2015.4-2
Flags: --no-vignettes
Check: package dependencies
Result: NOTE
    Packages suggested but not available for checking: ‘TSMySQL’ ‘RMySQL’
Flavors: r-patched-solaris-sparc, r-patched-solaris-x86

Version: 2015.4-2
Check: package dependencies
Result: NOTE
    Packages suggested but not available for checking: ‘TSodbc’ ‘RODBC’
Flavor: r-release-osx-x86_64-mavericks

Version: 2015.4-2
Check: running R code from vignettes
Result: ERROR
    Errors in running code in vignettes:
    when running code in ‘Guide.Stex’
     ...
    
    > tfplot(z, title = "EURUSD and GBPUSD open and closing values from pitrading",
    + start = "1995-01-01", par = list(omi = c(0.1, 0.3, 0.1, 0.1),
     .... [TRUNCATED]
    
    > setup <- RMySQL::dbConnect(RMySQL::MySQL(), dbname = "test")
    
     When sourcing ‘Guide.R’:
    Error: Failed to connect to database: Error: Can't connect to local MySQL server through socket '/tmp/mysql.sock' (2)
    Execution halted
    when running code in ‘GuideAppendix.Stex’
     ...
    
    > options(continue = " ")
    
    > user <- Sys.getenv("MYSQL_USER")
    
    > setup <- RMySQL::dbConnect(RMySQL::MySQL(), dbname = "test")
    
     When sourcing ‘GuideAppendix.R’:
    Error: Failed to connect to database: Error: Can't connect to local MySQL server through socket '/tmp/mysql.sock' (2)
    Execution halted
Flavor: r-release-osx-x86_64-mavericks

Version: 2015.4-2
Check: re-building of vignette outputs
Result: NOTE
    Error in re-building vignettes:
     ...
    Sep 1, 2015 8:21:19 AM it.bancaditalia.oss.sdmx.util.Configuration init
    INFO: Configuration file: SDMX_CONF
    Sep 1, 2015 8:21:19 AM it.bancaditalia.oss.sdmx.client.RestSdmxClient runQuery
    INFO: Contacting web service with query: http://stats.oecd.org/restsdmx/sdmx.ashx//GetDataStructure/QNA
    Sep 1, 2015 8:21:20 AM it.bancaditalia.oss.sdmx.client.RestSdmxClient runQuery
    INFO: Contacting web service with query: http://stats.oecd.org/restsdmx/sdmx.ashx//GetDataStructure/QNA
    Sep 1, 2015 8:21:22 AM it.bancaditalia.oss.sdmx.client.RestSdmxClient runQuery
    INFO: Contacting web service with query: http://stats.oecd.org/restsdmx/sdmx.ashx//GetData/QNA/CAN.PPPGDP.CARSA.Q?format=compact_v2
    Sep 1, 2015 8:21:22 AM it.bancaditalia.oss.sdmx.client.RestSdmxClient runQuery
    INFO: Contacting web service with query: http://stats.oecd.org/restsdmx/sdmx.ashx//GetData/QNA/CAN+USA+MEX.PPPGDP.CARSA.Q?format=compact_v2
    Sep 1, 2015 8:21:24 AM it.bancaditalia.oss.sdmx.client.RestSdmxClient runQuery
    INFO: Contacting web service with query: http://ec.europa.eu/eurostat/SDMX/diss-web/rest/dataflow/all/ei_nama_q/latest
    Sep 1, 2015 8:21:24 AM it.bancaditalia.oss.sdmx.client.RestSdmxClient runQuery
    INFO: Contacting web service with query: http://ec.europa.eu/eurostat/SDMX/diss-web/rest/datastructure/ESTAT/DSD_ei_nama_q/1.0
    Sep 1, 2015 8:21:24 AM it.bancaditalia.oss.sdmx.client.RestSdmxClient runQuery
    INFO: Contacting web service with query: http://ec.europa.eu/eurostat/SDMX/diss-web/rest/data/ESTAT,ei_nama_q,1.0/Q.MIO-EUR.SWDA.CP.NA-P72.IT
    Sep 1, 2015 8:21:25 AM it.bancaditalia.oss.sdmx.client.RestSdmxClient getTimeSeries
    SEVERE: Exception caught parsing results from call to provider EUROSTAT
    
    Error: processing vignette 'Guide.Stex' failed with diagnostics:
     chunk 5
    Error in .local(serIDs, con, ...) :
     ei_nama_q.Q.MIO-EUR.SWDA.CP.NA-P72.IT error: it.bancaditalia.oss.sdmx.util.SdmxException: Exception. Class: javax.xml.stream.XMLStreamException .Message: ParseError at [row,col]:[1,40]
    Message: Premature end of file.
    Execution halted
Flavor: r-release-osx-x86_64-mavericks

Version: 2015.4-2
Flags: --no-vignettes
Check: package dependencies
Result: NOTE
    Package suggested but not available for checking: 'TSMySQL'
Flavor: r-oldrel-windows-ix86+x86_64