CRAN Package Check Results for Package TSdata

Last updated on 2016-07-25 07:47:27.

Flavor Version Tinstall Tcheck Ttotal Status Flags
r-devel-linux-x86_64-debian-clang 2015.4-2 0.83 7.53 8.36 OK --no-vignettes
r-devel-linux-x86_64-debian-gcc 2015.4-2 0.64 8.47 9.11 OK --no-vignettes
r-devel-linux-x86_64-fedora-clang 2015.4-2 12.75 OK --no-vignettes
r-devel-linux-x86_64-fedora-gcc 2015.4-2 12.16 OK --no-vignettes
r-devel-osx-x86_64-clang 2015.4-2 7.17 OK --no-vignettes
r-devel-windows-ix86+x86_64 2015.4-2 3.00 18.00 21.00 OK --no-vignettes
r-patched-linux-x86_64 2015.4-2 0.70 8.11 8.81 OK --no-vignettes
r-patched-solaris-sparc 2015.4-2 48.90 NOTE --no-vignettes
r-patched-solaris-x86 2015.4-2 10.80 NOTE --no-vignettes
r-release-linux-x86_64 2015.4-2 0.74 7.79 8.54 OK --no-vignettes
r-release-osx-x86_64-mavericks 2015.4-2 ERROR
r-release-windows-ix86+x86_64 2015.4-2 3.00 20.00 23.00 OK --no-vignettes
r-oldrel-windows-ix86+x86_64 2015.4-2 3.00 13.00 16.00 OK --no-vignettes

Check Details

Version: 2015.4-2
Flags: --no-vignettes
Check: package dependencies
Result: NOTE
    Packages suggested but not available for checking: ‘TSMySQL’ ‘RMySQL’
Flavors: r-patched-solaris-sparc, r-patched-solaris-x86

Version: 2015.4-2
Check: package dependencies
Result: NOTE
    Packages suggested but not available for checking:
     ‘TSPostgreSQL’ ‘TSodbc’ ‘RPostgreSQL’ ‘RODBC’
Flavor: r-release-osx-x86_64-mavericks

Version: 2015.4-2
Check: running R code from vignettes
Result: ERROR
    Errors in running code in vignettes:
    when running code in ‘Guide.Stex’
     ...
    May 4, 2016 10:11:34 PM it.bancaditalia.oss.sdmx.client.RestSdmxClient runQuery
    INFO: Contacting web service with query: http://stats.oecd.org/restsdmx/sdmx.ashx//GetData/QNA/CAN.PPPGDP.CARSA.Q?format=compact_v2
    May 4, 2016 10:11:35 PM it.bancaditalia.oss.sdmx.client.RestSdmxClient runQuery
    SEVERE: Connection failed. HTTP error code : 404, message: Not Found
    SDMX meaning: No results matching the query.
    
     When sourcing ‘Guide.R’:
    Error: QNA.CAN.PPPGDP.CARSA.Q error: it.bancaditalia.oss.sdmx.util.SdmxException: Connection failed. HTTP error code : 404, message: Not Found
    SDMX meaning: No results matching the query.
    Execution halted
    when running code in ‘GuideAppendix.Stex’
     ...
    
    > options(continue = " ")
    
    > user <- Sys.getenv("MYSQL_USER")
    
    > setup <- RMySQL::dbConnect(RMySQL::MySQL(), dbname = "test")
    
     When sourcing ‘GuideAppendix.R’:
    Error: Failed to connect to database: Error: Can't connect to local MySQL server through socket '/tmp/mysql.sock' (2)
    Execution halted
Flavor: r-release-osx-x86_64-mavericks

Version: 2015.4-2
Check: re-building of vignette outputs
Result: NOTE
    Error in re-building vignettes:
     ...
    Loading required package: TSdbi
    May 4, 2016 10:11:39 PM it.bancaditalia.oss.sdmx.util.Configuration init
    INFO: Configuration file: /Builds/CRAN-QA-Simon/packages/mavericks-x86_64/Rlib/3.3/RJSDMX/configuration.properties
    May 4, 2016 10:11:39 PM it.bancaditalia.oss.sdmx.client.RestSdmxClient runQuery
    INFO: Contacting web service with query: http://stats.oecd.org/restsdmx/sdmx.ashx//GetDataStructure/QNA
    May 4, 2016 10:11:39 PM it.bancaditalia.oss.sdmx.client.RestSdmxClient runQuery
    INFO: Contacting web service with query: http://stats.oecd.org/restsdmx/sdmx.ashx//GetDataStructure/QNA
    May 4, 2016 10:11:40 PM it.bancaditalia.oss.sdmx.client.RestSdmxClient runQuery
    INFO: Contacting web service with query: http://stats.oecd.org/restsdmx/sdmx.ashx//GetData/QNA/CAN.PPPGDP.CARSA.Q?format=compact_v2
    May 4, 2016 10:11:40 PM it.bancaditalia.oss.sdmx.client.RestSdmxClient runQuery
    SEVERE: Connection failed. HTTP error code : 404, message: Not Found
    SDMX meaning: No results matching the query.
    
    Error: processing vignette 'Guide.Stex' failed with diagnostics:
     chunk 3
    Error in .local(serIDs, con, ...) :
     QNA.CAN.PPPGDP.CARSA.Q error: it.bancaditalia.oss.sdmx.util.SdmxException: Connection failed. HTTP error code : 404, message: Not Found
    SDMX meaning: No results matching the query.
    Execution halted
Flavor: r-release-osx-x86_64-mavericks