CRAN Package Check Results for Package TSdata

Last updated on 2022-01-22 05:10:36 CET.

Flavor Version Tinstall Tcheck Ttotal Status Flags
r-devel-linux-x86_64-debian-clang 2016.8-1 1.44 24.57 26.01 OK --no-vignettes
r-devel-linux-x86_64-debian-gcc 2016.8-1 1.31 19.48 20.79 OK --no-vignettes
r-devel-linux-x86_64-fedora-clang 2016.8-1 33.49 OK --no-vignettes
r-devel-linux-x86_64-fedora-gcc 2016.8-1 23.18 OK --no-vignettes
r-devel-windows-x86_64-new-UL 2016.8-1 14.00 61.00 75.00 OK --no-vignettes
r-devel-windows-x86_64-new-TK 2016.8-1 OK --no-vignettes
r-patched-linux-x86_64 2016.8-1 1.61 24.47 26.08 OK --no-vignettes
r-release-linux-x86_64 2016.8-1 0.99 24.26 25.25 OK --no-vignettes
r-release-macos-arm64 2016.8-1 ERROR
r-release-macos-x86_64 2016.8-1 ERROR
r-release-windows-ix86+x86_64 2016.8-1 4.00 29.00 33.00 OK --no-vignettes
r-oldrel-macos-x86_64 2016.8-1 ERROR
r-oldrel-windows-ix86+x86_64 2016.8-1 4.00 24.00 28.00 OK --no-vignettes

Check Details

Version: 2016.8-1
Check: package dependencies
Result: NOTE
    Package suggested but not available for checking: ‘TSodbc’
Flavors: r-release-macos-arm64, r-release-macos-x86_64, r-oldrel-macos-x86_64

Version: 2016.8-1
Check: Rd cross-references
Result: NOTE
    Package unavailable to check Rd xrefs: ‘TSodbc’
Flavors: r-release-macos-arm64, r-release-macos-x86_64, r-oldrel-macos-x86_64

Version: 2016.8-1
Check: running R code from vignettes
Result: ERROR
    Errors in running code in vignettes:
    when running code in ‘Guide.Stex’
     ...
    > z <- TSget("ei_nama_q.Q.MIO-EUR.NSA.CP.NA-P72.IT",
    + eurostat)
    Jan 17, 2022 1:38:12 AM it.bancaditalia.oss.sdmx.client.RestSdmxClient runQuery
    INFO: Contacting web service with query: http://ec.europa.eu/eurostat/SDMX/diss-web/rest/dataflow/ESTAT/ei_nama_q/latest
    Jan 17, 2022 1:38:13 AM it.bancaditalia.oss.sdmx.client.RestSdmxClient runQuery
    SEVERE: Internal Server Error
    
     When sourcing ‘Guide.R’:
    Error: ei_nama_q.Q.MIO-EUR.NSA.CP.NA-P72.IT error: it.bancaditalia.oss.sdmx.exceptions.SdmxResponseException: (500): Error on the provider side.
    Execution halted
    when running code in ‘GuideAppendix.Stex’
     ...
    
    > options(continue = " ")
    
    > user <- Sys.getenv("MYSQL_USER")
    
    > setup <- RMySQL::dbConnect(RMySQL::MySQL(), dbname = "test")
    
     When sourcing ‘GuideAppendix.R’:
    Error: Failed to connect to database: Error: Can't connect to local MySQL server through socket '/tmp/mysql.sock' (2)
    Execution halted
    
     ‘Guide.Stex’... failed
     ‘GuideAppendix.Stex’... failed
     ‘GuideDevel.Stex’... [0s/0s] OK
Flavor: r-release-macos-arm64

Version: 2016.8-1
Check: re-building of vignette outputs
Result: NOTE
    Error(s) in re-building vignettes:
    --- re-building ‘Guide.Stex’ using Sweave
    Loading required package: TSdbi
    WARNING: An illegal reflective access operation has occurred
    WARNING: Illegal reflective access by RJavaTools to method java.util.TreeMap$Entry.getKey()
    WARNING: Please consider reporting this to the maintainers of RJavaTools
    WARNING: Use --illegal-access=warn to enable warnings of further illegal reflective access operations
    WARNING: All illegal access operations will be denied in a future release
    Jan 17, 2022 1:38:15 AM it.bancaditalia.oss.sdmx.client.RestSdmxClient runQuery
    INFO: Contacting web service with query: https://stats.oecd.org/restsdmx/sdmx.ashx/GetDataStructure/QNA
    Jan 17, 2022 1:38:21 AM it.bancaditalia.oss.sdmx.client.RestSdmxClient runQuery
    INFO: Contacting web service with query: https://stats.oecd.org/restsdmx/sdmx.ashx/GetDataStructure/QNA
    Jan 17, 2022 1:38:24 AM it.bancaditalia.oss.sdmx.client.RestSdmxClient runQuery
    INFO: Contacting web service with query: https://stats.oecd.org/restsdmx/sdmx.ashx/GetData/QNA/CAN.B1_GE.CARSA.Q?format=compact_v2
    Jan 17, 2022 1:38:25 AM it.bancaditalia.oss.sdmx.client.RestSdmxClient runQuery
    INFO: Contacting web service with query: https://stats.oecd.org/restsdmx/sdmx.ashx/GetData/QNA/CAN%2BUSA%2BMEX.B1_GE.CARSA.Q?format=compact_v2
    Jan 17, 2022 1:38:27 AM it.bancaditalia.oss.sdmx.client.RestSdmxClient runQuery
    INFO: Contacting web service with query: http://ec.europa.eu/eurostat/SDMX/diss-web/rest/dataflow/ESTAT/ei_nama_q/latest
    Jan 17, 2022 1:38:27 AM it.bancaditalia.oss.sdmx.client.RestSdmxClient runQuery
    SEVERE: Internal Server Error
    
    Error: processing vignette 'Guide.Stex' failed with diagnostics:
     chunk 5
    Error in .local(serIDs, con, ...) :
     ei_nama_q.Q.MIO-EUR.NSA.CP.NA-P72.IT error: it.bancaditalia.oss.sdmx.exceptions.SdmxResponseException: (500): Error on the provider side.
    
    --- failed re-building ‘Guide.Stex’
    
    --- re-building ‘GuideAppendix.Stex’ using Sweave
    
    Error: processing vignette 'GuideAppendix.Stex' failed with diagnostics:
     chunk 3
    Error in .local(drv, ...) :
     Failed to connect to database: Error: Can't connect to local MySQL server through socket '/tmp/mysql.sock' (2)
    
    
    --- failed re-building ‘GuideAppendix.Stex’
    
    --- re-building ‘GuideDevel.Stex’ using Sweave
    --- finished re-building ‘GuideDevel.Stex’
    
    SUMMARY: processing the following files failed:
     ‘Guide.Stex’ ‘GuideAppendix.Stex’
    
    Error: Vignette re-building failed.
    Execution halted
Flavor: r-release-macos-arm64

Version: 2016.8-1
Check: running R code from vignettes
Result: ERROR
    Errors in running code in vignettes:
    when running code in ‘Guide.Stex’
     ...
    > z <- TSget("ei_nama_q.Q.MIO-EUR.NSA.CP.NA-P72.IT",
    + eurostat)
    May 26, 2021 7:30:39 AM it.bancaditalia.oss.sdmx.client.RestSdmxClient runQuery
    INFO: Contacting web service with query: http://ec.europa.eu/eurostat/SDMX/diss-web/rest/dataflow/ESTAT/ei_nama_q/latest
    May 26, 2021 7:30:40 AM it.bancaditalia.oss.sdmx.client.RestSdmxClient runQuery
    SEVERE: Internal Server Error
    
     When sourcing ‘Guide.R’:
    Error: ei_nama_q.Q.MIO-EUR.NSA.CP.NA-P72.IT error: it.bancaditalia.oss.sdmx.exceptions.SdmxResponseException: (500): Error on the provider side.
    Execution halted
    when running code in ‘GuideAppendix.Stex’
     ...
    
    > options(continue = " ")
    
    > user <- Sys.getenv("MYSQL_USER")
    
    > setup <- RMySQL::dbConnect(RMySQL::MySQL(), dbname = "test")
    
     When sourcing ‘GuideAppendix.R’:
    Error: Failed to connect to database: Error: Can't connect to local MySQL server through socket '/tmp/mysql.sock' (2)
    Execution halted
    
     ‘Guide.Stex’... failed
     ‘GuideAppendix.Stex’... failed
     ‘GuideDevel.Stex’... [0s/0s] OK
Flavor: r-release-macos-x86_64

Version: 2016.8-1
Check: re-building of vignette outputs
Result: NOTE
    Error(s) in re-building vignettes:
    --- re-building ‘Guide.Stex’ using Sweave
    Loading required package: TSdbi
    May 26, 2021 7:30:44 AM it.bancaditalia.oss.sdmx.client.RestSdmxClient runQuery
    INFO: Contacting web service with query: https://stats.oecd.org/restsdmx/sdmx.ashx/GetDataStructure/QNA
    May 26, 2021 7:30:49 AM it.bancaditalia.oss.sdmx.client.RestSdmxClient runQuery
    INFO: Contacting web service with query: https://stats.oecd.org/restsdmx/sdmx.ashx/GetDataStructure/QNA
    May 26, 2021 7:30:52 AM it.bancaditalia.oss.sdmx.client.RestSdmxClient runQuery
    INFO: Contacting web service with query: https://stats.oecd.org/restsdmx/sdmx.ashx/GetData/QNA/CAN.B1_GE.CARSA.Q?format=compact_v2
    May 26, 2021 7:30:54 AM it.bancaditalia.oss.sdmx.client.RestSdmxClient runQuery
    INFO: Contacting web service with query: https://stats.oecd.org/restsdmx/sdmx.ashx/GetData/QNA/CAN%2BUSA%2BMEX.B1_GE.CARSA.Q?format=compact_v2
    May 26, 2021 7:30:55 AM it.bancaditalia.oss.sdmx.client.RestSdmxClient runQuery
    INFO: Contacting web service with query: http://ec.europa.eu/eurostat/SDMX/diss-web/rest/dataflow/ESTAT/ei_nama_q/latest
    May 26, 2021 7:30:56 AM it.bancaditalia.oss.sdmx.client.RestSdmxClient runQuery
    SEVERE: Internal Server Error
    
    Error: processing vignette 'Guide.Stex' failed with diagnostics:
     chunk 5
    Error in .local(serIDs, con, ...) :
     ei_nama_q.Q.MIO-EUR.NSA.CP.NA-P72.IT error: it.bancaditalia.oss.sdmx.exceptions.SdmxResponseException: (500): Error on the provider side.
    
    --- failed re-building ‘Guide.Stex’
    
    --- re-building ‘GuideAppendix.Stex’ using Sweave
    
    Error: processing vignette 'GuideAppendix.Stex' failed with diagnostics:
     chunk 3
    Error in .local(drv, ...) :
     Failed to connect to database: Error: Can't connect to local MySQL server through socket '/tmp/mysql.sock' (2)
    
    
    --- failed re-building ‘GuideAppendix.Stex’
    
    --- re-building ‘GuideDevel.Stex’ using Sweave
    --- finished re-building ‘GuideDevel.Stex’
    
    SUMMARY: processing the following files failed:
     ‘Guide.Stex’ ‘GuideAppendix.Stex’
    
    Error: Vignette re-building failed.
    Execution halted
Flavor: r-release-macos-x86_64

Version: 2016.8-1
Check: running R code from vignettes
Result: ERROR
    Errors in running code in vignettes:
    when running code in ‘Guide.Stex’
     ...
    > z <- TSget("ei_nama_q.Q.MIO-EUR.NSA.CP.NA-P72.IT",
    + eurostat)
    Jul 15, 2020 5:09:43 PM it.bancaditalia.oss.sdmx.client.RestSdmxClient runQuery
    INFO: Contacting web service with query: http://ec.europa.eu/eurostat/SDMX/diss-web/rest/dataflow/ESTAT/ei_nama_q/latest
    Jul 15, 2020 5:09:49 PM it.bancaditalia.oss.sdmx.client.RestSdmxClient runQuery
    SEVERE: Internal Server Error
    
     When sourcing ‘Guide.R’:
    Error: ei_nama_q.Q.MIO-EUR.NSA.CP.NA-P72.IT error: it.bancaditalia.oss.sdmx.exceptions.SdmxResponseException: (500): Error on the provider side.
    Execution halted
    when running code in ‘GuideAppendix.Stex’
     ...
    
    > options(continue = " ")
    
    > user <- Sys.getenv("MYSQL_USER")
    
    > setup <- RMySQL::dbConnect(RMySQL::MySQL(), dbname = "test")
    
     When sourcing ‘GuideAppendix.R’:
    Error: Failed to connect to database: Error: Can't connect to local MySQL server through socket '/tmp/mysql.sock' (2)
    Execution halted
    
     ‘Guide.Stex’... failed
     ‘GuideAppendix.Stex’... failed
     ‘GuideDevel.Stex’... [0s/0s] OK
Flavor: r-oldrel-macos-x86_64

Version: 2016.8-1
Check: re-building of vignette outputs
Result: NOTE
    Error(s) in re-building vignettes:
    --- re-building ‘Guide.Stex’ using Sweave
    
    Error: processing vignette 'Guide.Stex' failed with diagnostics:
     chunk 3
    Error : package ‘TSdbi’ required by ‘TSsdmx’ could not be found
    
    --- failed re-building ‘Guide.Stex’
    
    --- re-building ‘GuideAppendix.Stex’ using Sweave
    
    Error: processing vignette 'GuideAppendix.Stex' failed with diagnostics:
     chunk 3
    Error in .local(drv, ...) :
     Failed to connect to database: Error: Can't connect to local MySQL server through socket '/tmp/mysql.sock' (2)
    
    
    --- failed re-building ‘GuideAppendix.Stex’
    
    --- re-building ‘GuideDevel.Stex’ using Sweave
    --- finished re-building ‘GuideDevel.Stex’
    
    SUMMARY: processing the following files failed:
     ‘Guide.Stex’ ‘GuideAppendix.Stex’
    
    Error: Vignette re-building failed.
    Execution halted
Flavor: r-oldrel-macos-x86_64