CRAN Package Check Results for Package TSdata

Last updated on 2015-04-26 00:47:37.

Flavor Version Tinstall Tcheck Ttotal Status Flags
r-devel-linux-x86_64-debian-clang 2013.9-1 0.82 6.45 7.27 NOTE --no-vignettes
r-devel-linux-x86_64-debian-gcc 2013.9-1 0.80 6.12 6.92 NOTE --no-vignettes
r-devel-linux-x86_64-fedora-clang 2013.9-1 14.80 NOTE --no-vignettes
r-devel-linux-x86_64-fedora-gcc 2013.9-1 14.52 NOTE --no-vignettes
r-devel-osx-x86_64-clang 2013.9-1 11.50 NOTE --no-vignettes
r-devel-windows-ix86+x86_64 2013.9-1 3.00 11.00 14.00 OK --no-vignettes
r-patched-linux-x86_64 2013.9-1 0.78 6.74 7.52 NOTE --no-vignettes
r-patched-solaris-sparc 2013.9-1 56.30 NOTE --no-vignettes
r-patched-solaris-x86 2013.9-1 14.70 NOTE --no-vignettes
r-release-linux-x86_64 2013.9-1 0.78 6.09 6.87 NOTE --no-vignettes
r-release-osx-x86_64-mavericks 2013.9-1 WARN
r-release-osx-x86_64-snowleopard 2013.9-1 WARN
r-release-windows-ix86+x86_64 2013.9-1 3.00 11.00 14.00 OK --no-vignettes
r-oldrel-windows-ix86+x86_64 2013.9-1 3.00 12.00 15.00 NOTE --no-vignettes

Check Details

Version: 2013.9-1
Flags: --no-vignettes
Check: package dependencies
Result: NOTE
    Package suggested but not available for checking: 'TSMySQL'
Flavor: r-oldrel-windows-ix86+x86_64