CRAN Package Check Results for Package TSdata

Last updated on 2015-05-29 17:47:55.

Flavor Version Tinstall Tcheck Ttotal Status Flags
r-devel-linux-x86_64-debian-clang 2015.4-2 0.52 6.75 7.27 OK --no-vignettes
r-devel-linux-x86_64-debian-gcc 2015.4-2 0.51 7.10 7.60 OK --no-vignettes
r-devel-linux-x86_64-fedora-clang 2015.4-2 14.96 OK --no-vignettes
r-devel-linux-x86_64-fedora-gcc 2015.4-2 14.38 OK --no-vignettes
r-devel-osx-x86_64-clang 2015.4-2 10.57 OK --no-vignettes
r-devel-windows-ix86+x86_64 2015.4-2 3.00 11.00 14.00 OK --no-vignettes
r-patched-linux-x86_64 2015.4-2 0.56 7.11 7.67 OK --no-vignettes
r-patched-solaris-sparc 2015.4-2 48.90 NOTE --no-vignettes
r-patched-solaris-x86 2015.4-2 13.20 NOTE --no-vignettes
r-release-linux-x86_64 2015.4-2 0.52 6.86 7.38 OK --no-vignettes
r-release-osx-x86_64-mavericks 2015.4-2 ERROR
r-release-osx-x86_64-snowleopard 2015.4-1 ERROR
r-release-windows-ix86+x86_64 2015.4-2 3.00 12.00 15.00 OK --no-vignettes
r-oldrel-windows-ix86+x86_64 2015.4-2 3.00 10.00 13.00 NOTE --no-vignettes

Check Details

Version: 2015.4-2
Flags: --no-vignettes
Check: package dependencies
Result: NOTE
    Packages suggested but not available for checking: ‘TSMySQL’ ‘RMySQL’
Flavors: r-patched-solaris-sparc, r-patched-solaris-x86

Version: 2015.4-2
Check: package dependencies
Result: NOTE
    Packages suggested but not available for checking: ‘TSodbc’ ‘RODBC’
Flavor: r-release-osx-x86_64-mavericks

Version: 2015.4-2
Check: running R code from vignettes
Result: ERROR
    Errors in running code in vignettes:
    when running code in ‘Guide.Stex’
     ...
    
    > tfplot(z, title = "EURUSD and GBPUSD open and closing values from pitrading",
    + start = "1995-01-01", par = list(omi = c(0.1, 0.3, 0.1, 0.1),
     .... [TRUNCATED]
    
    > setup <- RMySQL::dbConnect(RMySQL::MySQL(), dbname = "test")
    
     When sourcing ‘Guide.R’:
    Error: Failed to connect to database: Error: Can't connect to local MySQL server through socket '/tmp/mysql.sock' (2)
    Execution halted
    when running code in ‘GuideAppendix.Stex’
     ...
    
    > options(continue = " ")
    
    > user <- Sys.getenv("MYSQL_USER")
    
    > setup <- RMySQL::dbConnect(RMySQL::MySQL(), dbname = "test")
    
     When sourcing ‘GuideAppendix.R’:
    Error: Failed to connect to database: Error: Can't connect to local MySQL server through socket '/tmp/mysql.sock' (2)
    Execution halted
Flavor: r-release-osx-x86_64-mavericks

Version: 2015.4-2
Check: re-building of vignette outputs
Result: NOTE
    Error in re-building vignettes:
     ...
     options("getSymbols.warning4.0"=FALSE). See ?getSymbols for more details.
    Warning in if (as.character(sc[[1]]) != calling.fun) return() :
     the condition has length > 1 and only the first element will be used
    trying URL 'http://www.rba.gov.au/statistics/tables/xls/d03hist.xls'
    Content type 'application/vnd.ms-excel' length 270848 bytes (264 KB)
    ==================================================
    downloaded 264 KB
    
    Wide character in print at /Builds/CRAN-QA-Simon/packages/mavericks-x86_64/Rlib/3.2/gdata/perl/xls2csv.pl line 327.
    Loading required package: xts
    Loading required package: zoo
    
    Attaching package: ‘zoo’
    
    The following objects are masked from ‘package:base’:
    
     as.Date, as.Date.numeric
    
    
    Error: processing vignette 'Guide.Stex' failed with diagnostics:
     chunk 41
    Error in .local(drv, ...) :
     Failed to connect to database: Error: Can't connect to local MySQL server through socket '/tmp/mysql.sock' (2)
    
    Execution halted
Flavor: r-release-osx-x86_64-mavericks

Version: 2015.4-1
Check: package dependencies
Result: NOTE
    Package suggested but not available for checking: ‘TSodbc’
Flavor: r-release-osx-x86_64-snowleopard

Version: 2015.4-1
Check: running R code from vignettes
Result: ERROR
    Errors in running code in vignettes:
    when running code in ‘Guide.Stex’
     ...
    
    > tfplot(z, title = "EURUSD and GBPUSD open and closing values from pitrading",
    + start = "1995-01-01", par = list(omi = c(0.1, 0.3, 0.1, 0.1),
     .... [TRUNCATED]
    
    > setup <- RMySQL::dbConnect(RMySQL::MySQL(), dbname = "test")
    
     When sourcing ‘Guide.R’:
    Error: Failed to connect to database: Error: Can't connect to local MySQL server through socket '/tmp/mysql.sock' (2)
    Execution halted
    when running code in ‘GuideAppendix.Stex’
     ...
    
    > options(continue = " ")
    
    > user <- Sys.getenv("MYSQL_USER")
    
    > setup <- RMySQL::dbConnect(RMySQL::MySQL(), dbname = "test")
    
     When sourcing ‘GuideAppendix.R’:
    Error: Failed to connect to database: Error: Can't connect to local MySQL server through socket '/tmp/mysql.sock' (2)
    Execution halted
Flavor: r-release-osx-x86_64-snowleopard

Version: 2015.4-1
Check: re-building of vignette outputs
Result: NOTE
    Error in re-building vignettes:
     ...
     options("getSymbols.warning4.0"=FALSE). See ?getSymbols for more details.
    Warning in if (as.character(sc[[1]]) != calling.fun) return() :
     the condition has length > 1 and only the first element will be used
    trying URL 'http://www.rba.gov.au/statistics/tables/xls/d03hist.xls'
    Content type 'application/vnd.ms-excel' length 266240 bytes (260 KB)
    ==================================================
    downloaded 260 KB
    
    Wide character in print at /Volumes/XT3/Builds/R-dev-web/QA/Simon/packages/snowleopard-x86_64/Rlib/3.2/gdata/perl/xls2csv.pl line 327.
    Loading required package: xts
    Loading required package: zoo
    
    Attaching package: ‘zoo’
    
    The following objects are masked from ‘package:base’:
    
     as.Date, as.Date.numeric
    
    
    Error: processing vignette 'Guide.Stex' failed with diagnostics:
     chunk 41
    Error in .local(drv, ...) :
     Failed to connect to database: Error: Can't connect to local MySQL server through socket '/tmp/mysql.sock' (2)
    
    Execution halted
Flavor: r-release-osx-x86_64-snowleopard

Version: 2015.4-2
Flags: --no-vignettes
Check: package dependencies
Result: NOTE
    Package suggested but not available for checking: 'TSMySQL'
Flavor: r-oldrel-windows-ix86+x86_64