CRAN Package Check Results for Package TSdata

Last updated on 2014-04-23 20:47:24.

Flavor Version Tinstall Tcheck Ttotal Status Flags
r-devel-linux-x86_64-debian-clang 2013.9-1 0.82 3.92 4.75 OK --no-vignettes
r-devel-linux-x86_64-debian-gcc 2013.9-1 0.81 4.12 4.93 OK --no-vignettes
r-devel-linux-x86_64-fedora-clang 2013.9-1 17.24 OK --no-vignettes
r-devel-linux-x86_64-fedora-gcc 2013.9-1 17.29 OK --no-vignettes
r-devel-osx-x86_64-clang 2013.9-1 10.37 NOTE --no-vignettes
r-devel-osx-x86_64-gcc 2013.9-1 WARN
r-devel-windows-ix86+x86_64 2013.9-1 3.00 10.00 13.00 NOTE --no-vignettes
r-patched-linux-x86_64 2013.9-1 0.80 3.85 4.64 OK --no-vignettes
r-patched-solaris-sparc 2013.9-1 54.10 NOTE --no-vignettes
r-patched-solaris-x86 2013.9-1 16.10 NOTE --no-vignettes
r-release-linux-ix86 2013.9-1 2.00 10.00 12.00 OK --no-vignettes
r-release-linux-x86_64 2013.9-1 0.80 3.87 4.67 OK --no-vignettes
r-release-osx-x86_64-mavericks 2013.9-1 ERROR
r-release-windows-ix86+x86_64 2013.9-1 3.00 11.00 14.00 NOTE --no-vignettes
r-oldrel-windows-ix86+x86_64 2013.9-1 3.00 11.00 14.00 NOTE --no-vignettes

Check Details

Version: 2013.9-1
Flags: --no-vignettes
Check: package dependencies
Result: NOTE
    Package suggested but not available for checking: ‘TSMySQL’
Flavors: r-devel-osx-x86_64-clang, r-devel-windows-ix86+x86_64, r-patched-solaris-sparc, r-patched-solaris-x86, r-release-windows-ix86+x86_64, r-oldrel-windows-ix86+x86_64

Version: 2013.9-1
Check: package dependencies
Result: NOTE
    Packages suggested but not available for checking:
     ‘tframePlus’ ‘TSPostgreSQL’ ‘TSMySQL’ ‘TSSQLite’ ‘TSodbc’
     ‘TSgetSymbol’ ‘TShistQuote’ ‘TSfame’ ‘TSxls’ ‘TSzip’ ‘zoo’ ‘tseries’
     ‘its’ ‘TSjson’
Flavor: r-devel-osx-x86_64-gcc

Version: 2013.9-1
Check: running R code from vignettes
Result: WARNING
    Errors in running code in vignettes:
    when running code in ‘Guide.Stex’
     ...
    
    > options(continue = " ")
    
    > library("TShistQuote")
    
     When sourcing ‘Guide.R’:
    Error: there is no package called ‘TShistQuote’
    Execution halted
Flavor: r-devel-osx-x86_64-gcc

Version: 2013.9-1
Check: package dependencies
Result: NOTE
    Packages suggested but not available for checking:
     ‘TSPostgreSQL’ ‘TSMySQL’ ‘TSodbc’
Flavor: r-release-osx-x86_64-mavericks

Version: 2013.9-1
Check: running R code from vignettes
Result: ERROR
    Errors in running code in vignettes:
    when running code in ‘Guide.Stex’
     ...
    Traceback (most recent call last):
     File "/Builds/CRAN-QA-Simon/packages/mavericks-x86_64/Rlib/3.1/TSjson/exec/cansimGet.py", line 146, in <module>
     print(json.JSONEncoder().encode(get(mnem)))
     File "/Builds/CRAN-QA-Simon/packages/mavericks-x86_64/Rlib/3.1/TSjson/exec/cansimGet.py", line 26, in get
     import mechanize, re, csv
    ImportError: No module named mechanize
    
     When sourcing ‘Guide.R’:
    Error: CHAR() can only be applied to a 'CHARSXP', not a 'pairlist'
    Execution halted
Flavor: r-release-osx-x86_64-mavericks