CRAN Package Check Results for Package TSdata

Last updated on 2016-12-10 08:47:57.

Flavor Version Tinstall Tcheck Ttotal Status Flags
r-devel-linux-x86_64-debian-clang 2016.8-1 0.77 8.14 8.91 OK --no-vignettes
r-devel-linux-x86_64-debian-gcc 2016.8-1 0.66 8.14 8.79 OK --no-vignettes
r-devel-linux-x86_64-fedora-clang 2016.8-1 15.54 OK --no-vignettes --no-stop-on-test-error
r-devel-linux-x86_64-fedora-gcc 2016.8-1 14.98 OK --no-vignettes --no-stop-on-test-error
r-devel-macos-x86_64-clang 2016.8-1 10.29 OK --no-vignettes --no-stop-on-test-error
r-devel-windows-ix86+x86_64 2016.8-1 3.00 33.00 36.00 OK --no-vignettes
r-patched-linux-x86_64 2016.8-1 0.55 7.70 8.25 OK --no-vignettes
r-patched-solaris-sparc 2016.8-1 69.60 NOTE --no-vignettes
r-patched-solaris-x86 2016.8-1 15.10 NOTE --no-vignettes
r-release-linux-x86_64 2016.8-1 0.57 7.72 8.29 OK --no-vignettes
r-release-osx-x86_64-mavericks 2016.8-1 ERROR
r-release-windows-ix86+x86_64 2016.8-1 3.00 30.00 33.00 OK --no-vignettes
r-oldrel-windows-ix86+x86_64 2016.8-1 4.00 21.00 25.00 OK --no-vignettes

Check Details

Version: 2016.8-1
Flags: --no-vignettes
Check: package dependencies
Result: NOTE
    Packages suggested but not available for checking: ‘TSMySQL’ ‘RMySQL’
Flavors: r-patched-solaris-sparc, r-patched-solaris-x86

Version: 2016.8-1
Flags: --no-vignettes
Check: Rd cross-references
Result: NOTE
    Packages unavailable to check Rd xrefs: ‘TSMySQL’, ‘RMySQL’
Flavors: r-patched-solaris-sparc, r-patched-solaris-x86

Version: 2016.8-1
Check: package dependencies
Result: NOTE
    Packages suggested but not available for checking: ‘TSodbc’ ‘RODBC’
Flavor: r-release-osx-x86_64-mavericks

Version: 2016.8-1
Check: Rd cross-references
Result: NOTE
    Packages unavailable to check Rd xrefs: ‘TSodbc’, ‘RODBC’
Flavor: r-release-osx-x86_64-mavericks

Version: 2016.8-1
Check: running R code from vignettes
Result: ERROR
    Errors in running code in vignettes:
    when running code in ‘Guide.Stex’
     ...
    INFO: Contacting web service with query: http://ec.europa.eu/eurostat/SDMX/diss-web/rest/datastructure/ESTAT/DSD_ei_nama_q/1.0
    Dec 9, 2016 8:26:11 AM it.bancaditalia.oss.sdmx.client.RestSdmxClient runQuery
    INFO: Contacting web service with query: http://ec.europa.eu/eurostat/SDMX/diss-web/rest/data/ESTAT,ei_nama_q,1.0/Q.MIO-EUR.NSA.CP.NA-P72.IT
    Dec 9, 2016 8:26:12 AM it.bancaditalia.oss.sdmx.client.RestSdmxClient getData
    INFO: The sdmx call returned messages in the footer:
     Message [code=400, severity=Error, url=null, text=[Error caused by the caller due to incorrect or semantically invalid arguments]]
    
     When sourcing ‘Guide.R’:
    Error: ei_nama_q.Q.MIO-EUR.NSA.CP.NA-P72.IT error: it.bancaditalia.oss.sdmx.util.SdmxException: The query: ei_nama_q.Q.MIO-EUR.NSA.CP.NA-P72.IT did not match any time series on the provider.
    Execution halted
    when running code in ‘GuideAppendix.Stex’
     ...
    
    > options(continue = " ")
    
    > user <- Sys.getenv("MYSQL_USER")
    
    > setup <- RMySQL::dbConnect(RMySQL::MySQL(), dbname = "test")
    
     When sourcing ‘GuideAppendix.R’:
    Error: Failed to connect to database: Error: Can't connect to local MySQL server through socket '/tmp/mysql.sock' (2)
    Execution halted
Flavor: r-release-osx-x86_64-mavericks

Version: 2016.8-1
Check: re-building of vignette outputs
Result: NOTE
    Error in re-building vignettes:
     ...
    Dec 9, 2016 8:26:15 AM it.bancaditalia.oss.sdmx.util.Configuration init
    INFO: Configuration file: /Builds/CRAN-QA-Simon/packages/mavericks-x86_64/Rlib/3.3/RJSDMX/configuration.properties
    Dec 9, 2016 8:26:15 AM it.bancaditalia.oss.sdmx.client.RestSdmxClient runQuery
    INFO: Contacting web service with query: http://stats.oecd.org/restsdmx/sdmx.ashx//GetDataStructure/QNA
    Dec 9, 2016 8:26:16 AM it.bancaditalia.oss.sdmx.client.RestSdmxClient runQuery
    INFO: Contacting web service with query: http://stats.oecd.org/restsdmx/sdmx.ashx//GetDataStructure/QNA
    Dec 9, 2016 8:26:16 AM it.bancaditalia.oss.sdmx.client.RestSdmxClient runQuery
    INFO: Contacting web service with query: http://stats.oecd.org/restsdmx/sdmx.ashx//GetData/QNA/CAN.B1_GE.CARSA.Q?format=compact_v2
    Dec 9, 2016 8:26:17 AM it.bancaditalia.oss.sdmx.client.RestSdmxClient runQuery
    INFO: Contacting web service with query: http://stats.oecd.org/restsdmx/sdmx.ashx//GetData/QNA/CAN+USA+MEX.B1_GE.CARSA.Q?format=compact_v2
    Dec 9, 2016 8:26:17 AM it.bancaditalia.oss.sdmx.client.RestSdmxClient runQuery
    INFO: Contacting web service with query: http://ec.europa.eu/eurostat/SDMX/diss-web/rest/dataflow/ESTAT/ei_nama_q/latest
    Dec 9, 2016 8:26:18 AM it.bancaditalia.oss.sdmx.client.RestSdmxClient runQuery
    INFO: Contacting web service with query: http://ec.europa.eu/eurostat/SDMX/diss-web/rest/datastructure/ESTAT/DSD_ei_nama_q/1.0
    Dec 9, 2016 8:26:18 AM it.bancaditalia.oss.sdmx.client.RestSdmxClient runQuery
    INFO: Contacting web service with query: http://ec.europa.eu/eurostat/SDMX/diss-web/rest/data/ESTAT,ei_nama_q,1.0/Q.MIO-EUR.NSA.CP.NA-P72.IT
    Dec 9, 2016 8:26:20 AM it.bancaditalia.oss.sdmx.client.RestSdmxClient getData
    INFO: The sdmx call returned messages in the footer:
     Message [code=400, severity=Error, url=null, text=[Error caused by the caller due to incorrect or semantically invalid arguments]]
    
    Error: processing vignette 'Guide.Stex' failed with diagnostics:
     chunk 5
    Error in .local(serIDs, con, ...) :
     ei_nama_q.Q.MIO-EUR.NSA.CP.NA-P72.IT error: it.bancaditalia.oss.sdmx.util.SdmxException: The query: ei_nama_q.Q.MIO-EUR.NSA.CP.NA-P72.IT did not match any time series on the provider.
    Execution halted
Flavor: r-release-osx-x86_64-mavericks