CRAN Package Check Results for Package TSdata

Last updated on 2015-07-05 14:46:57.

Flavor Version Tinstall Tcheck Ttotal Status Flags
r-devel-linux-x86_64-debian-clang 2015.4-2 0.48 6.74 7.22 OK --no-vignettes
r-devel-linux-x86_64-debian-gcc 2015.4-2 0.48 6.34 6.82 OK --no-vignettes
r-devel-linux-x86_64-fedora-clang 2015.4-2 14.01 OK --no-vignettes
r-devel-linux-x86_64-fedora-gcc 2015.4-2 13.80 OK --no-vignettes
r-devel-osx-x86_64-clang 2015.4-2 9.35 OK --no-vignettes
r-devel-windows-ix86+x86_64 2015.4-2 2.00 11.00 13.00 OK --no-vignettes
r-patched-linux-x86_64 2015.4-2 0.54 6.91 7.45 OK --no-vignettes
r-patched-solaris-sparc 2015.4-2 48.90 NOTE --no-vignettes
r-patched-solaris-x86 2015.4-2 13.20 NOTE --no-vignettes
r-release-linux-x86_64 2015.4-2 0.51 6.63 7.14 OK --no-vignettes
r-release-osx-x86_64-mavericks 2015.4-2 ERROR
r-release-windows-ix86+x86_64 2015.4-2 3.00 11.00 14.00 OK --no-vignettes
r-oldrel-windows-ix86+x86_64 2015.4-2 3.00 13.00 16.00 NOTE --no-vignettes

Check Details

Version: 2015.4-2
Flags: --no-vignettes
Check: package dependencies
Result: NOTE
    Packages suggested but not available for checking: ‘TSMySQL’ ‘RMySQL’
Flavors: r-patched-solaris-sparc, r-patched-solaris-x86

Version: 2015.4-2
Check: package dependencies
Result: NOTE
    Packages suggested but not available for checking: ‘TSodbc’ ‘RODBC’
Flavor: r-release-osx-x86_64-mavericks

Version: 2015.4-2
Check: running R code from vignettes
Result: ERROR
    Errors in running code in vignettes:
    when running code in ‘Guide.Stex’
     ...
    
    > library("TSmisc")
    
    > fred <- TSconnect("getSymbol", dbname = "FRED")
    Warning in if (as.character(sc[[1]]) != calling.fun) return() :
     the condition has length > 1 and only the first element will be used
    
     When sourcing ‘Guide.R’:
    Error: Could not establish TSgetSymbolConnection to FRED
    Execution halted
    when running code in ‘GuideAppendix.Stex’
     ...
    
    > options(continue = " ")
    
    > user <- Sys.getenv("MYSQL_USER")
    
    > setup <- RMySQL::dbConnect(RMySQL::MySQL(), dbname = "test")
    
     When sourcing ‘GuideAppendix.R’:
    Error: Failed to connect to database: Error: Can't connect to local MySQL server through socket '/tmp/mysql.sock' (2)
    Execution halted
Flavor: r-release-osx-x86_64-mavericks

Version: 2015.4-2
Check: re-building of vignette outputs
Result: NOTE
    Error in re-building vignettes:
     ...
     longer object length is not a multiple of shorter object length
    
    Attaching package: ‘TSmisc’
    
    The following object is masked from ‘package:utils’:
    
     zip
    
     As of 0.4-0, ‘getSymbols’ uses env=parent.frame() and
     auto.assign=TRUE by default.
    
     This behavior will be phased out in 0.5-0 when the call will
     default to use auto.assign=FALSE. getOption("getSymbols.env") and
     getOptions("getSymbols.auto.assign") are now checked for alternate defaults
    
     This message is shown once per session and may be disabled by setting
     options("getSymbols.warning4.0"=FALSE). See ?getSymbols for more details.
    Warning in if (as.character(sc[[1]]) != calling.fun) return() :
     the condition has length > 1 and only the first element will be used
    
    Error: processing vignette 'Guide.Stex' failed with diagnostics:
     chunk 19
    Error in TSconnect(dbConnect(get(q, mode = "function")(...), dbname = dbname), :
     Could not establish TSgetSymbolConnection to FRED
    Execution halted
Flavor: r-release-osx-x86_64-mavericks

Version: 2015.4-2
Flags: --no-vignettes
Check: package dependencies
Result: NOTE
    Package suggested but not available for checking: 'TSMySQL'
Flavor: r-oldrel-windows-ix86+x86_64