CRAN Package Check Results for Package TSdbi

Last updated on 2020-10-19 23:49:30 CEST.

Flavor Version Tinstall Tcheck Ttotal Status Flags
r-devel-linux-x86_64-debian-clang 2017.4-1 4.16 34.47 38.63 OK
r-devel-linux-x86_64-debian-gcc 2017.4-1 3.67 26.86 30.53 OK
r-devel-linux-x86_64-fedora-clang 2017.4-1 55.08 NOTE
r-devel-linux-x86_64-fedora-gcc 2017.4-1 46.57 OK
r-devel-windows-ix86+x86_64 2017.4-1 8.00 40.00 48.00 OK
r-patched-linux-x86_64 2017.4-1 4.05 32.88 36.93 OK
r-patched-solaris-x86 2017.4-1 66.70 OK
r-release-linux-x86_64 2017.4-1 4.12 33.09 37.21 OK
r-release-macos-x86_64 2017.4-1 OK
r-release-windows-ix86+x86_64 2017.4-1 10.00 50.00 60.00 OK
r-oldrel-macos-x86_64 2017.4-1 OK
r-oldrel-windows-ix86+x86_64 2017.4-1 6.00 50.00 56.00 OK

Check Details

Version: 2017.4-1
Check: Rd cross-references
Result: NOTE
    Undeclared packages ‘TSSQLite’, ‘TSMySQL’, ‘TSPostgreSQL’ in Rd xrefs
Flavor: r-devel-linux-x86_64-fedora-clang