CRAN Package Check Results for Package TSdbi

Last updated on 2018-06-20 18:47:22 CEST.

Flavor Version Tinstall Tcheck Ttotal Status Flags
r-devel-linux-x86_64-debian-clang 2017.4-1 2.12 31.68 33.80 OK
r-devel-linux-x86_64-debian-gcc 2017.4-1 1.90 24.70 26.60 OK
r-devel-linux-x86_64-fedora-clang 2017.4-1 40.76 OK
r-devel-linux-x86_64-fedora-gcc 2017.4-1 38.45 OK
r-devel-windows-ix86+x86_64 2017.4-1 8.00 46.00 54.00 OK
r-patched-linux-x86_64 2017.4-1 1.96 28.35 30.31 OK
r-patched-solaris-x86 2017.4-1 55.20 OK
r-release-linux-x86_64 2017.4-1 2.58 27.75 30.33 OK
r-release-windows-ix86+x86_64 2017.4-1 6.00 54.00 60.00 OK
r-release-osx-x86_64 2017.4-1 OK
r-oldrel-windows-ix86+x86_64 2017.4-1 7.00 39.00 46.00 OK
r-oldrel-osx-x86_64 2017.4-1 NOTE

Check Details

Version: 2017.4-1
Check: Rd cross-references
Result: NOTE
    Package unavailable to check Rd xrefs: ‘TSPostgreSQL’
Flavor: r-oldrel-osx-x86_64