CRAN Package Check Results for Package TSdbi

Last updated on 2018-08-18 20:47:09 CEST.

Flavor Version Tinstall Tcheck Ttotal Status Flags
r-devel-linux-x86_64-debian-clang 2017.4-1 2.82 31.71 34.53 OK
r-devel-linux-x86_64-debian-gcc 2017.4-1 2.16 25.83 27.99 OK
r-devel-linux-x86_64-fedora-clang 2017.4-1 41.09 OK
r-devel-linux-x86_64-fedora-gcc 2017.4-1 39.83 OK
r-devel-windows-ix86+x86_64 2017.4-1 8.00 55.00 63.00 OK
r-patched-linux-x86_64 2017.4-1 3.00 28.07 31.07 OK
r-patched-solaris-x86 2017.4-1 57.00 OK
r-release-linux-x86_64 2017.4-1 2.53 27.91 30.44 OK
r-release-windows-ix86+x86_64 2017.4-1 8.00 39.00 47.00 OK
r-release-osx-x86_64 2017.4-1 OK
r-oldrel-windows-ix86+x86_64 2017.4-1 5.00 37.00 42.00 OK
r-oldrel-osx-x86_64 2017.4-1 NOTE

Check Details

Version: 2017.4-1
Check: Rd cross-references
Result: NOTE
    Package unavailable to check Rd xrefs: ‘TSPostgreSQL’
Flavor: r-oldrel-osx-x86_64