CRAN Package Check Results for Package TSdbi

Last updated on 2018-10-18 09:51:36 CEST.

Flavor Version Tinstall Tcheck Ttotal Status Flags
r-devel-linux-x86_64-debian-clang 2017.4-1 2.43 32.51 34.94 OK
r-devel-linux-x86_64-debian-gcc 2017.4-1 2.21 26.27 28.48 OK
r-devel-linux-x86_64-fedora-clang 2017.4-1 41.96 OK
r-devel-linux-x86_64-fedora-gcc 2017.4-1 40.20 OK
r-devel-windows-ix86+x86_64 2017.4-1 7.00 42.00 49.00 OK
r-patched-linux-x86_64 2017.4-1 2.74 27.60 30.34 OK
r-patched-solaris-x86 2017.4-1 54.80 OK
r-release-linux-x86_64 2017.4-1 2.04 28.16 30.20 OK
r-release-windows-ix86+x86_64 2017.4-1 6.00 57.00 63.00 OK
r-release-osx-x86_64 2017.4-1 OK
r-oldrel-windows-ix86+x86_64 2017.4-1 4.00 64.00 68.00 OK
r-oldrel-osx-x86_64 2017.4-1 NOTE

Check Details

Version: 2017.4-1
Check: Rd cross-references
Result: NOTE
    Package unavailable to check Rd xrefs: ‘TSPostgreSQL’
Flavor: r-oldrel-osx-x86_64