CRAN Package Check Results for Package TSdbi

Last updated on 2021-04-21 22:53:26 CEST.

Flavor Version Tinstall Tcheck Ttotal Status Flags
r-devel-linux-x86_64-debian-clang 2017.4-1 4.60 37.39 41.99 OK
r-devel-linux-x86_64-debian-gcc 2017.4-1 3.56 29.03 32.59 OK
r-devel-linux-x86_64-fedora-clang 2017.4-1 60.66 NOTE
r-devel-linux-x86_64-fedora-gcc 2017.4-1 50.26 OK
r-devel-windows-ix86+x86_64 2017.4-1 11.00 56.00 67.00 OK
r-devel-windows-x86_64-gcc10-UCRT 2017.4-1 OK
r-patched-linux-x86_64 2017.4-1 4.77 35.86 40.63 WARN
r-patched-solaris-x86 2017.4-1 72.80 OK
r-release-linux-x86_64 2017.4-1 4.36 36.02 40.38 OK
r-release-macos-x86_64 2017.4-1 OK
r-release-windows-ix86+x86_64 2017.4-1 12.00 54.00 66.00 OK
r-oldrel-macos-x86_64 2017.4-1 OK
r-oldrel-windows-ix86+x86_64 2017.4-1 6.00 53.00 59.00 OK

Check Details

Version: 2017.4-1
Check: Rd cross-references
Result: NOTE
    Undeclared packages ‘TSSQLite’, ‘TSMySQL’, ‘TSPostgreSQL’ in Rd xrefs
Flavor: r-devel-linux-x86_64-fedora-clang

Version: 2017.4-1
Check: whether package can be installed
Result: WARN
    Found the following significant warnings:
     Rd warning: /tmp/Rtmp0Ca1If/R.INSTALL1a8380f441/TSdbi/man/TSdates.Rd:56: file link ‘tfend’ in package ‘tframe’ does not exist and so has been treated as a topic
Flavor: r-patched-linux-x86_64