CRAN Package Check Results for Package TSdbi

Last updated on 2020-07-03 22:49:54 CEST.

Flavor Version Tinstall Tcheck Ttotal Status Flags
r-devel-linux-x86_64-debian-clang 2017.4-1 4.26 32.84 37.10 OK
r-devel-linux-x86_64-debian-gcc 2017.4-1 3.87 25.97 29.84 OK
r-devel-linux-x86_64-fedora-clang 2017.4-1 53.91 NOTE
r-devel-linux-x86_64-fedora-gcc 2017.4-1 45.32 OK
r-devel-windows-ix86+x86_64 2017.4-1 15.00 77.00 92.00 OK
r-patched-linux-x86_64 2017.4-1 4.36 32.98 37.34 OK
r-patched-solaris-x86 2017.4-1 66.30 OK
r-release-linux-x86_64 2017.4-1 4.78 33.43 38.21 OK
r-release-osx-x86_64 2017.4-1 OK
r-release-windows-ix86+x86_64 2017.4-1 10.00 42.00 52.00 OK
r-oldrel-osx-x86_64 2017.4-1 OK
r-oldrel-windows-ix86+x86_64 2017.4-1 7.00 59.00 66.00 OK

Check Details

Version: 2017.4-1
Check: Rd cross-references
Result: NOTE
    Undeclared packages ‘TSSQLite’, ‘TSMySQL’, ‘TSPostgreSQL’ in Rd xrefs
Flavor: r-devel-linux-x86_64-fedora-clang