CRAN Package Check Results for Package TSdbi

Last updated on 2017-10-22 07:47:12.

Flavor Version Tinstall Tcheck Ttotal Status Flags
r-devel-linux-x86_64-debian-clang 2017.4-1 1.04 18.28 19.31 OK
r-devel-linux-x86_64-debian-gcc 2017.4-1 1.41 20.18 21.58 OK
r-devel-linux-x86_64-fedora-clang 2017.4-1 34.92 OK
r-devel-linux-x86_64-fedora-gcc 2017.4-1 35.09 OK
r-devel-windows-ix86+x86_64 2017.4-1 4.00 38.00 42.00 OK
r-patched-linux-x86_64 2017.4-1 1.18 18.25 19.43 OK
r-patched-solaris-x86 2017.4-1 49.00 NOTE
r-release-linux-x86_64 2017.4-1 1.24 18.88 20.11 OK
r-release-windows-ix86+x86_64 2017.4-1 5.00 37.00 42.00 OK
r-release-osx-x86_64 2017.4-1 NOTE
r-oldrel-windows-ix86+x86_64 2017.4-1 4.00 48.00 52.00 OK
r-oldrel-osx-x86_64 2017.4-1 OK

Check Details

Version: 2017.4-1
Check: Rd cross-references
Result: NOTE
    Package unavailable to check Rd xrefs: ‘TSMySQL’
Flavor: r-patched-solaris-x86

Version: 2017.4-1
Check: Rd cross-references
Result: NOTE
    Package unavailable to check Rd xrefs: ‘TSPostgreSQL’
Flavor: r-release-osx-x86_64