CRAN Package Check Results for Package TSdbi

Last updated on 2019-04-18 18:50:12 CEST.

Flavor Version Tinstall Tcheck Ttotal Status Flags
r-devel-linux-x86_64-debian-clang 2017.4-1 3.74 29.44 33.18 OK
r-devel-linux-x86_64-debian-gcc 2017.4-1 2.67 23.89 26.56 OK
r-devel-linux-x86_64-fedora-clang 2017.4-1 40.38 OK
r-devel-linux-x86_64-fedora-gcc 2017.4-1 38.99 OK
r-devel-windows-ix86+x86_64 2017.4-1 10.00 44.00 54.00 OK
r-patched-linux-x86_64 2017.4-1 3.12 29.37 32.49 OK
r-patched-solaris-x86 2017.4-1 57.70 OK
r-release-linux-x86_64 2017.4-1 2.73 28.17 30.90 OK
r-release-windows-ix86+x86_64 2017.4-1 5.00 73.00 78.00 OK
r-release-osx-x86_64 2017.4-1 OK
r-oldrel-windows-ix86+x86_64 2017.4-1 3.00 56.00 59.00 OK
r-oldrel-osx-x86_64 2017.4-1 NOTE

Check Details

Version: 2017.4-1
Check: Rd cross-references
Result: NOTE
    Package unavailable to check Rd xrefs: ‘TSPostgreSQL’
Flavor: r-oldrel-osx-x86_64