CRAN Package Check Results for Package TSdbi

Last updated on 2019-02-18 07:50:02 CET.

Flavor Version Tinstall Tcheck Ttotal Status Flags
r-devel-linux-x86_64-debian-clang 2017.4-1 3.14 30.06 33.20 OK
r-devel-linux-x86_64-debian-gcc 2017.4-1 2.37 24.61 26.98 OK
r-devel-linux-x86_64-fedora-clang 2017.4-1 42.77 OK
r-devel-linux-x86_64-fedora-gcc 2017.4-1 39.60 OK
r-devel-windows-ix86+x86_64 2017.4-1 8.00 45.00 53.00 OK
r-patched-linux-x86_64 2017.4-1 2.54 28.08 30.62 OK
r-patched-solaris-x86 2017.4-1 55.60 OK
r-release-linux-x86_64 2017.4-1 OK
r-release-windows-ix86+x86_64 2017.4-1 4.00 60.00 64.00 OK
r-release-osx-x86_64 2017.4-1 OK
r-oldrel-windows-ix86+x86_64 2017.4-1 4.00 56.00 60.00 OK
r-oldrel-osx-x86_64 2017.4-1 NOTE

Check Details

Version: 2017.4-1
Check: Rd cross-references
Result: NOTE
    Package unavailable to check Rd xrefs: ‘TSPostgreSQL’
Flavor: r-oldrel-osx-x86_64