CRAN Package Check Results for Package TSdbi

Last updated on 2017-12-17 02:49:27 CET.

Flavor Version Tinstall Tcheck Ttotal Status Flags
r-devel-linux-x86_64-debian-clang 2017.4-1 1.46 26.48 27.94 OK
r-devel-linux-x86_64-debian-gcc 2017.4-1 1.31 22.32 23.63 OK
r-devel-linux-x86_64-fedora-clang 2017.4-1 34.07 OK
r-devel-linux-x86_64-fedora-gcc 2017.4-1 33.26 OK
r-devel-windows-ix86+x86_64 2017.4-1 4.00 36.00 40.00 OK
r-patched-linux-x86_64 2017.4-1 1.31 26.18 27.49 OK
r-patched-solaris-x86 2017.4-1 46.50 OK
r-release-linux-x86_64 2017.4-1 1.44 25.72 27.16 OK
r-release-windows-ix86+x86_64 2017.4-1 4.00 35.00 39.00 OK
r-release-osx-x86_64 2017.4-1 NOTE
r-oldrel-windows-ix86+x86_64 2017.4-1 6.00 48.00 54.00 OK
r-oldrel-osx-x86_64 2017.4-1 OK

Check Details

Version: 2017.4-1
Check: Rd cross-references
Result: NOTE
    Package unavailable to check Rd xrefs: ‘TSPostgreSQL’
Flavor: r-release-osx-x86_64