CRAN Package Check Results for Package TSdbi

Last updated on 2018-12-17 01:47:11 CET.

Flavor Version Tinstall Tcheck Ttotal Status Flags
r-devel-linux-x86_64-debian-clang 2017.4-1 3.24 25.14 28.38 OK
r-devel-linux-x86_64-debian-gcc 2017.4-1 2.06 20.73 22.79 OK
r-devel-linux-x86_64-fedora-clang 2017.4-1 38.74 OK
r-devel-linux-x86_64-fedora-gcc 2017.4-1 37.40 OK
r-devel-windows-ix86+x86_64 2017.4-1 8.00 53.00 61.00 OK
r-patched-linux-x86_64 2017.4-1 2.06 27.78 29.84 OK
r-patched-solaris-x86 2017.4-1 54.90 OK
r-release-linux-x86_64 2017.4-1 2.33 27.92 30.25 OK
r-release-windows-ix86+x86_64 2017.4-1 4.00 59.00 63.00 OK
r-release-osx-x86_64 2017.4-1 OK
r-oldrel-windows-ix86+x86_64 2017.4-1 6.00 52.00 58.00 OK
r-oldrel-osx-x86_64 2017.4-1 NOTE

Check Details

Version: 2017.4-1
Check: Rd cross-references
Result: NOTE
    Package unavailable to check Rd xrefs: ‘TSPostgreSQL’
Flavor: r-oldrel-osx-x86_64