CRAN Package Check Results for Package TSdbi

Last updated on 2022-01-22 06:49:09 CET.

Flavor Version Tinstall Tcheck Ttotal Status Flags
r-devel-linux-x86_64-debian-clang 2017.4-1 3.67 43.01 46.68 OK
r-devel-linux-x86_64-debian-gcc 2017.4-1 3.64 33.58 37.22 OK
r-devel-linux-x86_64-fedora-clang 2017.4-1 59.26 NOTE
r-devel-linux-x86_64-fedora-gcc 2017.4-1 49.23 OK
r-devel-windows-x86_64-new-UL 2017.4-1 31.00 90.00 121.00 OK
r-devel-windows-x86_64-new-TK 2017.4-1 OK
r-patched-linux-x86_64 2017.4-1 4.88 40.92 45.80 OK
r-release-linux-x86_64 2017.4-1 4.89 41.24 46.13 OK
r-release-macos-arm64 2017.4-1 OK
r-release-macos-x86_64 2017.4-1 OK
r-release-windows-ix86+x86_64 2017.4-1 11.00 54.00 65.00 OK
r-oldrel-macos-x86_64 2017.4-1 OK
r-oldrel-windows-ix86+x86_64 2017.4-1 12.00 54.00 66.00 OK

Check Details

Version: 2017.4-1
Check: Rd cross-references
Result: NOTE
    Undeclared packages ‘TSSQLite’, ‘TSMySQL’, ‘TSPostgreSQL’ in Rd xrefs
Flavor: r-devel-linux-x86_64-fedora-clang