CRAN Package Check Results for Package TSfame

Last updated on 2016-09-30 06:47:51.

Flavor Version Tinstall Tcheck Ttotal Status Flags
r-devel-linux-x86_64-debian-clang 2015.4-1 2.03 27.15 29.18 NOTE
r-devel-linux-x86_64-debian-gcc 2015.4-1 2.03 26.37 28.40 NOTE
r-devel-linux-x86_64-fedora-clang 2015.4-1 52.97 NOTE
r-devel-linux-x86_64-fedora-gcc 2015.4-1 47.68 NOTE
r-devel-macos-x86_64-clang 2015.4-1 40.77 NOTE
r-devel-windows-ix86+x86_64 2015.4-1 7.00 65.00 72.00 NOTE
r-patched-linux-x86_64 2015.4-1 2.00 26.23 28.23 NOTE
r-patched-solaris-sparc 2015.4-1 316.10 NOTE
r-patched-solaris-x86 2015.4-1 63.70 NOTE
r-release-linux-x86_64 2015.4-1 2.04 26.41 28.45 NOTE
r-release-osx-x86_64-mavericks 2015.4-1 NOTE
r-release-windows-ix86+x86_64 2015.4-1 6.00 49.00 55.00 NOTE
r-oldrel-windows-ix86+x86_64 2015.4-1 11.00 68.00 79.00 NOTE

Check Details

Version: 2015.4-1
Check: R code for possible problems
Result: NOTE
    vintageMap: no visible global function definition for ‘read.table’
    TSget,character-TSfameLocalConnection: no visible global function
     definition for ‘as.ts’
    TSget,character-TSfameLocalConnection: no visible global function
     definition for ‘zoo’
    TSget,character-TSfameLocalConnection: no visible global function
     definition for ‘frequency’
    TSget,character-TSfameServerConnection: no visible global function
     definition for ‘as.ts’
    TSget,character-TSfameServerConnection: no visible global function
     definition for ‘zoo’
    TSget,character-TSfameServerConnection: no visible global function
     definition for ‘frequency’
    Undefined global functions or variables:
     as.ts frequency read.table zoo
    Consider adding
     importFrom("stats", "as.ts", "frequency")
     importFrom("utils", "read.table")
    to your NAMESPACE file.
Flavors: r-devel-linux-x86_64-debian-clang, r-devel-linux-x86_64-debian-gcc, r-devel-linux-x86_64-fedora-clang, r-devel-linux-x86_64-fedora-gcc, r-devel-macos-x86_64-clang, r-devel-windows-ix86+x86_64, r-patched-linux-x86_64, r-patched-solaris-sparc, r-patched-solaris-x86, r-release-linux-x86_64, r-release-osx-x86_64-mavericks, r-release-windows-ix86+x86_64

Version: 2015.4-1
Check: R code for possible problems
Result: NOTE
    TSget,character-TSfameLocalConnection : .local: no visible global
     function definition for 'zoo'
    TSget,character-TSfameServerConnection : .local: no visible global
     function definition for 'zoo'
Flavor: r-oldrel-windows-ix86+x86_64