CRAN Package Check Results for Package TSfame

Last updated on 2016-06-29 05:48:55.

Flavor Version Tinstall Tcheck Ttotal Status Flags
r-devel-linux-x86_64-debian-gcc 2015.4-1 2.23 27.43 29.66 NOTE
r-devel-linux-x86_64-fedora-clang 2015.4-1 53.41 NOTE
r-devel-linux-x86_64-fedora-gcc 2015.4-1 49.62 NOTE
r-devel-osx-x86_64-clang 2015.4-1 44.60 NOTE
r-devel-windows-ix86+x86_64 2015.4-1 6.00 52.00 58.00 NOTE
r-patched-linux-x86_64 2015.4-1 2.12 25.22 27.34 NOTE
r-patched-solaris-sparc 2015.4-1 316.10 NOTE
r-patched-solaris-x86 2015.4-1 65.40 NOTE
r-release-linux-x86_64 2015.4-1 2.04 25.54 27.58 NOTE
r-release-osx-x86_64-mavericks 2015.4-1 NOTE
r-release-windows-ix86+x86_64 2015.4-1 9.00 50.00 59.00 NOTE
r-oldrel-windows-ix86+x86_64 2015.4-1 9.00 50.00 59.00 NOTE

Check Details

Version: 2015.4-1
Check: R code for possible problems
Result: NOTE
    vintageMap: no visible global function definition for ‘read.table’
    TSget,character-TSfameLocalConnection: no visible global function
     definition for ‘as.ts’
    TSget,character-TSfameLocalConnection: no visible global function
     definition for ‘zoo’
    TSget,character-TSfameLocalConnection: no visible global function
     definition for ‘frequency’
    TSget,character-TSfameServerConnection: no visible global function
     definition for ‘as.ts’
    TSget,character-TSfameServerConnection: no visible global function
     definition for ‘zoo’
    TSget,character-TSfameServerConnection: no visible global function
     definition for ‘frequency’
    Undefined global functions or variables:
     as.ts frequency read.table zoo
    Consider adding
     importFrom("stats", "as.ts", "frequency")
     importFrom("utils", "read.table")
    to your NAMESPACE file.
Flavors: r-devel-linux-x86_64-debian-gcc, r-devel-linux-x86_64-fedora-clang, r-devel-linux-x86_64-fedora-gcc, r-devel-osx-x86_64-clang, r-devel-windows-ix86+x86_64, r-patched-linux-x86_64, r-patched-solaris-sparc, r-patched-solaris-x86, r-release-linux-x86_64, r-release-osx-x86_64-mavericks, r-release-windows-ix86+x86_64

Version: 2015.4-1
Check: R code for possible problems
Result: NOTE
    TSget,character-TSfameLocalConnection : .local: no visible global
     function definition for 'zoo'
    TSget,character-TSfameServerConnection : .local: no visible global
     function definition for 'zoo'
Flavor: r-oldrel-windows-ix86+x86_64