CRAN Package Check Results for Package TSfame

Last updated on 2021-01-18 23:49:48 CET.

Flavor Version Tinstall Tcheck Ttotal Status Flags
r-devel-linux-x86_64-debian-clang 2015.4-1 5.78 56.32 62.10 NOTE
r-devel-linux-x86_64-debian-gcc 2015.4-1 5.03 43.56 48.59 NOTE
r-devel-linux-x86_64-fedora-clang 2015.4-1 86.71 NOTE
r-devel-linux-x86_64-fedora-gcc 2015.4-1 74.93 NOTE
r-devel-windows-ix86+x86_64 2015.4-1 12.00 57.00 69.00 NOTE
r-patched-linux-x86_64 2015.4-1 6.75 53.70 60.45 NOTE
r-patched-solaris-x86 2015.4-1 106.60 NOTE
r-release-linux-x86_64 2015.4-1 5.82 54.05 59.87 NOTE
r-release-macos-x86_64 2015.4-1 NOTE
r-release-windows-ix86+x86_64 2015.4-1 11.00 57.00 68.00 NOTE
r-oldrel-macos-x86_64 2015.4-1 NOTE
r-oldrel-windows-ix86+x86_64 2015.4-1 7.00 53.00 60.00 NOTE

Check Details

Version: 2015.4-1
Check: R code for possible problems
Result: NOTE
    vintageMap: no visible global function definition for 'read.table'
    TSget,character-TSfameLocalConnection: no visible global function
     definition for 'as.ts'
    TSget,character-TSfameLocalConnection: no visible global function
     definition for 'zoo'
    TSget,character-TSfameLocalConnection: no visible global function
     definition for 'frequency'
    TSget,character-TSfameServerConnection: no visible global function
     definition for 'as.ts'
    TSget,character-TSfameServerConnection: no visible global function
     definition for 'zoo'
    TSget,character-TSfameServerConnection: no visible global function
     definition for 'frequency'
    Undefined global functions or variables:
     as.ts frequency read.table zoo
    Consider adding
     importFrom("stats", "as.ts", "frequency")
     importFrom("utils", "read.table")
    to your NAMESPACE file.
Flavors: r-devel-linux-x86_64-debian-clang, r-devel-linux-x86_64-debian-gcc, r-devel-linux-x86_64-fedora-clang, r-devel-linux-x86_64-fedora-gcc, r-devel-windows-ix86+x86_64, r-patched-linux-x86_64, r-patched-solaris-x86, r-release-linux-x86_64, r-release-macos-x86_64, r-release-windows-ix86+x86_64, r-oldrel-macos-x86_64, r-oldrel-windows-ix86+x86_64