CRAN Package Check Results for Package TSfame

Last updated on 2020-04-08 10:47:33 CEST.

Flavor Version Tinstall Tcheck Ttotal Status Flags
r-devel-linux-x86_64-debian-clang 2015.4-1 7.03 51.57 58.60 NOTE
r-devel-linux-x86_64-debian-gcc 2015.4-1 4.93 39.97 44.90 NOTE
r-devel-linux-x86_64-fedora-clang 2015.4-1 69.78 NOTE
r-devel-linux-x86_64-fedora-gcc 2015.4-1 69.98 NOTE
r-devel-windows-ix86+x86_64 2015.4-1 12.00 93.00 105.00 NOTE
r-devel-windows-ix86+x86_64-gcc8 2015.4-1 13.00 65.00 78.00 NOTE
r-patched-linux-x86_64 2015.4-1 5.93 50.27 56.20 NOTE
r-patched-solaris-x86 2015.4-1 104.50 NOTE
r-release-linux-x86_64 2015.4-1 5.65 45.86 51.51 NOTE
r-release-windows-ix86+x86_64 2015.4-1 12.00 102.00 114.00 NOTE
r-release-osx-x86_64 2015.4-1 NOTE
r-oldrel-windows-ix86+x86_64 2015.4-1 11.00 86.00 97.00 NOTE
r-oldrel-osx-x86_64 2015.4-1 NOTE

Check Details

Version: 2015.4-1
Check: R code for possible problems
Result: NOTE
    vintageMap: no visible global function definition for 'read.table'
    TSget,character-TSfameLocalConnection: no visible global function
     definition for 'as.ts'
    TSget,character-TSfameLocalConnection: no visible global function
     definition for 'zoo'
    TSget,character-TSfameLocalConnection: no visible global function
     definition for 'frequency'
    TSget,character-TSfameServerConnection: no visible global function
     definition for 'as.ts'
    TSget,character-TSfameServerConnection: no visible global function
     definition for 'zoo'
    TSget,character-TSfameServerConnection: no visible global function
     definition for 'frequency'
    Undefined global functions or variables:
     as.ts frequency read.table zoo
    Consider adding
     importFrom("stats", "as.ts", "frequency")
     importFrom("utils", "read.table")
    to your NAMESPACE file.
Flavors: r-devel-linux-x86_64-debian-clang, r-devel-linux-x86_64-debian-gcc, r-devel-linux-x86_64-fedora-clang, r-devel-linux-x86_64-fedora-gcc, r-devel-windows-ix86+x86_64, r-devel-windows-ix86+x86_64-gcc8, r-patched-linux-x86_64, r-patched-solaris-x86, r-release-linux-x86_64, r-release-windows-ix86+x86_64, r-release-osx-x86_64, r-oldrel-windows-ix86+x86_64, r-oldrel-osx-x86_64