CRAN Package Check Results for Package TSfame

Last updated on 2017-10-17 03:49:08.

Flavor Version Tinstall Tcheck Ttotal Status Flags
r-devel-linux-x86_64-debian-clang 2015.4-1 2.24 30.00 32.24 NOTE
r-devel-linux-x86_64-debian-gcc 2015.4-1 2.82 31.64 34.46 NOTE
r-devel-linux-x86_64-fedora-clang 2015.4-1 60.62 NOTE
r-devel-linux-x86_64-fedora-gcc 2015.4-1 60.58 NOTE
r-devel-windows-ix86+x86_64 2015.4-1 6.00 56.00 62.00 NOTE
r-patched-linux-x86_64 2015.4-1 2.15 29.70 31.85 NOTE
r-patched-solaris-x86 2015.4-1 75.00 NOTE
r-release-linux-x86_64 2015.4-1 2.23 30.16 32.40 NOTE
r-release-windows-ix86+x86_64 2015.4-1 11.00 74.00 85.00 NOTE
r-release-osx-x86_64 2015.4-1 NOTE
r-oldrel-windows-ix86+x86_64 2015.4-1 9.00 74.00 83.00 NOTE
r-oldrel-osx-x86_64 2015.4-1 NOTE

Check Details

Version: 2015.4-1
Check: R code for possible problems
Result: NOTE
    vintageMap: no visible global function definition for ‘read.table’
    TSget,character-TSfameLocalConnection: no visible global function
     definition for ‘as.ts’
    TSget,character-TSfameLocalConnection: no visible global function
     definition for ‘zoo’
    TSget,character-TSfameLocalConnection: no visible global function
     definition for ‘frequency’
    TSget,character-TSfameServerConnection: no visible global function
     definition for ‘as.ts’
    TSget,character-TSfameServerConnection: no visible global function
     definition for ‘zoo’
    TSget,character-TSfameServerConnection: no visible global function
     definition for ‘frequency’
    Undefined global functions or variables:
     as.ts frequency read.table zoo
    Consider adding
     importFrom("stats", "as.ts", "frequency")
     importFrom("utils", "read.table")
    to your NAMESPACE file.
Flavors: r-devel-linux-x86_64-debian-clang, r-devel-linux-x86_64-debian-gcc, r-devel-linux-x86_64-fedora-clang, r-devel-linux-x86_64-fedora-gcc, r-devel-windows-ix86+x86_64, r-patched-linux-x86_64, r-patched-solaris-x86, r-release-linux-x86_64, r-release-windows-ix86+x86_64, r-release-osx-x86_64, r-oldrel-windows-ix86+x86_64, r-oldrel-osx-x86_64