CRAN Package Check Results for Package TSfame

Last updated on 2016-12-04 12:48:12.

Flavor Version Tinstall Tcheck Ttotal Status Flags
r-devel-linux-x86_64-debian-clang 2015.4-1 2.23 28.81 31.04 NOTE
r-devel-linux-x86_64-debian-gcc 2015.4-1 2.20 28.81 31.01 NOTE
r-devel-linux-x86_64-fedora-clang 2015.4-1 63.69 NOTE --no-stop-on-test-error
r-devel-linux-x86_64-fedora-gcc 2015.4-1 58.51 NOTE
r-devel-macos-x86_64-clang 2015.4-1 48.45 NOTE
r-devel-windows-ix86+x86_64 2015.4-1 6.00 52.00 58.00 NOTE
r-patched-linux-x86_64 2015.4-1 2.00 25.72 27.72 NOTE
r-patched-solaris-sparc 2015.4-1 316.10 NOTE
r-patched-solaris-x86 2015.4-1 63.00 NOTE
r-release-linux-x86_64 2015.4-1 2.05 25.67 27.72 NOTE
r-release-osx-x86_64-mavericks 2015.4-1 NOTE
r-release-windows-ix86+x86_64 2015.4-1 9.00 52.00 61.00 NOTE
r-oldrel-windows-ix86+x86_64 2015.4-1 6.00 54.00 60.00 NOTE

Check Details

Version: 2015.4-1
Check: R code for possible problems
Result: NOTE
    vintageMap: no visible global function definition for ‘read.table’
    TSget,character-TSfameLocalConnection: no visible global function
     definition for ‘as.ts’
    TSget,character-TSfameLocalConnection: no visible global function
     definition for ‘zoo’
    TSget,character-TSfameLocalConnection: no visible global function
     definition for ‘frequency’
    TSget,character-TSfameServerConnection: no visible global function
     definition for ‘as.ts’
    TSget,character-TSfameServerConnection: no visible global function
     definition for ‘zoo’
    TSget,character-TSfameServerConnection: no visible global function
     definition for ‘frequency’
    Undefined global functions or variables:
     as.ts frequency read.table zoo
    Consider adding
     importFrom("stats", "as.ts", "frequency")
     importFrom("utils", "read.table")
    to your NAMESPACE file.
Flavors: r-devel-linux-x86_64-debian-clang, r-devel-linux-x86_64-debian-gcc, r-devel-linux-x86_64-fedora-gcc, r-devel-macos-x86_64-clang, r-devel-windows-ix86+x86_64, r-patched-linux-x86_64, r-patched-solaris-sparc, r-patched-solaris-x86, r-release-linux-x86_64, r-release-osx-x86_64-mavericks, r-release-windows-ix86+x86_64

Version: 2015.4-1
Flags: --no-stop-on-test-error
Check: R code for possible problems
Result: NOTE
    vintageMap: no visible global function definition for ‘read.table’
    TSget,character-TSfameLocalConnection: no visible global function
     definition for ‘as.ts’
    TSget,character-TSfameLocalConnection: no visible global function
     definition for ‘zoo’
    TSget,character-TSfameLocalConnection: no visible global function
     definition for ‘frequency’
    TSget,character-TSfameServerConnection: no visible global function
     definition for ‘as.ts’
    TSget,character-TSfameServerConnection: no visible global function
     definition for ‘zoo’
    TSget,character-TSfameServerConnection: no visible global function
     definition for ‘frequency’
    Undefined global functions or variables:
     as.ts frequency read.table zoo
    Consider adding
     importFrom("stats", "as.ts", "frequency")
     importFrom("utils", "read.table")
    to your NAMESPACE file.
Flavor: r-devel-linux-x86_64-fedora-clang

Version: 2015.4-1
Check: R code for possible problems
Result: NOTE
    TSget,character-TSfameLocalConnection : .local: no visible global
     function definition for 'zoo'
    TSget,character-TSfameServerConnection : .local: no visible global
     function definition for 'zoo'
Flavor: r-oldrel-windows-ix86+x86_64