CRAN Package Check Results for Package TSfame

Last updated on 2015-07-03 09:47:23.

Flavor Version Tinstall Tcheck Ttotal Status Flags
r-devel-linux-x86_64-debian-clang 2015.4-1 2.46 27.25 29.71 NOTE
r-devel-linux-x86_64-debian-gcc 2015.4-1 2.13 25.96 28.09 NOTE
r-devel-linux-x86_64-fedora-clang 2015.4-1 59.57 NOTE
r-devel-linux-x86_64-fedora-gcc 2015.4-1 57.57 NOTE
r-devel-osx-x86_64-clang 2015.4-1 56.86 OK
r-devel-windows-ix86+x86_64 2015.4-1 6.00 42.00 48.00 NOTE
r-patched-linux-x86_64 2015.4-1 2.08 26.25 28.34 OK
r-patched-solaris-sparc 2015.4-1 363.70 OK
r-patched-solaris-x86 2015.4-1 76.00 OK
r-release-linux-x86_64 2015.4-1 2.29 26.77 29.06 OK
r-release-osx-x86_64-mavericks 2015.4-1 OK
r-release-windows-ix86+x86_64 2015.4-1 6.00 41.00 47.00 OK
r-oldrel-windows-ix86+x86_64 2015.4-1 10.00 85.00 95.00 OK

Check Details

Version: 2015.4-1
Check: R code for possible problems
Result: NOTE
    vintageMap: no visible global function definition for ‘read.table’
    Undefined global functions or variables:
     read.table
Flavors: r-devel-linux-x86_64-debian-clang, r-devel-linux-x86_64-debian-gcc, r-devel-linux-x86_64-fedora-clang, r-devel-linux-x86_64-fedora-gcc, r-devel-windows-ix86+x86_64