CRAN Package Check Results for Package TSfame

Last updated on 2017-02-25 08:49:50.

Flavor Version Tinstall Tcheck Ttotal Status Flags
r-devel-linux-x86_64-debian-clang 2015.4-1 2.20 28.60 30.80 NOTE
r-devel-linux-x86_64-debian-gcc 2015.4-1 2.17 29.10 31.26 NOTE
r-devel-linux-x86_64-fedora-clang 2015.4-1 56.75 NOTE --no-stop-on-test-error
r-devel-linux-x86_64-fedora-gcc 2015.4-1 55.46 NOTE --no-stop-on-test-error
r-devel-macos-x86_64-clang 2015.4-1 47.09 NOTE --no-stop-on-test-error
r-devel-windows-ix86+x86_64 2015.4-1 8.00 79.00 87.00 NOTE
r-patched-linux-x86_64 2015.4-1 2.02 25.94 27.95 NOTE
r-patched-solaris-sparc 2015.4-1 324.90 NOTE
r-patched-solaris-x86 2015.4-1 65.90 NOTE
r-release-linux-x86_64 2015.4-1 2.19 26.19 28.38 NOTE
r-release-osx-x86_64-mavericks 2015.4-1 NOTE
r-release-windows-ix86+x86_64 2015.4-1 9.00 79.00 88.00 NOTE
r-oldrel-windows-ix86+x86_64 2015.4-1 14.00 105.00 119.00 NOTE

Check Details

Version: 2015.4-1
Check: R code for possible problems
Result: NOTE
    vintageMap: no visible global function definition for ‘read.table’
    TSget,character-TSfameLocalConnection: no visible global function
     definition for ‘as.ts’
    TSget,character-TSfameLocalConnection: no visible global function
     definition for ‘zoo’
    TSget,character-TSfameLocalConnection: no visible global function
     definition for ‘frequency’
    TSget,character-TSfameServerConnection: no visible global function
     definition for ‘as.ts’
    TSget,character-TSfameServerConnection: no visible global function
     definition for ‘zoo’
    TSget,character-TSfameServerConnection: no visible global function
     definition for ‘frequency’
    Undefined global functions or variables:
     as.ts frequency read.table zoo
    Consider adding
     importFrom("stats", "as.ts", "frequency")
     importFrom("utils", "read.table")
    to your NAMESPACE file.
Flavors: r-devel-linux-x86_64-debian-clang, r-devel-linux-x86_64-debian-gcc, r-devel-windows-ix86+x86_64, r-patched-linux-x86_64, r-patched-solaris-sparc, r-patched-solaris-x86, r-release-linux-x86_64, r-release-osx-x86_64-mavericks, r-release-windows-ix86+x86_64

Version: 2015.4-1
Flags: --no-stop-on-test-error
Check: R code for possible problems
Result: NOTE
    vintageMap: no visible global function definition for ‘read.table’
    TSget,character-TSfameLocalConnection: no visible global function
     definition for ‘as.ts’
    TSget,character-TSfameLocalConnection: no visible global function
     definition for ‘zoo’
    TSget,character-TSfameLocalConnection: no visible global function
     definition for ‘frequency’
    TSget,character-TSfameServerConnection: no visible global function
     definition for ‘as.ts’
    TSget,character-TSfameServerConnection: no visible global function
     definition for ‘zoo’
    TSget,character-TSfameServerConnection: no visible global function
     definition for ‘frequency’
    Undefined global functions or variables:
     as.ts frequency read.table zoo
    Consider adding
     importFrom("stats", "as.ts", "frequency")
     importFrom("utils", "read.table")
    to your NAMESPACE file.
Flavors: r-devel-linux-x86_64-fedora-clang, r-devel-linux-x86_64-fedora-gcc, r-devel-macos-x86_64-clang

Version: 2015.4-1
Check: R code for possible problems
Result: NOTE
    TSget,character-TSfameLocalConnection : .local: no visible global
     function definition for 'zoo'
    TSget,character-TSfameServerConnection : .local: no visible global
     function definition for 'zoo'
Flavor: r-oldrel-windows-ix86+x86_64