CRAN Package Check Results for Package TSfame

Last updated on 2018-10-18 09:51:36 CEST.

Flavor Version Tinstall Tcheck Ttotal Status Flags
r-devel-linux-x86_64-debian-clang 2015.4-1 4.80 57.16 61.96 NOTE
r-devel-linux-x86_64-debian-gcc 2015.4-1 4.00 44.50 48.50 NOTE
r-devel-linux-x86_64-fedora-clang 2015.4-1 71.72 NOTE
r-devel-linux-x86_64-fedora-gcc 2015.4-1 69.71 NOTE
r-devel-windows-ix86+x86_64 2015.4-1 10.00 61.00 71.00 NOTE
r-patched-linux-x86_64 2015.4-1 4.32 44.61 48.93 NOTE
r-patched-solaris-x86 2015.4-1 82.90 NOTE
r-release-linux-x86_64 2015.4-1 3.18 44.53 47.71 NOTE
r-release-windows-ix86+x86_64 2015.4-1 7.00 79.00 86.00 NOTE
r-release-osx-x86_64 2015.4-1 NOTE
r-oldrel-windows-ix86+x86_64 2015.4-1 7.00 82.00 89.00 NOTE
r-oldrel-osx-x86_64 2015.4-1 NOTE

Check Details

Version: 2015.4-1
Check: R code for possible problems
Result: NOTE
    vintageMap: no visible global function definition for ‘read.table’
    TSget,character-TSfameLocalConnection: no visible global function
     definition for ‘as.ts’
    TSget,character-TSfameLocalConnection: no visible global function
     definition for ‘zoo’
    TSget,character-TSfameLocalConnection: no visible global function
     definition for ‘frequency’
    TSget,character-TSfameServerConnection: no visible global function
     definition for ‘as.ts’
    TSget,character-TSfameServerConnection: no visible global function
     definition for ‘zoo’
    TSget,character-TSfameServerConnection: no visible global function
     definition for ‘frequency’
    Undefined global functions or variables:
     as.ts frequency read.table zoo
    Consider adding
     importFrom("stats", "as.ts", "frequency")
     importFrom("utils", "read.table")
    to your NAMESPACE file.
Flavors: r-devel-linux-x86_64-debian-clang, r-devel-linux-x86_64-debian-gcc, r-devel-linux-x86_64-fedora-clang, r-devel-linux-x86_64-fedora-gcc, r-devel-windows-ix86+x86_64, r-patched-linux-x86_64, r-patched-solaris-x86, r-release-linux-x86_64, r-release-windows-ix86+x86_64, r-release-osx-x86_64, r-oldrel-windows-ix86+x86_64, r-oldrel-osx-x86_64