CRAN Package Check Results for Package TSfame

Last updated on 2014-04-25 09:52:26.

Flavor Version Tinstall Tcheck Ttotal Status Flags
r-devel-linux-x86_64-debian-clang 2013.8-2 3.45 38.36 41.81 OK
r-devel-linux-x86_64-debian-gcc 2013.8-2 3.21 37.77 40.98 OK
r-devel-linux-x86_64-fedora-clang 2013.8-2 86.48 OK
r-devel-linux-x86_64-fedora-gcc 2013.8-2 81.16 OK
r-devel-osx-x86_64-clang 2013.8-2 69.31 OK
r-devel-osx-x86_64-gcc 2013.8-2 ERROR
r-devel-windows-ix86+x86_64 2013.8-2 8.00 50.00 58.00 OK
r-patched-linux-x86_64 2013.8-2 3.52 37.87 41.40 OK
r-patched-solaris-sparc 2013.8-2 466.80 OK
r-patched-solaris-x86 2013.8-2 106.00 OK
r-release-linux-ix86 2013.8-2 5.00 63.00 68.00 OK
r-release-linux-x86_64 2013.8-2 3.24 37.59 40.82 OK
r-release-osx-x86_64-mavericks 2013.8-2 WARN
r-release-osx-x86_64-snowleopard 2013.8-2 OK
r-release-windows-ix86+x86_64 2013.8-2 9.00 54.00 63.00 OK
r-oldrel-windows-ix86+x86_64 2013.8-2 8.00 53.00 61.00 OK

Check Details

Version: 2013.8-2
Check: package dependencies
Result: ERROR
    Package required but not available: ‘tframePlus’
    
    Packages suggested but not available for checking: ‘tseries’ ‘zoo’
    
    See the information on DESCRIPTION files in the chapter ‘Creating R
    packages’ of the ‘Writing R Extensions’ manual.
Flavor: r-devel-osx-x86_64-gcc

Version: 2013.8-2
Check: PDF version of manual
Result: WARNING
    LaTeX errors when creating PDF version.
    This typically indicates Rd problems.
    LaTeX errors found:
    ! LaTeX Error: File `upquote.sty' not found.
    
    Type X to quit or <RETURN> to proceed,
    or enter new name. (Default extension: sty)
    
    47209a9/Rd2.tex:8: ==> Fatal error occurred, no output PDF file produced!
Flavor: r-release-osx-x86_64-mavericks