CRAN Package Check Results for Package TSfame

Last updated on 2022-01-22 05:10:36 CET.

Flavor Version Tinstall Tcheck Ttotal Status Flags
r-devel-linux-x86_64-debian-clang 2015.4-1 7.18 64.33 71.51 NOTE
r-devel-linux-x86_64-debian-gcc 2015.4-1 5.32 50.38 55.70 NOTE
r-devel-linux-x86_64-fedora-clang 2015.4-1 87.79 NOTE
r-devel-linux-x86_64-fedora-gcc 2015.4-1 77.37 NOTE
r-devel-windows-x86_64-new-UL 2015.4-1 30.00 200.00 230.00 NOTE
r-devel-windows-x86_64-new-TK 2015.4-1 NOTE
r-patched-linux-x86_64 2015.4-1 7.92 63.31 71.23 NOTE
r-release-linux-x86_64 2015.4-1 7.38 63.08 70.46 NOTE
r-release-macos-arm64 2015.4-1 NOTE
r-release-macos-x86_64 2015.4-1 NOTE
r-release-windows-ix86+x86_64 2015.4-1 14.00 76.00 90.00 NOTE
r-oldrel-macos-x86_64 2015.4-1 NOTE
r-oldrel-windows-ix86+x86_64 2015.4-1 15.00 77.00 92.00 NOTE

Check Details

Version: 2015.4-1
Check: R code for possible problems
Result: NOTE
    vintageMap: no visible global function definition for 'read.table'
    TSget,character-TSfameLocalConnection: no visible global function
     definition for 'as.ts'
    TSget,character-TSfameLocalConnection: no visible global function
     definition for 'zoo'
    TSget,character-TSfameLocalConnection: no visible global function
     definition for 'frequency'
    TSget,character-TSfameServerConnection: no visible global function
     definition for 'as.ts'
    TSget,character-TSfameServerConnection: no visible global function
     definition for 'zoo'
    TSget,character-TSfameServerConnection: no visible global function
     definition for 'frequency'
    Undefined global functions or variables:
     as.ts frequency read.table zoo
    Consider adding
     importFrom("stats", "as.ts", "frequency")
     importFrom("utils", "read.table")
    to your NAMESPACE file.
Flavors: r-devel-linux-x86_64-debian-clang, r-devel-linux-x86_64-debian-gcc, r-devel-linux-x86_64-fedora-clang, r-devel-linux-x86_64-fedora-gcc, r-devel-windows-x86_64-new-UL, r-devel-windows-x86_64-new-TK, r-patched-linux-x86_64, r-release-linux-x86_64, r-release-macos-arm64, r-release-macos-x86_64, r-release-windows-ix86+x86_64, r-oldrel-macos-x86_64, r-oldrel-windows-ix86+x86_64