CRAN Package Check Results for Package TSfame

Last updated on 2019-04-18 18:50:12 CEST.

Flavor Version Tinstall Tcheck Ttotal Status Flags
r-devel-linux-x86_64-debian-clang 2015.4-1 5.80 46.95 52.75 NOTE
r-devel-linux-x86_64-debian-gcc 2015.4-1 4.75 37.42 42.17 NOTE
r-devel-linux-x86_64-fedora-clang 2015.4-1 64.35 NOTE
r-devel-linux-x86_64-fedora-gcc 2015.4-1 61.75 NOTE
r-devel-windows-ix86+x86_64 2015.4-1 17.00 59.00 76.00 NOTE
r-patched-linux-x86_64 2015.4-1 5.73 47.02 52.75 NOTE
r-patched-solaris-x86 2015.4-1 87.60 NOTE
r-release-linux-x86_64 2015.4-1 4.70 45.36 50.06 NOTE
r-release-windows-ix86+x86_64 2015.4-1 7.00 95.00 102.00 NOTE
r-release-osx-x86_64 2015.4-1 NOTE
r-oldrel-windows-ix86+x86_64 2015.4-1 7.00 79.00 86.00 NOTE
r-oldrel-osx-x86_64 2015.4-1 NOTE

Check Details

Version: 2015.4-1
Check: R code for possible problems
Result: NOTE
    vintageMap: no visible global function definition for 'read.table'
    TSget,character-TSfameLocalConnection: no visible global function
     definition for 'as.ts'
    TSget,character-TSfameLocalConnection: no visible global function
     definition for 'zoo'
    TSget,character-TSfameLocalConnection: no visible global function
     definition for 'frequency'
    TSget,character-TSfameServerConnection: no visible global function
     definition for 'as.ts'
    TSget,character-TSfameServerConnection: no visible global function
     definition for 'zoo'
    TSget,character-TSfameServerConnection: no visible global function
     definition for 'frequency'
    Undefined global functions or variables:
     as.ts frequency read.table zoo
    Consider adding
     importFrom("stats", "as.ts", "frequency")
     importFrom("utils", "read.table")
    to your NAMESPACE file.
Flavors: r-devel-linux-x86_64-debian-clang, r-devel-linux-x86_64-debian-gcc, r-devel-linux-x86_64-fedora-clang, r-devel-linux-x86_64-fedora-gcc, r-devel-windows-ix86+x86_64, r-patched-linux-x86_64, r-patched-solaris-x86, r-release-linux-x86_64, r-release-windows-ix86+x86_64, r-release-osx-x86_64, r-oldrel-windows-ix86+x86_64, r-oldrel-osx-x86_64