CRAN Package Check Results for Package TSfame

Last updated on 2017-08-17 09:47:29.

Flavor Version Tinstall Tcheck Ttotal Status Flags
r-devel-linux-x86_64-debian-clang 2015.4-1 2.22 30.41 32.63 NOTE
r-devel-linux-x86_64-debian-gcc 2015.4-1 2.14 29.66 31.81 NOTE
r-devel-linux-x86_64-fedora-clang 2015.4-1 56.75 NOTE
r-devel-linux-x86_64-fedora-gcc 2015.4-1 57.06 NOTE
r-devel-windows-ix86+x86_64 2015.4-1 6.00 54.00 60.00 NOTE
r-patched-linux-x86_64 2015.4-1 2.10 29.54 31.63 NOTE
r-patched-solaris-x86 2015.4-1 74.50 NOTE
r-release-linux-x86_64 2015.4-1 2.18 29.38 31.56 NOTE
r-release-windows-ix86+x86_64 2015.4-1 6.00 57.00 63.00 NOTE
r-release-osx-x86_64 2015.4-1 NOTE
r-oldrel-windows-ix86+x86_64 2015.4-1 8.00 50.00 58.00 NOTE
r-oldrel-osx-x86_64 2015.4-1 NOTE

Check Details

Version: 2015.4-1
Check: R code for possible problems
Result: NOTE
    vintageMap: no visible global function definition for ‘read.table’
    TSget,character-TSfameLocalConnection: no visible global function
     definition for ‘as.ts’
    TSget,character-TSfameLocalConnection: no visible global function
     definition for ‘zoo’
    TSget,character-TSfameLocalConnection: no visible global function
     definition for ‘frequency’
    TSget,character-TSfameServerConnection: no visible global function
     definition for ‘as.ts’
    TSget,character-TSfameServerConnection: no visible global function
     definition for ‘zoo’
    TSget,character-TSfameServerConnection: no visible global function
     definition for ‘frequency’
    Undefined global functions or variables:
     as.ts frequency read.table zoo
    Consider adding
     importFrom("stats", "as.ts", "frequency")
     importFrom("utils", "read.table")
    to your NAMESPACE file.
Flavors: r-devel-linux-x86_64-debian-clang, r-devel-linux-x86_64-debian-gcc, r-devel-linux-x86_64-fedora-clang, r-devel-linux-x86_64-fedora-gcc, r-devel-windows-ix86+x86_64, r-patched-linux-x86_64, r-patched-solaris-x86, r-release-linux-x86_64, r-release-windows-ix86+x86_64, r-release-osx-x86_64, r-oldrel-windows-ix86+x86_64, r-oldrel-osx-x86_64