CRAN Package Check Results for Package TSfame

Last updated on 2016-07-30 03:49:27.

Flavor Version Tinstall Tcheck Ttotal Status Flags
r-devel-linux-x86_64-debian-clang 2015.4-1 2.12 25.84 27.96 NOTE
r-devel-linux-x86_64-debian-gcc 2015.4-1 2.06 25.65 27.71 NOTE
r-devel-linux-x86_64-fedora-clang 2015.4-1 53.79 NOTE
r-devel-linux-x86_64-fedora-gcc 2015.4-1 50.30 NOTE
r-devel-osx-x86_64-clang 2015.4-1 45.42 NOTE
r-devel-windows-ix86+x86_64 2015.4-1 6.00 55.00 61.00 NOTE
r-patched-linux-x86_64 2015.4-1 2.53 30.31 32.84 NOTE
r-patched-solaris-sparc 2015.4-1 316.10 NOTE
r-patched-solaris-x86 2015.4-1 63.20 NOTE
r-release-linux-x86_64 2015.4-1 2.55 28.83 31.38 NOTE
r-release-osx-x86_64-mavericks 2015.4-1 NOTE
r-release-windows-ix86+x86_64 2015.4-1 8.00 65.00 73.00 NOTE
r-oldrel-windows-ix86+x86_64 2015.4-1 10.00 54.00 64.00 NOTE

Check Details

Version: 2015.4-1
Check: R code for possible problems
Result: NOTE
    vintageMap: no visible global function definition for ‘read.table’
    TSget,character-TSfameLocalConnection: no visible global function
     definition for ‘as.ts’
    TSget,character-TSfameLocalConnection: no visible global function
     definition for ‘zoo’
    TSget,character-TSfameLocalConnection: no visible global function
     definition for ‘frequency’
    TSget,character-TSfameServerConnection: no visible global function
     definition for ‘as.ts’
    TSget,character-TSfameServerConnection: no visible global function
     definition for ‘zoo’
    TSget,character-TSfameServerConnection: no visible global function
     definition for ‘frequency’
    Undefined global functions or variables:
     as.ts frequency read.table zoo
    Consider adding
     importFrom("stats", "as.ts", "frequency")
     importFrom("utils", "read.table")
    to your NAMESPACE file.
Flavors: r-devel-linux-x86_64-debian-clang, r-devel-linux-x86_64-debian-gcc, r-devel-linux-x86_64-fedora-clang, r-devel-linux-x86_64-fedora-gcc, r-devel-osx-x86_64-clang, r-devel-windows-ix86+x86_64, r-patched-linux-x86_64, r-patched-solaris-sparc, r-patched-solaris-x86, r-release-linux-x86_64, r-release-osx-x86_64-mavericks, r-release-windows-ix86+x86_64

Version: 2015.4-1
Check: R code for possible problems
Result: NOTE
    TSget,character-TSfameLocalConnection : .local: no visible global
     function definition for 'zoo'
    TSget,character-TSfameServerConnection : .local: no visible global
     function definition for 'zoo'
Flavor: r-oldrel-windows-ix86+x86_64