CRAN Package Check Results for Package TSfame

Last updated on 2016-05-25 23:48:09.

Flavor Version Tinstall Tcheck Ttotal Status Flags
r-devel-linux-x86_64-debian-gcc 2015.4-1 2.08 25.42 27.50 NOTE
r-devel-linux-x86_64-fedora-clang 2015.4-1 55.44 NOTE
r-devel-linux-x86_64-fedora-gcc 2015.4-1 50.00 NOTE
r-devel-osx-x86_64-clang 2015.4-1 60.80 NOTE
r-devel-windows-ix86+x86_64 2015.4-1 6.00 56.00 62.00 NOTE
r-patched-linux-x86_64 2015.4-1 2.06 25.30 27.36 NOTE
r-patched-solaris-sparc 2015.4-1 318.30 NOTE
r-patched-solaris-x86 2015.4-1 66.00 NOTE
r-release-linux-x86_64 2015.4-1 2.14 25.10 27.24 NOTE
r-release-osx-x86_64-mavericks 2015.4-1 NOTE
r-release-windows-ix86+x86_64 2015.4-1 8.00 51.00 59.00 NOTE
r-oldrel-windows-ix86+x86_64 2015.4-1 7.00 53.00 60.00 NOTE

Check Details

Version: 2015.4-1
Check: R code for possible problems
Result: NOTE
    vintageMap: no visible global function definition for ‘read.table’
    TSget,character-TSfameLocalConnection: no visible global function
     definition for ‘as.ts’
    TSget,character-TSfameLocalConnection: no visible global function
     definition for ‘zoo’
    TSget,character-TSfameLocalConnection: no visible global function
     definition for ‘frequency’
    TSget,character-TSfameServerConnection: no visible global function
     definition for ‘as.ts’
    TSget,character-TSfameServerConnection: no visible global function
     definition for ‘zoo’
    TSget,character-TSfameServerConnection: no visible global function
     definition for ‘frequency’
    Undefined global functions or variables:
     as.ts frequency read.table zoo
    Consider adding
     importFrom("stats", "as.ts", "frequency")
     importFrom("utils", "read.table")
    to your NAMESPACE file.
Flavors: r-devel-linux-x86_64-debian-gcc, r-devel-linux-x86_64-fedora-clang, r-devel-linux-x86_64-fedora-gcc, r-devel-osx-x86_64-clang, r-devel-windows-ix86+x86_64, r-patched-linux-x86_64, r-patched-solaris-sparc, r-patched-solaris-x86, r-release-linux-x86_64, r-release-osx-x86_64-mavericks, r-release-windows-ix86+x86_64

Version: 2015.4-1
Check: R code for possible problems
Result: NOTE
    TSget,character-TSfameLocalConnection : .local: no visible global
     function definition for 'zoo'
    TSget,character-TSfameServerConnection : .local: no visible global
     function definition for 'zoo'
Flavor: r-oldrel-windows-ix86+x86_64