CRAN Package Check Results for Package TSfame

Last updated on 2018-12-17 01:47:11 CET.

Flavor Version Tinstall Tcheck Ttotal Status Flags
r-devel-linux-x86_64-debian-clang 2015.4-1 4.22 3.60 7.82 ERROR
r-devel-linux-x86_64-debian-gcc 2015.4-1 3.22 2.82 6.04 ERROR
r-devel-linux-x86_64-fedora-clang 2015.4-1 60.05 NOTE
r-devel-linux-x86_64-fedora-gcc 2015.4-1 57.93 NOTE
r-devel-windows-ix86+x86_64 2015.4-1 9.00 78.00 87.00 NOTE
r-patched-linux-x86_64 2015.4-1 4.27 44.74 49.01 NOTE
r-patched-solaris-x86 2015.4-1 83.40 NOTE
r-release-linux-x86_64 2015.4-1 2.90 44.78 47.68 NOTE
r-release-windows-ix86+x86_64 2015.4-1 9.00 80.00 89.00 NOTE
r-release-osx-x86_64 2015.4-1 NOTE
r-oldrel-windows-ix86+x86_64 2015.4-1 9.00 74.00 83.00 NOTE
r-oldrel-osx-x86_64 2015.4-1 NOTE

Check Details

Version: 2015.4-1
Check: whether the package can be loaded
Result: ERROR
    Loading this package had a fatal error status code 1
    Loading log:
    Loading required package: TSdbi
    Error: package or namespace load failed for ‘TSfame’ in dyn.load(file, DLLpath = DLLpath, ...):
     unable to load shared object ‘/home/hornik/tmp/R.check/r-devel-clang/Work/build/Packages/tis/libs/tis.so’:
     /home/hornik/tmp/R.check/r-devel-clang/Work/build/Packages/tis/libs/tis.so: failed to map segment from shared object
    Execution halted
Flavor: r-devel-linux-x86_64-debian-clang

Version: 2015.4-1
Check: whether the package can be loaded
Result: ERROR
    Loading this package had a fatal error status code 1
    Loading log:
    Loading required package: TSdbi
    Error: package or namespace load failed for ‘TSfame’ in dyn.load(file, DLLpath = DLLpath, ...):
     unable to load shared object ‘/home/hornik/tmp/R.check/r-devel-gcc/Work/build/Packages/tis/libs/tis.so’:
     /home/hornik/tmp/R.check/r-devel-gcc/Work/build/Packages/tis/libs/tis.so: failed to map segment from shared object
    Execution halted
Flavor: r-devel-linux-x86_64-debian-gcc

Version: 2015.4-1
Check: R code for possible problems
Result: NOTE
    vintageMap: no visible global function definition for ‘read.table’
    TSget,character-TSfameLocalConnection: no visible global function
     definition for ‘as.ts’
    TSget,character-TSfameLocalConnection: no visible global function
     definition for ‘zoo’
    TSget,character-TSfameLocalConnection: no visible global function
     definition for ‘frequency’
    TSget,character-TSfameServerConnection: no visible global function
     definition for ‘as.ts’
    TSget,character-TSfameServerConnection: no visible global function
     definition for ‘zoo’
    TSget,character-TSfameServerConnection: no visible global function
     definition for ‘frequency’
    Undefined global functions or variables:
     as.ts frequency read.table zoo
    Consider adding
     importFrom("stats", "as.ts", "frequency")
     importFrom("utils", "read.table")
    to your NAMESPACE file.
Flavors: r-devel-linux-x86_64-fedora-clang, r-devel-linux-x86_64-fedora-gcc, r-devel-windows-ix86+x86_64, r-patched-linux-x86_64, r-patched-solaris-x86, r-release-linux-x86_64, r-release-windows-ix86+x86_64, r-release-osx-x86_64, r-oldrel-windows-ix86+x86_64, r-oldrel-osx-x86_64