CRAN Package Check Results for Package TSfame

Last updated on 2020-10-19 22:48:50 CEST.

Flavor Version Tinstall Tcheck Ttotal Status Flags
r-devel-linux-x86_64-debian-clang 2015.4-1 6.25 55.97 62.22 NOTE
r-devel-linux-x86_64-debian-gcc 2015.4-1 5.53 42.31 47.84 NOTE
r-devel-linux-x86_64-fedora-clang 2015.4-1 81.01 NOTE
r-devel-linux-x86_64-fedora-gcc 2015.4-1 72.21 NOTE
r-devel-windows-ix86+x86_64 2015.4-1 9.00 61.00 70.00 NOTE
r-patched-linux-x86_64 2015.4-1 5.69 52.50 58.19 NOTE
r-patched-solaris-x86 2015.4-1 100.10 NOTE
r-release-linux-x86_64 2015.4-1 6.10 53.19 59.29 NOTE
r-release-macos-x86_64 2015.4-1 NOTE
r-release-windows-ix86+x86_64 2015.4-1 11.00 72.00 83.00 NOTE
r-oldrel-macos-x86_64 2015.4-1 NOTE
r-oldrel-windows-ix86+x86_64 2015.4-1 10.00 71.00 81.00 NOTE

Check Details

Version: 2015.4-1
Check: R code for possible problems
Result: NOTE
    vintageMap: no visible global function definition for 'read.table'
    TSget,character-TSfameLocalConnection: no visible global function
     definition for 'as.ts'
    TSget,character-TSfameLocalConnection: no visible global function
     definition for 'zoo'
    TSget,character-TSfameLocalConnection: no visible global function
     definition for 'frequency'
    TSget,character-TSfameServerConnection: no visible global function
     definition for 'as.ts'
    TSget,character-TSfameServerConnection: no visible global function
     definition for 'zoo'
    TSget,character-TSfameServerConnection: no visible global function
     definition for 'frequency'
    Undefined global functions or variables:
     as.ts frequency read.table zoo
    Consider adding
     importFrom("stats", "as.ts", "frequency")
     importFrom("utils", "read.table")
    to your NAMESPACE file.
Flavors: r-devel-linux-x86_64-debian-clang, r-devel-linux-x86_64-debian-gcc, r-devel-linux-x86_64-fedora-clang, r-devel-linux-x86_64-fedora-gcc, r-devel-windows-ix86+x86_64, r-patched-linux-x86_64, r-patched-solaris-x86, r-release-linux-x86_64, r-release-macos-x86_64, r-release-windows-ix86+x86_64, r-oldrel-macos-x86_64, r-oldrel-windows-ix86+x86_64