CRAN Package Check Results for Package TSfame

Last updated on 2019-02-18 07:50:02 CET.

Flavor Version Tinstall Tcheck Ttotal Status Flags
r-devel-linux-x86_64-debian-clang 2015.4-1 4.75 48.12 52.87 NOTE
r-devel-linux-x86_64-debian-gcc 2015.4-1 3.72 38.49 42.21 NOTE
r-devel-linux-x86_64-fedora-clang 2015.4-1 67.53 NOTE
r-devel-linux-x86_64-fedora-gcc 2015.4-1 62.22 NOTE
r-devel-windows-ix86+x86_64 2015.4-1 11.00 62.00 73.00 NOTE
r-patched-linux-x86_64 2015.4-1 4.19 45.82 50.01 NOTE
r-patched-solaris-x86 2015.4-1 83.90 NOTE
r-release-linux-x86_64 2015.4-1 NOTE
r-release-windows-ix86+x86_64 2015.4-1 5.00 89.00 94.00 NOTE
r-release-osx-x86_64 2015.4-1 NOTE
r-oldrel-windows-ix86+x86_64 2015.4-1 9.00 77.00 86.00 NOTE
r-oldrel-osx-x86_64 2015.4-1 NOTE

Check Details

Version: 2015.4-1
Check: R code for possible problems
Result: NOTE
    vintageMap: no visible global function definition for ‘read.table’
    TSget,character-TSfameLocalConnection: no visible global function
     definition for ‘as.ts’
    TSget,character-TSfameLocalConnection: no visible global function
     definition for ‘zoo’
    TSget,character-TSfameLocalConnection: no visible global function
     definition for ‘frequency’
    TSget,character-TSfameServerConnection: no visible global function
     definition for ‘as.ts’
    TSget,character-TSfameServerConnection: no visible global function
     definition for ‘zoo’
    TSget,character-TSfameServerConnection: no visible global function
     definition for ‘frequency’
    Undefined global functions or variables:
     as.ts frequency read.table zoo
    Consider adding
     importFrom("stats", "as.ts", "frequency")
     importFrom("utils", "read.table")
    to your NAMESPACE file.
Flavors: r-devel-linux-x86_64-debian-clang, r-devel-linux-x86_64-debian-gcc, r-devel-linux-x86_64-fedora-clang, r-devel-linux-x86_64-fedora-gcc, r-devel-windows-ix86+x86_64, r-patched-linux-x86_64, r-patched-solaris-x86, r-release-linux-x86_64, r-release-windows-ix86+x86_64, r-release-osx-x86_64, r-oldrel-windows-ix86+x86_64, r-oldrel-osx-x86_64