CRAN Package Check Results for Package TSfame

Last updated on 2015-08-04 19:50:55.

Flavor Version Tinstall Tcheck Ttotal Status Flags
r-devel-linux-x86_64-debian-clang 2015.4-1 2.23 27.64 29.87 NOTE
r-devel-linux-x86_64-debian-gcc 2015.4-1 2.18 26.76 28.94 NOTE
r-devel-linux-x86_64-fedora-clang 2015.4-1 62.75 NOTE
r-devel-linux-x86_64-fedora-gcc 2015.4-1 57.11 NOTE
r-devel-osx-x86_64-clang 2015.4-1 53.11 NOTE
r-devel-windows-ix86+x86_64 2015.4-1 10.00 44.00 54.00 NOTE
r-patched-linux-x86_64 2015.4-1 2.15 27.30 29.44 NOTE
r-patched-solaris-sparc 2015.4-1 367.50 NOTE
r-patched-solaris-x86 2015.4-1 78.70 NOTE
r-release-linux-x86_64 2015.4-1 2.17 27.01 29.18 NOTE
r-release-osx-x86_64-mavericks 2015.4-1 OK
r-release-windows-ix86+x86_64 2015.4-1 8.00 47.00 55.00 NOTE
r-oldrel-windows-ix86+x86_64 2015.4-1 10.00 60.00 70.00 NOTE

Check Details

Version: 2015.4-1
Check: R code for possible problems
Result: NOTE
    vintageMap: no visible global function definition for ‘read.table’
    TSget,character-TSfameLocalConnection: no visible global function
     definition for ‘as.ts’
    TSget,character-TSfameLocalConnection: no visible global function
     definition for ‘zoo’
    TSget,character-TSfameLocalConnection: no visible global function
     definition for ‘frequency’
    TSget,character-TSfameServerConnection: no visible global function
     definition for ‘as.ts’
    TSget,character-TSfameServerConnection: no visible global function
     definition for ‘zoo’
    TSget,character-TSfameServerConnection: no visible global function
     definition for ‘frequency’
    Undefined global functions or variables:
     as.ts frequency read.table zoo
    Consider adding
     importFrom("stats", "as.ts", "frequency")
     importFrom("utils", "read.table")
    to your NAMESPACE.
Flavors: r-devel-linux-x86_64-debian-clang, r-devel-linux-x86_64-debian-gcc, r-devel-linux-x86_64-fedora-clang, r-devel-linux-x86_64-fedora-gcc, r-devel-windows-ix86+x86_64

Version: 2015.4-1
Check: R code for possible problems
Result: NOTE
    TSget,character-TSfameLocalConnection: no visible global function
     definition for ‘zoo’
    TSget,character-TSfameServerConnection: no visible global function
     definition for ‘zoo’
    Undefined global functions or variables:
     zoo
Flavor: r-devel-osx-x86_64-clang

Version: 2015.4-1
Check: R code for possible problems
Result: NOTE
    TSget,character-TSfameLocalConnection : .local: no visible global
     function definition for ‘zoo’
    TSget,character-TSfameServerConnection : .local: no visible global
     function definition for ‘zoo’
Flavors: r-patched-linux-x86_64, r-patched-solaris-sparc, r-patched-solaris-x86, r-release-linux-x86_64, r-release-windows-ix86+x86_64, r-oldrel-windows-ix86+x86_64