CRAN Package Check Results for Package TSgetSymbol

Last updated on 2014-04-24 03:47:56.

Flavor Version Tinstall Tcheck Ttotal Status Flags
r-devel-linux-x86_64-debian-clang 2013.9-1 3.58 43.70 47.27 OK
r-devel-linux-x86_64-debian-gcc 2013.9-1 3.57 42.20 45.78 OK
r-devel-linux-x86_64-fedora-clang 2013.9-1 97.33 OK
r-devel-linux-x86_64-fedora-gcc 2013.9-1 90.52 OK
r-devel-osx-x86_64-clang 2013.9-1 77.74 OK
r-devel-osx-x86_64-gcc 2013.9-1 ERROR
r-devel-windows-ix86+x86_64 2013.9-1 10.00 59.00 69.00 OK
r-patched-linux-x86_64 2013.9-1 3.64 41.74 45.38 OK
r-patched-solaris-sparc 2013.9-1 473.90 OK --no-examples --no-vignettes
r-patched-solaris-x86 2013.9-1 108.70 OK --no-examples --no-vignettes
r-release-linux-ix86 2013.9-1 5.00 69.00 74.00 OK
r-release-linux-x86_64 2013.9-1 3.68 41.85 45.53 OK
r-release-osx-x86_64-mavericks 2013.9-1 WARN
r-release-osx-x86_64-snowleopard 2013.9-1 OK
r-release-windows-ix86+x86_64 2013.9-1 11.00 59.00 70.00 OK
r-oldrel-windows-ix86+x86_64 2013.9-1 11.00 63.00 74.00 OK

Check Details

Version: 2013.9-1
Check: package dependencies
Result: ERROR
    Packages required but not available: ‘quantmod’ ‘zoo’ ‘tframePlus’
    
    See the information on DESCRIPTION files in the chapter ‘Creating R
    packages’ of the ‘Writing R Extensions’ manual.
Flavor: r-devel-osx-x86_64-gcc

Version: 2013.9-1
Check: PDF version of manual
Result: WARNING
    LaTeX errors when creating PDF version.
    This typically indicates Rd problems.
    LaTeX errors found:
    ! LaTeX Error: File `upquote.sty' not found.
    
    Type X to quit or <RETURN> to proceed,
    or enter new name. (Default extension: sty)
    
    2c15d6b/Rd2.tex:8: ==> Fatal error occurred, no output PDF file produced!
Flavor: r-release-osx-x86_64-mavericks