CRAN Package Check Results for Package TShistQuote

Last updated on 2015-04-21 03:49:46.

Flavor Version Tinstall Tcheck Ttotal Status Flags
r-devel-linux-x86_64-debian-clang 2013.9-1 2.20 28.34 30.54 OK
r-devel-linux-x86_64-debian-gcc 2013.9-1 2.11 27.23 29.34 OK
r-devel-linux-x86_64-fedora-clang 2013.9-1 63.29 OK
r-devel-linux-x86_64-fedora-gcc 2013.9-1 57.06 OK
r-devel-osx-x86_64-clang 2013.9-1 62.55 OK
r-devel-windows-ix86+x86_64 2013.9-1 8.00 60.00 68.00 OK
r-patched-linux-x86_64 2013.9-1 2.10 27.72 29.82 OK
r-patched-solaris-sparc 2013.9-1 363.90 OK
r-patched-solaris-x86 2013.9-1 75.40 OK
r-release-linux-x86_64 2013.9-1 2.13 28.48 30.61 OK
r-release-osx-x86_64-mavericks 2013.9-1 OK
r-release-osx-x86_64-snowleopard 2013.9-1 ERROR
r-release-windows-ix86+x86_64 2013.9-1 5.00 41.00 46.00 OK
r-oldrel-windows-ix86+x86_64 2013.9-1 9.00 55.00 64.00 OK

Check Details

Version: 2013.9-1
Check: package dependencies
Result: ERROR
    Packages required but not available: ‘tframePlus’ ‘zoo’ ‘tseries’
    
    See section ‘The DESCRIPTION file’ in the ‘Writing R Extensions’
    manual.
Flavor: r-release-osx-x86_64-snowleopard