CRAN Package Check Results for Package TShistQuote

Last updated on 2014-04-21 04:48:50.

Flavor Version Tinstall Tcheck Ttotal Status Flags
r-devel-linux-x86_64-debian-clang 2013.9-1 3.30 39.95 43.25 OK
r-devel-linux-x86_64-debian-gcc 2013.9-1 3.28 40.94 44.22 OK
r-devel-linux-x86_64-fedora-clang 2013.9-1 86.08 OK
r-devel-linux-x86_64-fedora-gcc 2013.9-1 80.84 OK
r-devel-macosx-x86_64-clang 2013.9-1 69.96 OK
r-devel-macosx-x86_64-gcc 2013.9-1 ERROR
r-devel-windows-ix86+x86_64 2013.9-1 9.00 55.00 64.00 OK
r-patched-linux-x86_64 2013.9-1 3.27 41.61 44.88 OK
r-patched-solaris-sparc 2013.9-1 458.80 OK
r-patched-solaris-x86 2013.9-1 104.00 OK
r-release-linux-ix86 OK
r-release-linux-x86_64 2013.9-1 3.29 39.24 42.53 OK
r-release-macosx-x86_64 2013.9-1 OK
r-release-windows-ix86+x86_64 2013.9-1 13.00 56.00 69.00 OK
r-oldrel-windows-ix86+x86_64 2013.9-1 10.00 54.00 64.00 OK

Check Details

Version: 2013.9-1
Check: package dependencies
Result: ERROR
    Packages required but not available: ‘tframePlus’ ‘zoo’ ‘tseries’
    
    See the information on DESCRIPTION files in the chapter ‘Creating R
    packages’ of the ‘Writing R Extensions’ manual.
Flavor: r-devel-macosx-x86_64-gcc