CRAN Package Check Results for Package TSjson

Last updated on 2014-04-25 05:47:27.

Flavor Version Tinstall Tcheck Ttotal Status Flags
r-devel-linux-x86_64-debian-clang 2014.4-1 3.14 33.07 36.21 OK --no-examples --no-tests --no-vignettes
r-devel-linux-x86_64-debian-gcc 2014.4-1 3.06 32.61 35.67 OK --no-examples --no-tests --no-vignettes
r-devel-linux-x86_64-fedora-clang 2014.4-1 98.63 OK
r-devel-linux-x86_64-fedora-gcc 2014.4-1 95.51 OK
r-devel-osx-x86_64-clang 2014.4-1 60.13 OK --no-examples --no-tests
r-devel-osx-x86_64-gcc 2014.4-1 ERROR
r-devel-windows-ix86+x86_64 2014.4-1 9.00 49.00 58.00 OK
r-patched-linux-x86_64 2014.4-1 3.06 32.30 35.36 OK --no-examples --no-tests --no-vignettes
r-patched-solaris-sparc 2014.4-1 46.40 OK
r-patched-solaris-x86 2014.4-1 109.60 OK
r-release-linux-ix86 2014.4-1 4.00 53.00 57.00 OK --no-examples --no-tests --no-vignettes
r-release-linux-x86_64 2014.4-1 3.08 32.93 36.00 OK --no-examples --no-tests --no-vignettes
r-release-osx-x86_64-mavericks 2014.4-1 OK
r-release-osx-x86_64-snowleopard 2014.4-1 OK
r-release-windows-ix86+x86_64 2014.4-1 9.00 51.00 60.00 OK
r-oldrel-windows-ix86+x86_64 2014.4-1 8.00 49.00 57.00 OK

Check Details

Version: 2014.4-1
Check: package dependencies
Result: ERROR
    Package required but not available: ‘tframePlus’
    
    Package suggested but not available for checking: ‘zoo’
    
    See the information on DESCRIPTION files in the chapter ‘Creating R
    packages’ of the ‘Writing R Extensions’ manual.
Flavor: r-devel-osx-x86_64-gcc