CRAN Package Check Results for Package TSsdmx

Last updated on 2020-10-25 17:50:44 CET.

Flavor Version Tinstall Tcheck Ttotal Status Flags
r-devel-linux-x86_64-debian-clang 2016.8-1 8.55 69.47 78.02 OK
r-devel-linux-x86_64-debian-gcc 2016.8-1 6.16 51.19 57.35 OK
r-devel-linux-x86_64-fedora-clang 2016.8-1 101.28 OK
r-devel-linux-x86_64-fedora-gcc 2016.8-1 90.98 OK
r-devel-windows-ix86+x86_64 2016.8-1 18.00 88.00 106.00 OK
r-patched-linux-x86_64 2016.8-1 6.97 64.16 71.13 OK
r-patched-solaris-x86 2016.8-1 121.40 OK
r-release-linux-x86_64 2016.8-1 7.22 64.36 71.58 OK
r-release-macos-x86_64 2016.8-1 OK
r-release-windows-ix86+x86_64 2016.8-1 13.00 70.00 83.00 OK
r-oldrel-macos-x86_64 2016.8-1 OK
r-oldrel-windows-ix86+x86_64 2016.8-1 10.00 8.00 18.00 ERROR

Check Details

Version: 2016.8-1
Check: whether package can be installed
Result: ERROR
    Installation failed.
Flavor: r-oldrel-windows-ix86+x86_64