CRAN Package Check Results for Package TSsql

Last updated on 2017-02-22 07:48:49.

Flavor Version Tinstall Tcheck Ttotal Status Flags
r-devel-linux-x86_64-debian-clang 2015.1-2 2.00 27.75 29.75 NOTE
r-devel-linux-x86_64-debian-gcc 2015.1-2 2.01 27.50 29.51 NOTE
r-devel-linux-x86_64-fedora-clang 2015.1-2 54.57 NOTE --no-stop-on-test-error
r-devel-linux-x86_64-fedora-gcc 2015.1-2 52.60 NOTE --no-stop-on-test-error
r-devel-macos-x86_64-clang 2015.1-2 45.03 NOTE --no-stop-on-test-error
r-devel-windows-ix86+x86_64 2015.1-2 8.00 74.00 82.00 NOTE
r-patched-linux-x86_64 2015.1-2 1.99 24.74 26.73 NOTE
r-patched-solaris-sparc 2015.1-2 319.10 NOTE
r-patched-solaris-x86 2015.1-2 63.60 NOTE
r-release-linux-x86_64 2015.1-2 1.86 25.01 26.86 NOTE
r-release-osx-x86_64-mavericks 2015.1-2 NOTE
r-release-windows-ix86+x86_64 2015.1-2 12.00 69.00 81.00 NOTE
r-oldrel-windows-ix86+x86_64 2015.1-2 9.00 107.00 116.00 OK

Check Details

Version: 2015.1-2
Check: R code for possible problems
Result: NOTE
    TSgetSQL: no visible global function definition for ‘ts’
    TSputSQL: no visible global function definition for ‘is.ts’
    TSputSQL: no visible global function definition for ‘frequency’
    TSputSQL: no visible global function definition for ‘time’
    TSquery: no visible global function definition for ‘ts’
    Undefined global functions or variables:
     frequency is.ts time ts
    Consider adding
     importFrom("stats", "frequency", "is.ts", "time", "ts")
    to your NAMESPACE file.
Flavors: r-devel-linux-x86_64-debian-clang, r-devel-linux-x86_64-debian-gcc, r-devel-windows-ix86+x86_64, r-patched-linux-x86_64, r-patched-solaris-sparc, r-patched-solaris-x86, r-release-linux-x86_64, r-release-osx-x86_64-mavericks, r-release-windows-ix86+x86_64

Version: 2015.1-2
Flags: --no-stop-on-test-error
Check: R code for possible problems
Result: NOTE
    TSgetSQL: no visible global function definition for ‘ts’
    TSputSQL: no visible global function definition for ‘is.ts’
    TSputSQL: no visible global function definition for ‘frequency’
    TSputSQL: no visible global function definition for ‘time’
    TSquery: no visible global function definition for ‘ts’
    Undefined global functions or variables:
     frequency is.ts time ts
    Consider adding
     importFrom("stats", "frequency", "is.ts", "time", "ts")
    to your NAMESPACE file.
Flavors: r-devel-linux-x86_64-fedora-clang, r-devel-linux-x86_64-fedora-gcc, r-devel-macos-x86_64-clang

Version: 2015.1-2
Check: package dependencies
Result: NOTE
    Package suggested but not available for checking: ‘RMySQL’
Flavors: r-patched-solaris-sparc, r-patched-solaris-x86