CRAN Package Check Results for Package TSsql

Last updated on 2014-09-22 21:47:19.

Flavor Version Tinstall Tcheck Ttotal Status Flags
r-devel-linux-x86_64-debian-clang 2014.4-1 1.24 18.36 19.60 NOTE
r-devel-linux-x86_64-debian-gcc 2014.4-1 1.23 17.67 18.90 NOTE
r-devel-linux-x86_64-fedora-clang 2014.4-1 40.37 NOTE
r-devel-linux-x86_64-fedora-gcc 2014.4-1 36.90 NOTE
r-devel-osx-x86_64-clang 2014.4-1 40.05 NOTE
r-devel-windows-ix86+x86_64 2014.4-1 4.00 26.00 30.00 NOTE
r-patched-linux-x86_64 2014.4-1 1.28 20.32 21.60 OK
r-patched-solaris-sparc 2014.4-1 246.10 NOTE
r-patched-solaris-x86 2014.4-1 58.40 NOTE
r-release-linux-ix86 2014.4-1 1.64 26.99 28.62 OK
r-release-linux-x86_64 2014.4-1 1.31 20.51 21.82 OK
r-release-osx-x86_64-mavericks 2014.4-1 NOTE
r-release-osx-x86_64-snowleopard 2014.4-1 OK
r-release-windows-ix86+x86_64 2014.4-1 4.00 30.00 34.00 NOTE
r-oldrel-windows-ix86+x86_64 2014.4-1 4.00 29.00 33.00 NOTE

Check Details

Version: 2014.4-1
Check: R code for possible problems
Result: NOTE
    TSgetSQL: no visible global function definition for ‘as.zoo’
    TSgetSQL: no visible global function definition for ‘zoo’
    TSgetSQL: no visible global function definition for
     ‘changeTSrepresentation’
    TSquery: no visible global function definition for ‘zoo’
Flavors: r-devel-linux-x86_64-debian-clang, r-devel-linux-x86_64-debian-gcc, r-devel-linux-x86_64-fedora-clang, r-devel-linux-x86_64-fedora-gcc, r-devel-osx-x86_64-clang, r-devel-windows-ix86+x86_64

Version: 2014.4-1
Check: package dependencies
Result: NOTE
    Package suggested but not available for checking: ‘RMySQL’
Flavors: r-devel-osx-x86_64-clang, r-devel-windows-ix86+x86_64, r-patched-solaris-sparc, r-patched-solaris-x86, r-release-osx-x86_64-mavericks, r-release-windows-ix86+x86_64, r-oldrel-windows-ix86+x86_64