CRAN Package Check Results for Package TSsql

Last updated on 2017-11-17 23:48:45.

Flavor Version Tinstall Tcheck Ttotal Status Flags
r-devel-linux-x86_64-debian-clang 2017.4-1 2.20 28.23 30.43 OK
r-devel-linux-x86_64-debian-gcc 2017.4-1 2.85 32.44 35.30 OK
r-devel-linux-x86_64-fedora-clang 2017.4-1 56.32 OK
r-devel-linux-x86_64-fedora-gcc 2017.4-1 54.87 OK
r-devel-windows-ix86+x86_64 2017.4-1 8.00 74.00 82.00 OK
r-patched-linux-x86_64 2017.4-1 2.17 29.24 31.42 OK
r-patched-solaris-x86 2017.4-1 72.00 NOTE
r-release-linux-x86_64 2017.4-1 2.17 28.71 30.88 OK
r-release-windows-ix86+x86_64 2017.4-1 5.00 74.00 79.00 OK
r-release-osx-x86_64 2017.4-1 OK
r-oldrel-windows-ix86+x86_64 2017.4-1 4.00 72.00 76.00 OK
r-oldrel-osx-x86_64 2017.4-1 OK

Check Details

Version: 2017.4-1
Check: package dependencies
Result: NOTE
    Package suggested but not available for checking: ‘RMySQL’
Flavor: r-patched-solaris-x86