CRAN Package Check Results for Package TSsql

Last updated on 2014-04-16 15:49:37.

Flavor Version Tinstall Tcheck Ttotal Status Flags
r-devel-linux-x86_64-debian-clang 2014.4-1 1.21 19.28 20.48 OK
r-devel-linux-x86_64-debian-gcc 2014.4-1 1.21 19.58 20.80 OK
r-devel-linux-x86_64-fedora-clang 2014.4-1 23.01 OK
r-devel-linux-x86_64-fedora-gcc 2014.4-1 21.06 OK
r-devel-macosx-x86_64-clang 2014.4-1 40.18 NOTE
r-devel-macosx-x86_64-gcc 2014.4-1 NOTE
r-devel-windows-ix86+x86_64 2014.4-1 4.00 27.00 31.00 NOTE
r-patched-linux-x86_64 2014.4-1 1.22 19.23 20.44 OK
r-patched-solaris-sparc 2014.4-1 209.70 NOTE
r-patched-solaris-x86 2014.4-1 45.30 NOTE
r-release-linux-ix86 2014.4-1 3.00 35.00 38.00 OK
r-release-linux-x86_64 2014.4-1 1.19 19.39 20.58 OK
r-release-macosx-x86_64 2014.4-1 OK
r-release-windows-ix86+x86_64 2014.4-1 3.00 30.00 33.00 NOTE
r-oldrel-windows-ix86+x86_64 2014.4-1 4.00 28.00 32.00 NOTE

Check Details

Version: 2014.4-1
Check: package dependencies
Result: NOTE
    Package suggested but not available for checking: ‘RMySQL’
Flavors: r-devel-macosx-x86_64-clang, r-devel-windows-ix86+x86_64, r-patched-solaris-sparc, r-patched-solaris-x86, r-release-windows-ix86+x86_64, r-oldrel-windows-ix86+x86_64

Version: 2014.4-1
Check: package dependencies
Result: NOTE
    Packages suggested but not available for checking:
     ‘zoo’ ‘tseries’ ‘tframePlus’
Flavor: r-devel-macosx-x86_64-gcc

Version: 2014.4-1
Check: R code for possible problems
Result: NOTE
    TSgetSQL: no visible global function definition for ‘as.zoo’
    TSgetSQL: no visible global function definition for ‘zoo’
    TSgetSQL: no visible global function definition for
     ‘changeTSrepresentation’
    TSquery: no visible global function definition for ‘zoo’
Flavor: r-devel-macosx-x86_64-gcc