CRAN Package Check Results for Package TSsql

Last updated on 2015-01-29 12:48:19.

Flavor Version Tinstall Tcheck Ttotal Status Flags
r-devel-linux-x86_64-debian-clang 2014.4-1 1.12 16.66 17.77 NOTE
r-devel-linux-x86_64-debian-gcc 2014.4-1 1.20 16.53 17.74 NOTE
r-devel-linux-x86_64-fedora-clang 2014.4-1 40.21 NOTE
r-devel-linux-x86_64-fedora-gcc 2014.4-1 36.84 NOTE
r-devel-osx-x86_64-clang 2014.4-1 37.95 NOTE
r-devel-windows-ix86+x86_64 2014.4-1 5.00 27.00 32.00 NOTE
r-patched-linux-x86_64 2014.4-1 1.29 18.44 19.73 NOTE
r-patched-solaris-sparc 2014.4-1 224.50 NOTE
r-patched-solaris-x86 2014.4-1 54.80 NOTE
r-release-linux-ix86 2014.4-1 1.57 24.38 25.95 NOTE
r-release-linux-x86_64 2014.4-1 1.28 18.33 19.61 NOTE
r-release-osx-x86_64-mavericks 2014.4-1 NOTE
r-release-osx-x86_64-snowleopard 2014.4-1 OK
r-release-windows-ix86+x86_64 2014.4-1 5.00 30.00 35.00 NOTE
r-oldrel-windows-ix86+x86_64 2014.4-1 5.00 34.00 39.00 OK

Check Details

Version: 2014.4-1
Check: dependencies in R code
Result: NOTE
    'library' or 'require' calls in package code:
     ‘tframePlus’ ‘zoo’
     Please use :: or requireNamespace() instead.
     See section 'Suggested packages' in the 'Writing R Extensions' manual.
Flavors: r-devel-linux-x86_64-debian-clang, r-devel-linux-x86_64-debian-gcc, r-devel-linux-x86_64-fedora-clang, r-devel-linux-x86_64-fedora-gcc, r-devel-osx-x86_64-clang, r-devel-windows-ix86+x86_64

Version: 2014.4-1
Check: R code for possible problems
Result: NOTE
    TSgetSQL: no visible global function definition for ‘as.zoo’
    TSgetSQL: no visible global function definition for ‘zoo’
    TSgetSQL: no visible global function definition for
     ‘changeTSrepresentation’
    TSquery: no visible global function definition for ‘zoo’
Flavors: r-devel-linux-x86_64-debian-clang, r-devel-linux-x86_64-debian-gcc, r-devel-linux-x86_64-fedora-clang, r-devel-linux-x86_64-fedora-gcc, r-devel-osx-x86_64-clang, r-devel-windows-ix86+x86_64, r-patched-linux-x86_64, r-patched-solaris-sparc, r-patched-solaris-x86, r-release-linux-ix86, r-release-linux-x86_64, r-release-osx-x86_64-mavericks, r-release-windows-ix86+x86_64

Version: 2014.4-1
Check: package dependencies
Result: NOTE
    Package suggested but not available for checking: ‘RMySQL’
Flavors: r-patched-solaris-sparc, r-patched-solaris-x86