CRAN Package Check Results for Package TSsql

Last updated on 2017-07-26 12:48:54.

Flavor Version Tinstall Tcheck Ttotal Status Flags
r-devel-linux-x86_64-debian-clang 2017.4-1 2.38 34.00 36.38 OK
r-devel-linux-x86_64-debian-gcc 2017.4-1 1.98 34.44 36.43 OK
r-devel-linux-x86_64-fedora-clang 2017.4-1 55.83 OK
r-devel-linux-x86_64-fedora-gcc 2017.4-1 54.77 OK
r-devel-windows-ix86+x86_64 2017.4-1 9.00 76.00 85.00 OK
r-patched-linux-x86_64 2017.4-1 2.09 34.88 36.97 OK
r-patched-solaris-x86 2017.4-1 74.60 NOTE
r-release-linux-x86_64 2017.4-1 2.05 34.89 36.93 OK
r-release-windows-ix86+x86_64 2017.4-1 6.00 72.00 78.00 OK
r-release-osx-x86_64 2017.4-1 OK
r-oldrel-windows-ix86+x86_64 2017.4-1 5.00 53.00 58.00 OK
r-oldrel-osx-x86_64 2017.4-1 OK

Check Details

Version: 2017.4-1
Check: package dependencies
Result: NOTE
    Package suggested but not available for checking: ‘RMySQL’
Flavor: r-patched-solaris-x86