CRAN Package Check Results for Package TSsql

Last updated on 2015-04-18 15:47:59.

Flavor Version Tinstall Tcheck Ttotal Status Flags
r-devel-linux-x86_64-debian-clang 2014.4-1 0.96 15.61 16.57 NOTE
r-devel-linux-x86_64-debian-gcc 2014.4-1 0.91 15.29 16.20 NOTE
r-devel-linux-x86_64-fedora-clang 2014.4-1 33.07 NOTE
r-devel-linux-x86_64-fedora-gcc 2014.4-1 30.10 NOTE
r-devel-osx-x86_64-clang 2014.4-1 32.88 NOTE
r-patched-linux-x86_64 2014.4-1 0.94 15.08 16.02 NOTE
r-patched-solaris-sparc 2014.4-1 197.90 NOTE
r-patched-solaris-x86 2014.4-1 43.50 NOTE
r-release-linux-x86_64 2014.4-1 0.94 15.41 16.35 NOTE
r-release-osx-x86_64-mavericks 2014.4-1 NOTE
r-release-osx-x86_64-snowleopard 2014.4-1 OK
r-release-windows-ix86+x86_64 2014.4-1 3.00 31.00 34.00 NOTE
r-oldrel-windows-ix86+x86_64 2014.4-1 5.00 45.00 50.00 OK

Check Details

Version: 2014.4-1
Check: dependencies in R code
Result: NOTE
    'library' or 'require' calls in package code:
     ‘tframePlus’ ‘zoo’
     Please use :: or requireNamespace() instead.
     See section 'Suggested packages' in the 'Writing R Extensions' manual.
Flavors: r-devel-linux-x86_64-debian-clang, r-devel-linux-x86_64-debian-gcc, r-devel-linux-x86_64-fedora-clang, r-devel-linux-x86_64-fedora-gcc, r-devel-osx-x86_64-clang, r-patched-linux-x86_64, r-patched-solaris-sparc, r-patched-solaris-x86, r-release-linux-x86_64, r-release-osx-x86_64-mavericks, r-release-windows-ix86+x86_64

Version: 2014.4-1
Check: R code for possible problems
Result: NOTE
    TSgetSQL: no visible global function definition for ‘as.zoo’
    TSgetSQL: no visible global function definition for ‘zoo’
    TSgetSQL: no visible global function definition for
     ‘changeTSrepresentation’
    TSquery: no visible global function definition for ‘zoo’
Flavors: r-devel-linux-x86_64-debian-clang, r-devel-linux-x86_64-debian-gcc, r-devel-linux-x86_64-fedora-clang, r-devel-linux-x86_64-fedora-gcc, r-devel-osx-x86_64-clang, r-patched-linux-x86_64, r-patched-solaris-sparc, r-patched-solaris-x86, r-release-linux-x86_64, r-release-osx-x86_64-mavericks, r-release-windows-ix86+x86_64

Version: 2014.4-1
Check: package dependencies
Result: NOTE
    Package suggested but not available for checking: ‘RMySQL’
Flavors: r-patched-solaris-sparc, r-patched-solaris-x86

Version: 2014.4-1
Check: package dependencies
Result: NOTE
    Package suggested but not available for checking: ‘tframePlus’
Flavor: r-release-osx-x86_64-mavericks