CRAN Package Check Results for Package TSsql

Last updated on 2016-07-28 21:48:12.

Flavor Version Tinstall Tcheck Ttotal Status Flags
r-devel-linux-x86_64-debian-clang 2015.1-2 2.55 29.74 32.29 NOTE
r-devel-linux-x86_64-debian-gcc 2015.1-2 2.46 27.74 30.20 NOTE
r-devel-linux-x86_64-fedora-clang 2015.1-2 52.70 NOTE
r-devel-linux-x86_64-fedora-gcc 2015.1-2 48.63 NOTE
r-devel-osx-x86_64-clang 2015.1-2 43.70 NOTE
r-devel-windows-ix86+x86_64 2015.1-2 8.00 67.00 75.00 NOTE
r-patched-linux-x86_64 2015.1-2 2.08 27.73 29.82 NOTE
r-patched-solaris-sparc 2015.1-2 307.50 NOTE
r-patched-solaris-x86 2015.1-2 62.70 NOTE
r-release-linux-x86_64 2015.1-2 2.13 27.74 29.87 NOTE
r-release-osx-x86_64-mavericks 2015.1-2 NOTE
r-release-windows-ix86+x86_64 2015.1-2 8.00 63.00 71.00 NOTE
r-oldrel-windows-ix86+x86_64 2015.1-2 9.00 51.00 60.00 OK

Check Details

Version: 2015.1-2
Check: R code for possible problems
Result: NOTE
    TSgetSQL: no visible global function definition for ‘ts’
    TSputSQL: no visible global function definition for ‘is.ts’
    TSputSQL: no visible global function definition for ‘frequency’
    TSputSQL: no visible global function definition for ‘time’
    TSquery: no visible global function definition for ‘ts’
    Undefined global functions or variables:
     frequency is.ts time ts
    Consider adding
     importFrom("stats", "frequency", "is.ts", "time", "ts")
    to your NAMESPACE file.
Flavors: r-devel-linux-x86_64-debian-clang, r-devel-linux-x86_64-debian-gcc, r-devel-linux-x86_64-fedora-clang, r-devel-linux-x86_64-fedora-gcc, r-devel-osx-x86_64-clang, r-devel-windows-ix86+x86_64, r-patched-linux-x86_64, r-patched-solaris-sparc, r-patched-solaris-x86, r-release-linux-x86_64, r-release-osx-x86_64-mavericks, r-release-windows-ix86+x86_64

Version: 2015.1-2
Check: package dependencies
Result: NOTE
    Package suggested but not available for checking: ‘RMySQL’
Flavors: r-patched-solaris-sparc, r-patched-solaris-x86