CRAN Package Check Results for Package TSsql

Last updated on 2017-04-24 12:48:07.

Flavor Version Tinstall Tcheck Ttotal Status Flags
r-devel-linux-x86_64-debian-clang 2015.1-2 2.22 28.54 30.77 NOTE
r-devel-linux-x86_64-debian-gcc 2015.1-2 2.11 29.04 31.15 NOTE
r-devel-linux-x86_64-fedora-clang 2015.1-2 56.76 NOTE --no-stop-on-test-error
r-devel-linux-x86_64-fedora-gcc 2015.1-2 54.93 NOTE --no-stop-on-test-error
r-devel-windows-ix86+x86_64 2015.1-2 8.00 71.00 79.00 NOTE
r-patched-linux-x86_64 2015.1-2 2.24 28.88 31.13 NOTE
r-patched-solaris-sparc 2015.1-2 328.60 NOTE
r-patched-solaris-x86 2015.1-2 71.10 NOTE
r-release-linux-x86_64 2015.1-2 2.11 27.62 29.73 NOTE
r-release-windows-ix86+x86_64 2015.1-2 6.00 56.00 62.00 NOTE
r-release-osx-x86_64 2015.1-2 NOTE
r-oldrel-windows-ix86+x86_64 2015.1-2 6.00 53.00 59.00 NOTE
r-oldrel-osx-x86_64 2015.1-2 NOTE

Check Details

Version: 2015.1-2
Check: R code for possible problems
Result: NOTE
    TSgetSQL: no visible global function definition for ‘ts’
    TSputSQL: no visible global function definition for ‘is.ts’
    TSputSQL: no visible global function definition for ‘frequency’
    TSputSQL: no visible global function definition for ‘time’
    TSquery: no visible global function definition for ‘ts’
    Undefined global functions or variables:
     frequency is.ts time ts
    Consider adding
     importFrom("stats", "frequency", "is.ts", "time", "ts")
    to your NAMESPACE file.
Flavors: r-devel-linux-x86_64-debian-clang, r-devel-linux-x86_64-debian-gcc, r-devel-windows-ix86+x86_64, r-patched-linux-x86_64, r-patched-solaris-sparc, r-patched-solaris-x86, r-release-linux-x86_64, r-release-windows-ix86+x86_64, r-release-osx-x86_64, r-oldrel-windows-ix86+x86_64, r-oldrel-osx-x86_64

Version: 2015.1-2
Flags: --no-stop-on-test-error
Check: R code for possible problems
Result: NOTE
    TSgetSQL: no visible global function definition for ‘ts’
    TSputSQL: no visible global function definition for ‘is.ts’
    TSputSQL: no visible global function definition for ‘frequency’
    TSputSQL: no visible global function definition for ‘time’
    TSquery: no visible global function definition for ‘ts’
    Undefined global functions or variables:
     frequency is.ts time ts
    Consider adding
     importFrom("stats", "frequency", "is.ts", "time", "ts")
    to your NAMESPACE file.
Flavors: r-devel-linux-x86_64-fedora-clang, r-devel-linux-x86_64-fedora-gcc

Version: 2015.1-2
Check: package dependencies
Result: NOTE
    Package suggested but not available for checking: ‘RMySQL’
Flavors: r-patched-solaris-sparc, r-patched-solaris-x86