CRAN Package Check Results for Package TSsql

Last updated on 2014-11-24 16:47:25.

Flavor Version Tinstall Tcheck Ttotal Status Flags
r-devel-linux-x86_64-debian-clang 2014.4-1 1.25 18.93 20.18 NOTE
r-devel-linux-x86_64-debian-gcc 2014.4-1 1.21 18.32 19.53 NOTE
r-devel-linux-x86_64-fedora-clang 2014.4-1 40.19 NOTE
r-devel-linux-x86_64-fedora-gcc 2014.4-1 37.78 NOTE
r-devel-osx-x86_64-clang 2014.4-1 39.08 NOTE
r-devel-windows-ix86+x86_64 2014.4-1 4.00 25.00 29.00 NOTE
r-patched-linux-x86_64 2014.4-1 1.27 18.71 19.98 NOTE
r-patched-solaris-sparc 2014.4-1 222.20 NOTE
r-patched-solaris-x86 2014.4-1 51.30 NOTE
r-release-linux-ix86 2014.4-1 1.56 24.17 25.72 NOTE
r-release-linux-x86_64 2014.4-1 1.28 18.44 19.71 NOTE
r-release-osx-x86_64-mavericks 2014.4-1 NOTE
r-release-osx-x86_64-snowleopard 2014.4-1 OK
r-release-windows-ix86+x86_64 2014.4-1 4.00 29.00 33.00 NOTE
r-oldrel-windows-ix86+x86_64 2014.4-1 4.00 30.00 34.00 NOTE

Check Details

Version: 2014.4-1
Check: R code for possible problems
Result: NOTE
    TSgetSQL: no visible global function definition for ‘as.zoo’
    TSgetSQL: no visible global function definition for ‘zoo’
    TSgetSQL: no visible global function definition for
     ‘changeTSrepresentation’
    TSquery: no visible global function definition for ‘zoo’
Flavors: r-devel-linux-x86_64-debian-clang, r-devel-linux-x86_64-debian-gcc, r-devel-linux-x86_64-fedora-clang, r-devel-linux-x86_64-fedora-gcc, r-devel-osx-x86_64-clang, r-devel-windows-ix86+x86_64, r-patched-linux-x86_64, r-patched-solaris-sparc, r-patched-solaris-x86, r-release-linux-ix86, r-release-linux-x86_64, r-release-windows-ix86+x86_64

Version: 2014.4-1
Check: package dependencies
Result: NOTE
    Package suggested but not available for checking: ‘RMySQL’
Flavors: r-devel-osx-x86_64-clang, r-devel-windows-ix86+x86_64, r-patched-solaris-sparc, r-patched-solaris-x86, r-release-osx-x86_64-mavericks, r-release-windows-ix86+x86_64, r-oldrel-windows-ix86+x86_64