CRAN Package Check Results for Package TSsql

Last updated on 2015-03-04 21:47:01.

Flavor Version Tinstall Tcheck Ttotal Status Flags
r-devel-linux-x86_64-debian-clang 2014.4-1 0.96 15.49 16.44 NOTE
r-devel-linux-x86_64-debian-gcc 2014.4-1 0.98 15.39 16.37 NOTE
r-devel-linux-x86_64-fedora-clang 2014.4-1 33.09 NOTE
r-devel-linux-x86_64-fedora-gcc 2014.4-1 31.65 NOTE
r-devel-osx-x86_64-clang 2014.4-1 33.50 NOTE
r-devel-windows-ix86+x86_64 2014.4-1 3.00 26.00 29.00 NOTE
r-patched-linux-x86_64 2014.4-1 1.26 18.83 20.09 NOTE
r-patched-solaris-sparc 2014.4-1 247.90 NOTE
r-patched-solaris-x86 2014.4-1 53.90 NOTE
r-release-linux-ix86 2014.4-1 1.53 24.82 26.34 NOTE
r-release-linux-x86_64 2014.4-1 1.26 18.36 19.62 NOTE
r-release-osx-x86_64-mavericks 2014.4-1 NOTE
r-release-osx-x86_64-snowleopard 2014.4-1 OK
r-release-windows-ix86+x86_64 2014.4-1 4.00 34.00 38.00 NOTE
r-oldrel-windows-ix86+x86_64 2014.4-1 5.00 36.00 41.00 OK

Check Details

Version: 2014.4-1
Check: dependencies in R code
Result: NOTE
    'library' or 'require' calls in package code:
     ‘tframePlus’ ‘zoo’
     Please use :: or requireNamespace() instead.
     See section 'Suggested packages' in the 'Writing R Extensions' manual.
Flavors: r-devel-linux-x86_64-debian-clang, r-devel-linux-x86_64-debian-gcc, r-devel-linux-x86_64-fedora-clang, r-devel-linux-x86_64-fedora-gcc, r-devel-osx-x86_64-clang, r-devel-windows-ix86+x86_64, r-patched-linux-x86_64, r-patched-solaris-sparc, r-patched-solaris-x86

Version: 2014.4-1
Check: R code for possible problems
Result: NOTE
    TSgetSQL: no visible global function definition for ‘as.zoo’
    TSgetSQL: no visible global function definition for ‘zoo’
    TSgetSQL: no visible global function definition for
     ‘changeTSrepresentation’
    TSquery: no visible global function definition for ‘zoo’
Flavors: r-devel-linux-x86_64-debian-clang, r-devel-linux-x86_64-debian-gcc, r-devel-linux-x86_64-fedora-clang, r-devel-linux-x86_64-fedora-gcc, r-devel-osx-x86_64-clang, r-devel-windows-ix86+x86_64, r-patched-linux-x86_64, r-patched-solaris-sparc, r-patched-solaris-x86, r-release-linux-ix86, r-release-linux-x86_64, r-release-osx-x86_64-mavericks, r-release-windows-ix86+x86_64

Version: 2014.4-1
Check: package dependencies
Result: NOTE
    Package suggested but not available for checking: ‘RMySQL’
Flavors: r-patched-solaris-sparc, r-patched-solaris-x86