CRAN Package Check Results for Package TSsql

Last updated on 2017-05-26 19:48:14.

Flavor Version Tinstall Tcheck Ttotal Status Flags
r-devel-linux-x86_64-debian-clang 2017.4-1 2.18 27.87 30.05 OK
r-devel-linux-x86_64-debian-gcc 2017.4-1 2.08 28.52 30.60 OK
r-devel-linux-x86_64-fedora-clang 2017.4-1 55.92 OK
r-devel-linux-x86_64-fedora-gcc 2017.4-1 53.40 OK
r-devel-windows-ix86+x86_64 2017.4-1 5.00 60.00 65.00 OK
r-patched-linux-x86_64 2017.4-1 2.50 29.20 31.70 OK
r-patched-solaris-sparc 2017.4-1 312.90 NOTE
r-patched-solaris-x86 2017.4-1 72.50 NOTE
r-release-linux-x86_64 2017.4-1 2.00 29.04 31.04 OK
r-release-windows-ix86+x86_64 2017.4-1 5.00 53.00 58.00 OK
r-release-osx-x86_64 2017.4-1 OK
r-oldrel-windows-ix86+x86_64 2017.4-1 8.00 49.00 57.00 OK
r-oldrel-osx-x86_64 2017.4-1 OK

Check Details

Version: 2017.4-1
Check: package dependencies
Result: NOTE
    Package suggested but not available for checking: ‘RMySQL’
Flavors: r-patched-solaris-sparc, r-patched-solaris-x86