CRAN Package Check Results for Package TSsql

Last updated on 2016-12-03 08:49:13.

Flavor Version Tinstall Tcheck Ttotal Status Flags
r-devel-linux-x86_64-debian-clang 2015.1-2 2.10 27.89 29.99 NOTE
r-devel-linux-x86_64-debian-gcc 2015.1-2 2.09 27.40 29.49 NOTE
r-devel-linux-x86_64-fedora-clang 2015.1-2 58.32 NOTE
r-devel-linux-x86_64-fedora-gcc 2015.1-2 57.96 NOTE
r-devel-macos-x86_64-clang 2015.1-2 46.16 NOTE
r-devel-windows-ix86+x86_64 2015.1-2 6.00 52.00 58.00 NOTE
r-patched-linux-x86_64 2015.1-2 1.86 24.84 26.71 NOTE
r-patched-solaris-sparc 2015.1-2 307.50 NOTE
r-patched-solaris-x86 2015.1-2 62.20 NOTE
r-release-linux-x86_64 2015.1-2 2.16 24.66 26.82 NOTE
r-release-osx-x86_64-mavericks 2015.1-2 NOTE
r-release-windows-ix86+x86_64 2015.1-2 8.00 80.00 88.00 NOTE
r-oldrel-windows-ix86+x86_64 2015.1-2 9.00 71.00 80.00 OK

Check Details

Version: 2015.1-2
Check: R code for possible problems
Result: NOTE
    TSgetSQL: no visible global function definition for ‘ts’
    TSputSQL: no visible global function definition for ‘is.ts’
    TSputSQL: no visible global function definition for ‘frequency’
    TSputSQL: no visible global function definition for ‘time’
    TSquery: no visible global function definition for ‘ts’
    Undefined global functions or variables:
     frequency is.ts time ts
    Consider adding
     importFrom("stats", "frequency", "is.ts", "time", "ts")
    to your NAMESPACE file.
Flavors: r-devel-linux-x86_64-debian-clang, r-devel-linux-x86_64-debian-gcc, r-devel-linux-x86_64-fedora-clang, r-devel-linux-x86_64-fedora-gcc, r-devel-macos-x86_64-clang, r-devel-windows-ix86+x86_64, r-patched-linux-x86_64, r-patched-solaris-sparc, r-patched-solaris-x86, r-release-linux-x86_64, r-release-osx-x86_64-mavericks, r-release-windows-ix86+x86_64

Version: 2015.1-2
Check: package dependencies
Result: NOTE
    Package suggested but not available for checking: ‘RMySQL’
Flavors: r-patched-solaris-sparc, r-patched-solaris-x86