CRAN Package Check Results for Package TSsql

Last updated on 2014-12-22 03:49:08.

Flavor Version Tinstall Tcheck Ttotal Status Flags
r-devel-linux-x86_64-debian-clang 2014.4-1 1.24 18.46 19.70 NOTE
r-devel-linux-x86_64-debian-gcc 2014.4-1 1.19 17.50 18.69 NOTE
r-devel-linux-x86_64-fedora-clang 2014.4-1 41.75 NOTE
r-devel-linux-x86_64-fedora-gcc 2014.4-1 39.77 NOTE
r-devel-osx-x86_64-clang 2014.4-1 38.06 NOTE
r-devel-windows-ix86+x86_64 2014.4-1 4.00 27.00 31.00 NOTE
r-patched-linux-x86_64 2014.4-1 1.32 18.63 19.94 NOTE
r-patched-solaris-sparc 2014.4-1 222.20 NOTE
r-patched-solaris-x86 2014.4-1 51.50 NOTE
r-release-linux-ix86 2014.4-1 1.55 24.19 25.74 NOTE
r-release-linux-x86_64 2014.4-1 1.37 18.65 20.02 NOTE
r-release-osx-x86_64-mavericks 2014.4-1 NOTE
r-release-osx-x86_64-snowleopard 2014.4-1 OK
r-release-windows-ix86+x86_64 2014.4-1 4.00 31.00 35.00 NOTE
r-oldrel-windows-ix86+x86_64 2014.4-1 5.00 34.00 39.00 NOTE

Check Details

Version: 2014.4-1
Check: R code for possible problems
Result: NOTE
    TSgetSQL: no visible global function definition for ‘as.zoo’
    TSgetSQL: no visible global function definition for ‘zoo’
    TSgetSQL: no visible global function definition for
     ‘changeTSrepresentation’
    TSquery: no visible global function definition for ‘zoo’
Flavors: r-devel-linux-x86_64-debian-clang, r-devel-linux-x86_64-debian-gcc, r-devel-linux-x86_64-fedora-clang, r-devel-linux-x86_64-fedora-gcc, r-devel-osx-x86_64-clang, r-devel-windows-ix86+x86_64, r-patched-linux-x86_64, r-patched-solaris-sparc, r-patched-solaris-x86, r-release-linux-ix86, r-release-linux-x86_64, r-release-windows-ix86+x86_64

Version: 2014.4-1
Check: package dependencies
Result: NOTE
    Package suggested but not available for checking: ‘RMySQL’
Flavors: r-devel-osx-x86_64-clang, r-devel-windows-ix86+x86_64, r-patched-solaris-sparc, r-patched-solaris-x86, r-release-osx-x86_64-mavericks, r-release-windows-ix86+x86_64, r-oldrel-windows-ix86+x86_64