CRAN Package Check Results for Package TSsql

Last updated on 2014-10-25 17:46:57.

Flavor Version Tinstall Tcheck Ttotal Status Flags
r-devel-linux-x86_64-debian-clang 2014.4-1 1.26 18.15 19.41 NOTE
r-devel-linux-x86_64-debian-gcc 2014.4-1 1.20 17.88 19.08 NOTE
r-devel-linux-x86_64-fedora-clang 2014.4-1 39.54 NOTE
r-devel-linux-x86_64-fedora-gcc 2014.4-1 37.03 NOTE
r-devel-osx-x86_64-clang 2014.4-1 35.60 NOTE
r-devel-windows-ix86+x86_64 2014.4-1 3.00 28.00 31.00 NOTE
r-patched-linux-x86_64 2014.4-1 1.29 17.92 19.21 NOTE
r-patched-solaris-sparc 2014.4-1 222.20 NOTE
r-patched-solaris-x86 2014.4-1 51.60 NOTE
r-release-linux-ix86 2014.4-1 1.74 27.25 29.00 OK
r-release-linux-x86_64 2014.4-1 1.33 20.35 21.68 OK
r-release-osx-x86_64-mavericks 2014.4-1 NOTE
r-release-osx-x86_64-snowleopard 2014.4-1 OK
r-release-windows-ix86+x86_64 2014.4-1 4.00 32.00 36.00 NOTE
r-oldrel-windows-ix86+x86_64 2014.4-1 5.00 34.00 39.00 NOTE

Check Details

Version: 2014.4-1
Check: R code for possible problems
Result: NOTE
    TSgetSQL: no visible global function definition for ‘as.zoo’
    TSgetSQL: no visible global function definition for ‘zoo’
    TSgetSQL: no visible global function definition for
     ‘changeTSrepresentation’
    TSquery: no visible global function definition for ‘zoo’
Flavors: r-devel-linux-x86_64-debian-clang, r-devel-linux-x86_64-debian-gcc, r-devel-linux-x86_64-fedora-clang, r-devel-linux-x86_64-fedora-gcc, r-devel-osx-x86_64-clang, r-devel-windows-ix86+x86_64, r-patched-linux-x86_64, r-patched-solaris-sparc, r-patched-solaris-x86

Version: 2014.4-1
Check: package dependencies
Result: NOTE
    Package suggested but not available for checking: ‘RMySQL’
Flavors: r-devel-osx-x86_64-clang, r-devel-windows-ix86+x86_64, r-patched-solaris-sparc, r-patched-solaris-x86, r-release-osx-x86_64-mavericks, r-release-windows-ix86+x86_64, r-oldrel-windows-ix86+x86_64