CRAN Package Check Results for Package TSsql

Last updated on 2015-07-28 11:52:00.

Flavor Version Tinstall Tcheck Ttotal Status Flags
r-devel-linux-x86_64-debian-clang 2015.1-2 2.11 26.28 28.39 NOTE
r-devel-linux-x86_64-debian-gcc 2015.1-2 2.05 25.36 27.40 NOTE
r-devel-linux-x86_64-fedora-clang 2015.1-2 59.17 NOTE
r-devel-linux-x86_64-fedora-gcc 2015.1-2 56.51 NOTE
r-devel-osx-x86_64-clang 2015.1-2 51.35 OK
r-devel-windows-ix86+x86_64 2015.1-2 5.00 43.00 48.00 NOTE
r-patched-linux-x86_64 2015.1-2 2.05 25.45 27.50 OK
r-patched-solaris-sparc 2015.1-2 359.90 NOTE
r-patched-solaris-x86 2015.1-2 76.80 NOTE
r-release-linux-x86_64 2015.1-2 2.00 25.96 27.97 OK
r-release-osx-x86_64-mavericks 2015.1-2 OK
r-release-windows-ix86+x86_64 2015.1-2 8.00 41.00 49.00 OK
r-oldrel-windows-ix86+x86_64 2015.1-2 11.00 57.00 68.00 OK

Check Details

Version: 2015.1-2
Check: R code for possible problems
Result: NOTE
    TSgetSQL: no visible global function definition for ‘ts’
    TSputSQL: no visible global function definition for ‘is.ts’
    TSputSQL: no visible global function definition for ‘frequency’
    TSputSQL: no visible global function definition for ‘time’
    TSquery: no visible global function definition for ‘ts’
    Undefined global functions or variables:
     frequency is.ts time ts
    Consider adding
     importFrom("stats", "frequency", "is.ts", "time", "ts")
    to your NAMESPACE.
Flavors: r-devel-linux-x86_64-debian-clang, r-devel-linux-x86_64-debian-gcc, r-devel-linux-x86_64-fedora-clang, r-devel-linux-x86_64-fedora-gcc, r-devel-windows-ix86+x86_64

Version: 2015.1-2
Check: package dependencies
Result: NOTE
    Package suggested but not available for checking: ‘RMySQL’
Flavors: r-patched-solaris-sparc, r-patched-solaris-x86