CRAN Package Check Results for Package TSsql

Last updated on 2017-01-18 10:49:00.

Flavor Version Tinstall Tcheck Ttotal Status Flags
r-devel-linux-x86_64-debian-clang 2015.1-2 2.08 27.67 29.75 NOTE
r-devel-linux-x86_64-debian-gcc 2015.1-2 2.12 27.54 29.67 NOTE
r-devel-linux-x86_64-fedora-clang 2015.1-2 55.43 NOTE --no-stop-on-test-error
r-devel-linux-x86_64-fedora-gcc 2015.1-2 53.21 NOTE --no-stop-on-test-error
r-devel-macos-x86_64-clang 2015.1-2 44.44 NOTE --no-stop-on-test-error
r-devel-windows-ix86+x86_64 2015.1-2 9.00 50.00 59.00 NOTE
r-patched-linux-x86_64 2015.1-2 1.88 25.08 26.96 NOTE
r-patched-solaris-sparc 2015.1-2 319.10 NOTE
r-patched-solaris-x86 2015.1-2 61.60 NOTE
r-release-linux-x86_64 2015.1-2 2.14 24.80 26.93 NOTE
r-release-osx-x86_64-mavericks 2015.1-2 NOTE
r-release-windows-ix86+x86_64 2015.1-2 6.00 46.00 52.00 NOTE
r-oldrel-windows-ix86+x86_64 2015.1-2 6.00 53.00 59.00 OK

Check Details

Version: 2015.1-2
Check: R code for possible problems
Result: NOTE
    TSgetSQL: no visible global function definition for ‘ts’
    TSputSQL: no visible global function definition for ‘is.ts’
    TSputSQL: no visible global function definition for ‘frequency’
    TSputSQL: no visible global function definition for ‘time’
    TSquery: no visible global function definition for ‘ts’
    Undefined global functions or variables:
     frequency is.ts time ts
    Consider adding
     importFrom("stats", "frequency", "is.ts", "time", "ts")
    to your NAMESPACE file.
Flavors: r-devel-linux-x86_64-debian-clang, r-devel-linux-x86_64-debian-gcc, r-devel-windows-ix86+x86_64, r-patched-linux-x86_64, r-patched-solaris-sparc, r-patched-solaris-x86, r-release-linux-x86_64, r-release-osx-x86_64-mavericks, r-release-windows-ix86+x86_64

Version: 2015.1-2
Flags: --no-stop-on-test-error
Check: R code for possible problems
Result: NOTE
    TSgetSQL: no visible global function definition for ‘ts’
    TSputSQL: no visible global function definition for ‘is.ts’
    TSputSQL: no visible global function definition for ‘frequency’
    TSputSQL: no visible global function definition for ‘time’
    TSquery: no visible global function definition for ‘ts’
    Undefined global functions or variables:
     frequency is.ts time ts
    Consider adding
     importFrom("stats", "frequency", "is.ts", "time", "ts")
    to your NAMESPACE file.
Flavors: r-devel-linux-x86_64-fedora-clang, r-devel-linux-x86_64-fedora-gcc, r-devel-macos-x86_64-clang

Version: 2015.1-2
Check: package dependencies
Result: NOTE
    Package suggested but not available for checking: ‘RMySQL’
Flavors: r-patched-solaris-sparc, r-patched-solaris-x86