CRAN Package Check Results for Package TSsql

Last updated on 2015-05-30 23:47:19.

Flavor Version Tinstall Tcheck Ttotal Status Flags
r-devel-linux-x86_64-debian-clang 2015.1-2 2.11 26.83 28.94 OK
r-devel-linux-x86_64-debian-gcc 2015.1-2 2.03 25.76 27.79 OK
r-devel-linux-x86_64-fedora-clang 2015.1-2 58.91 OK
r-devel-linux-x86_64-fedora-gcc 2015.1-2 55.41 OK
r-devel-osx-x86_64-clang 2015.1-2 52.87 OK
r-devel-windows-ix86+x86_64 2015.1-2 6.00 44.00 50.00 OK
r-patched-linux-x86_64 2015.1-2 2.06 25.63 27.69 OK
r-patched-solaris-sparc 2015.1-2 347.10 NOTE
r-patched-solaris-x86 2015.1-2 75.50 NOTE
r-release-linux-x86_64 2015.1-2 2.07 25.95 28.02 OK
r-release-osx-x86_64-mavericks 2015.1-2 OK
r-release-osx-x86_64-snowleopard 2015.1-2 OK
r-release-windows-ix86+x86_64 2015.1-2 7.00 43.00 50.00 OK
r-oldrel-windows-ix86+x86_64 2015.1-2 9.00 56.00 65.00 OK

Check Details

Version: 2015.1-2
Check: package dependencies
Result: NOTE
    Package suggested but not available for checking: ‘RMySQL’
Flavors: r-patched-solaris-sparc, r-patched-solaris-x86