CRAN Package Check Results for Package TSsql

Last updated on 2017-03-27 06:48:43.

Flavor Version Tinstall Tcheck Ttotal Status Flags
r-devel-linux-x86_64-debian-clang 2015.1-2 2.06 27.90 29.97 NOTE
r-devel-linux-x86_64-debian-gcc 2015.1-2 1.99 27.92 29.90 NOTE
r-devel-linux-x86_64-fedora-clang 2015.1-2 55.58 NOTE --no-stop-on-test-error
r-devel-linux-x86_64-fedora-gcc 2015.1-2 56.84 NOTE --no-stop-on-test-error
r-devel-macos-x86_64-clang 2015.1-2 44.77 NOTE --no-stop-on-test-error
r-patched-linux-x86_64 2015.1-2 2.04 27.64 29.68 NOTE
r-patched-solaris-sparc 2015.1-2 328.60 NOTE
r-patched-solaris-x86 2015.1-2 71.50 NOTE
r-release-linux-x86_64 2015.1-2 1.93 24.94 26.87 NOTE
r-release-osx-x86_64-mavericks 2015.1-2 NOTE
r-release-windows-ix86+x86_64 2015.1-2 10.00 51.00 61.00 NOTE
r-oldrel-windows-ix86+x86_64 2015.1-2 5.00 53.00 58.00 OK

Check Details

Version: 2015.1-2
Check: R code for possible problems
Result: NOTE
    TSgetSQL: no visible global function definition for ‘ts’
    TSputSQL: no visible global function definition for ‘is.ts’
    TSputSQL: no visible global function definition for ‘frequency’
    TSputSQL: no visible global function definition for ‘time’
    TSquery: no visible global function definition for ‘ts’
    Undefined global functions or variables:
     frequency is.ts time ts
    Consider adding
     importFrom("stats", "frequency", "is.ts", "time", "ts")
    to your NAMESPACE file.
Flavors: r-devel-linux-x86_64-debian-clang, r-devel-linux-x86_64-debian-gcc, r-patched-linux-x86_64, r-patched-solaris-sparc, r-patched-solaris-x86, r-release-linux-x86_64, r-release-osx-x86_64-mavericks, r-release-windows-ix86+x86_64

Version: 2015.1-2
Flags: --no-stop-on-test-error
Check: R code for possible problems
Result: NOTE
    TSgetSQL: no visible global function definition for ‘ts’
    TSputSQL: no visible global function definition for ‘is.ts’
    TSputSQL: no visible global function definition for ‘frequency’
    TSputSQL: no visible global function definition for ‘time’
    TSquery: no visible global function definition for ‘ts’
    Undefined global functions or variables:
     frequency is.ts time ts
    Consider adding
     importFrom("stats", "frequency", "is.ts", "time", "ts")
    to your NAMESPACE file.
Flavors: r-devel-linux-x86_64-fedora-clang, r-devel-linux-x86_64-fedora-gcc, r-devel-macos-x86_64-clang

Version: 2015.1-2
Check: package dependencies
Result: NOTE
    Package suggested but not available for checking: ‘RMySQL’
Flavors: r-patched-solaris-sparc, r-patched-solaris-x86