CRAN Package Check Results for Package TSsql

Last updated on 2017-09-24 16:47:54.

Flavor Version Tinstall Tcheck Ttotal Status Flags
r-devel-linux-x86_64-debian-clang 2017.4-1 2.02 28.54 30.56 OK
r-devel-linux-x86_64-debian-gcc 2017.4-1 2.03 28.18 30.21 OK
r-devel-linux-x86_64-fedora-clang 2017.4-1 57.35 OK
r-devel-linux-x86_64-fedora-gcc 2017.4-1 55.77 OK
r-devel-windows-ix86+x86_64 2017.4-1 8.00 51.00 59.00 OK
r-patched-linux-x86_64 2017.4-1 2.03 28.63 30.66 OK
r-patched-solaris-x86 2017.4-1 72.50 NOTE
r-release-linux-x86_64 2017.4-1 2.20 28.51 30.71 OK
r-release-windows-ix86+x86_64 2017.4-1 5.00 56.00 61.00 OK
r-release-osx-x86_64 2017.4-1 OK
r-oldrel-windows-ix86+x86_64 2017.4-1 5.00 49.00 54.00 OK
r-oldrel-osx-x86_64 2017.4-1 OK

Check Details

Version: 2017.4-1
Check: package dependencies
Result: NOTE
    Package suggested but not available for checking: ‘RMySQL’
Flavor: r-patched-solaris-x86