CRAN Package Check Results for Package TSsql

Last updated on 2014-07-24 22:48:45.

Flavor Version Tinstall Tcheck Ttotal Status Flags
r-devel-linux-x86_64-debian-clang 2014.4-1 1.21 18.73 19.94 OK
r-devel-linux-x86_64-debian-gcc 2014.4-1 1.10 18.51 19.61 OK
r-devel-linux-x86_64-fedora-clang 2014.4-1 41.18 OK
r-devel-linux-x86_64-fedora-gcc 2014.4-1 39.21 OK
r-devel-osx-x86_64-clang 2014.4-1 40.07 NOTE
r-devel-windows-ix86+x86_64 2014.4-1 4.00 28.00 32.00 NOTE
r-patched-linux-x86_64 2014.4-1 1.12 18.58 19.70 OK
r-patched-solaris-sparc 2014.4-1 209.70 NOTE
r-patched-solaris-x86 2014.4-1 53.90 NOTE
r-release-linux-ix86 2014.4-1 1.44 25.49 26.93 OK
r-release-linux-x86_64 2014.4-1 1.14 6.71 7.85 OK
r-release-osx-x86_64-mavericks 2014.4-1 NOTE
r-release-osx-x86_64-snowleopard 2014.4-1 OK
r-release-windows-ix86+x86_64 2014.4-1 3.00 29.00 32.00 NOTE
r-oldrel-windows-ix86+x86_64 2014.4-1 4.00 28.00 32.00 NOTE

Check Details

Version: 2014.4-1
Check: package dependencies
Result: NOTE
    Package suggested but not available for checking: ‘RMySQL’
Flavors: r-devel-osx-x86_64-clang, r-devel-windows-ix86+x86_64, r-patched-solaris-sparc, r-patched-solaris-x86, r-release-osx-x86_64-mavericks, r-release-windows-ix86+x86_64, r-oldrel-windows-ix86+x86_64