CRAN Package Check Results for Package TSxls

Last updated on 2014-04-19 05:47:54.

Flavor Version Tinstall Tcheck Ttotal Status Flags
r-devel-linux-x86_64-debian-clang 2013.8-2 3.10 35.28 38.39 OK
r-devel-linux-x86_64-debian-gcc 2013.8-2 3.06 34.84 37.90 OK
r-devel-linux-x86_64-fedora-clang 2013.8-2 81.87 OK
r-devel-linux-x86_64-fedora-gcc 2013.8-2 73.38 OK
r-devel-macosx-x86_64-clang 2013.8-2 64.57 OK
r-devel-macosx-x86_64-gcc 2013.8-2 ERROR
r-devel-windows-ix86+x86_64 2013.8-2 8.00 51.00 59.00 OK
r-patched-linux-x86_64 2013.8-2 3.06 35.02 38.09 OK
r-patched-solaris-sparc 2013.8-2 436.30 OK
r-patched-solaris-x86 2013.8-2 97.90 OK
r-release-linux-ix86 2013.8-2 5.00 57.00 62.00 OK
r-release-linux-x86_64 2013.8-2 3.06 34.91 37.97 OK
r-release-macosx-x86_64 2013.8-2 OK
r-release-windows-ix86+x86_64 2013.8-2 9.00 52.00 61.00 OK
r-oldrel-windows-ix86+x86_64 2013.8-2 8.00 49.00 57.00 OK

Check Details

Version: 2013.8-2
Check: package dependencies
Result: ERROR
    Package required but not available: ‘tframePlus’
    
    Package suggested but not available for checking: ‘zoo’
    
    See the information on DESCRIPTION files in the chapter ‘Creating R
    packages’ of the ‘Writing R Extensions’ manual.
Flavor: r-devel-macosx-x86_64-gcc