CRAN Package Check Results for Package TSzip

Last updated on 2014-09-18 19:47:45.

Flavor Version Tinstall Tcheck Ttotal Status Flags
r-devel-linux-x86_64-debian-clang 2013.9-1 3.00 38.15 41.16 OK
r-devel-linux-x86_64-debian-gcc 2013.9-1 2.80 37.13 39.93 OK
r-devel-linux-x86_64-fedora-clang 2013.9-1 80.32 OK
r-devel-linux-x86_64-fedora-gcc 2013.9-1 80.88 OK
r-devel-osx-x86_64-clang 2013.9-1 67.91 OK
r-devel-windows-ix86+x86_64 2013.9-1 9.00 55.00 64.00 NOTE
r-patched-linux-x86_64 2013.9-1 3.40 38.72 42.12 OK
r-patched-solaris-sparc 2013.9-1 452.00 OK
r-patched-solaris-x86 2013.9-1 101.00 OK
r-release-linux-ix86 2013.9-1 3.56 48.58 52.15 OK
r-release-linux-x86_64 2013.9-1 3.05 41.60 44.65 OK
r-release-osx-x86_64-mavericks 2013.9-1 OK
r-release-osx-x86_64-snowleopard 2013.9-1 OK
r-release-windows-ix86+x86_64 2013.9-1 9.00 58.00 67.00 OK
r-oldrel-windows-ix86+x86_64 2013.9-1 8.00 57.00 65.00 OK

Check Details

Version: 2013.9-1
Check: re-building of vignette outputs
Result: NOTE
    Error in re-building vignettes:
     ...
    Warning: running command '"D:\compiler\texmf\miktex\bin\texi2dvi.exe" --quiet --pdf "Guide.tex" --max-iterations=20 -I "D:/RCompile/recent/R/share/texmf/tex/latex" -I "D:/RCompile/recent/R/share/texmf/bibtex/bst"' had status 1
    Error in find_vignette_product(name, by = "texi2pdf", engine = engine) :
     Failed to locate the 'texi2pdf' output file (by engine 'utils::Sweave') for vignette with name 'Guide'. The following files exist in directory '.': 'Guide.Stex', 'Guide.tex'
    Calls: buildVignettes -> find_vignette_product
    Execution halted
Flavor: r-devel-windows-ix86+x86_64