CRAN Package Check Results for Package TSzip

Last updated on 2014-04-17 05:47:20.

Flavor Version Tinstall Tcheck Ttotal Status Flags
r-devel-linux-x86_64-debian-clang 2013.9-1 2.99 39.18 42.17 OK
r-devel-linux-x86_64-debian-gcc 2013.9-1 3.03 38.93 41.96 OK
r-devel-linux-x86_64-fedora-clang 2013.9-1 84.63 OK
r-devel-linux-x86_64-fedora-gcc 2013.9-1 78.21 OK
r-devel-macosx-x86_64-clang 2013.9-1 74.93 OK
r-devel-macosx-x86_64-gcc 2013.9-1 ERROR
r-devel-windows-ix86+x86_64 2013.9-1 8.00 105.00 113.00 ERROR
r-patched-linux-x86_64 2013.9-1 3.04 39.18 42.22 OK
r-patched-solaris-sparc 2013.9-1 443.00 OK
r-patched-solaris-x86 2013.9-1 100.70 OK
r-release-linux-ix86 2013.9-1 6.00 62.00 68.00 OK
r-release-linux-x86_64 2013.9-1 3.13 39.76 42.90 OK
r-release-macosx-x86_64 2013.9-1 OK
r-release-windows-ix86+x86_64 2013.9-1 8.00 58.00 66.00 OK
r-oldrel-windows-ix86+x86_64 2013.9-1 8.00 54.00 62.00 OK

Check Details

Version: 2013.9-1
Check: package dependencies
Result: ERROR
    Package required but not available: ‘tframePlus’
    
    Packages suggested but not available for checking: ‘zoo’ ‘xts’
    
    See the information on DESCRIPTION files in the chapter ‘Creating R
    packages’ of the ‘Writing R Extensions’ manual.
Flavor: r-devel-macosx-x86_64-gcc

Version: 2013.9-1
Check: examples
Result: ERROR
    Running examples in 'TSzip-Ex.R' failed
    The error most likely occurred in:
    
    > ### Name: zip
    > ### Title: Methods for TSdbi Generics to Connect to zipped csv Files
    > ### Aliases: zip TSconnect,zipDriver,character-method
    > ### TSget,character,TSzipConnection-method
    > ### TSdates,character,TSzipConnection-method
    > ### TSdescription,character,TSzipConnection-method
    > ### TSdoc,character,TSzipConnection-method
    > ### TSlabel,character,TSzipConnection-method
    > ### TSsource,character,TSzipConnection-method
    > ### dbDisconnect,TSzipConnection-method zipDriver-class
    > ### TSzipConnection-class
    > ### Keywords: ts
    >
    > ### ** Examples
    >
    > require("tfplot")
    Loading required package: tfplot
    Loading required package: tframe
    > # data from http://pitrading.com/
    > # par(ask=TRUE) # to pause between pages
    > con <- TSconnect("zip", dbname="http://pitrading.com/free_eod_data")
    > x <- TSget("EURUSD", con)
    Loading required package: zoo
    
    Attaching package: 'zoo'
    
    The following objects are masked from 'package:base':
    
     as.Date, as.Date.numeric
    
    Warning in download.file(url, file, quiet = TRUE, mode = "wb", cacheOK = TRUE) :
     unable to connect to 'pitrading.com' on port 80.
    Error in .local(serIDs, con, ...) :
     download.file error, possibly could not find url http://pitrading.com/free_eod_data/EURUSD.zip or file D:\temp\RtmpOq60vb\file174017eb1d36/EURUSD.zip
    Calls: TSget -> TSget -> .local
    Execution halted
Flavor: r-devel-windows-ix86+x86_64