CRAN Package Check Results for Package TTAinterfaceTrendAnalysis

Last updated on 2015-04-26 12:46:44.

Flavor Version Tinstall Tcheck Ttotal Status Flags
r-devel-linux-x86_64-debian-clang 1.5.1 4.05 63.25 67.30 OK
r-devel-linux-x86_64-debian-gcc 1.5.1 3.88 62.33 66.21 OK
r-devel-linux-x86_64-fedora-clang 1.5.1 139.01 OK
r-devel-linux-x86_64-fedora-gcc 1.5.1 137.07 OK
r-devel-osx-x86_64-clang 1.5.1 112.29 OK
r-devel-windows-ix86+x86_64 1.5.1 18.00 82.00 100.00 OK
r-patched-linux-x86_64 1.5.1 3.97 62.53 66.50 OK
r-patched-solaris-sparc 1.5.1 691.00 OK
r-patched-solaris-x86 1.5.1 162.30 OK
r-release-linux-x86_64 1.5.1 3.88 62.40 66.28 OK
r-release-osx-x86_64-mavericks 1.5.1 ERROR
r-release-osx-x86_64-snowleopard 1.5.1 ERROR
r-release-windows-ix86+x86_64 1.5.1 15.00 76.00 91.00 OK
r-oldrel-windows-ix86+x86_64 1.5.1 28.00 139.00 167.00 OK

Check Details

Version: 1.5.1
Check: package dependencies
Result: ERROR
    Package required but not available: ‘multcomp’
    
    See section ‘The DESCRIPTION file’ in the ‘Writing R Extensions’
    manual.
Flavor: r-release-osx-x86_64-mavericks