CRAN Package Check Results for Package TTAinterfaceTrendAnalysis

Last updated on 2016-07-28 17:48:37.

Flavor Version Tinstall Tcheck Ttotal Status Flags
r-devel-linux-x86_64-debian-clang 1.5.2 6.36 81.83 88.19 OK
r-devel-linux-x86_64-debian-gcc 1.5.2 5.94 81.79 87.72 OK
r-devel-linux-x86_64-fedora-clang 1.5.2 123.67 OK
r-devel-linux-x86_64-fedora-gcc 1.5.2 118.16 OK
r-devel-osx-x86_64-clang 1.5.2 106.45 OK
r-devel-windows-ix86+x86_64 1.5.2 24.00 127.00 151.00 OK
r-patched-linux-x86_64 1.5.2 5.57 77.36 82.93 OK
r-patched-solaris-sparc 1.5.2 749.30 OK
r-patched-solaris-x86 1.5.2 168.60 OK
r-release-linux-x86_64 1.5.2 6.34 76.88 83.22 OK
r-release-osx-x86_64-mavericks 1.5.2 ERROR
r-release-windows-ix86+x86_64 1.5.2 25.00 117.00 142.00 OK
r-oldrel-windows-ix86+x86_64 1.5.2 24.00 94.00 118.00 OK

Check Details

Version: 1.5.2
Check: whether package can be installed
Result: ERROR
    Installation failed.
Flavor: r-release-osx-x86_64-mavericks