CRAN Package Check Results for Package TTAinterfaceTrendAnalysis

Last updated on 2015-07-28 19:48:18.

Flavor Version Tinstall Tcheck Ttotal Status Flags
r-devel-linux-x86_64-debian-clang 1.5.1 4.12 66.41 70.54 NOTE
r-devel-linux-x86_64-debian-gcc 1.5.1 3.83 65.41 69.24 NOTE
r-devel-linux-x86_64-fedora-clang 1.5.1 139.28 NOTE
r-devel-linux-x86_64-fedora-gcc 1.5.1 132.54 NOTE
r-devel-osx-x86_64-clang 1.5.1 114.46 OK
r-devel-windows-ix86+x86_64 1.5.1 16.00 84.00 100.00 NOTE
r-patched-linux-x86_64 1.5.1 3.94 64.79 68.72 OK
r-patched-solaris-sparc 1.5.1 705.00 OK
r-patched-solaris-x86 1.5.1 172.70 OK
r-release-linux-x86_64 1.5.1 4.00 67.65 71.65 OK
r-release-osx-x86_64-mavericks 1.5.1 OK
r-release-windows-ix86+x86_64 1.5.1 26.00 80.00 106.00 OK
r-oldrel-windows-ix86+x86_64 1.5.1 31.00 152.00 183.00 OK

Check Details

Version: 1.5.1
Check: R code for possible problems
Result: NOTE
    FULLoption: no visible global function definition for ‘capture.output’
    FULLoption: no visible global function definition for ‘na.omit’
    FULLoption: no visible global function definition for ‘lm’
    FULLoption: no visible global function definition for ‘png’
    FULLoption: no visible global function definition for ‘abline’
    FULLoption: no visible global function definition for ‘dev.off’
    FULLoption: no visible global function definition for ‘write.table’
    FULLoption: no visible global function definition for ‘ts’
    FULLoption: no visible global function definition for ‘title’
    FULLoption: no visible global function definition for ‘boxplot’
    FULLoption: no visible global function definition for ‘quantile’
    FULLoption: no visible binding for global variable ‘quantile’
    FULLoption: no visible binding for global variable ‘median’
    FULLoption: no visible global function definition for ‘reshape’
    FULLoption: no visible global function definition for ‘aov’
    FULLoption: no visible binding for global variable ‘time’
    FULLoption: no visible global function definition for ‘qqnorm’
    FULLoption: no visible global function definition for ‘qqline’
    FULLoption: no visible global function definition for ‘shapiro.test’
    FULLoption: no visible global function definition for ‘acf’
    FULLoption: no visible binding for global variable ‘na.pass’
    FULLoption: no visible global function definition for ‘identify’
    FULLoption: no visible global function definition for ‘median’
    FULLoption: no visible global function definition for ‘filled.contour’
    FULLoption: no visible global function definition for
     ‘colorRampPalette’
    FULLoption: no visible global function definition for ‘barplot’
    FULLoption: no visible global function definition for ‘axis’
    FULLoption: no visible global function definition for ‘stl’
    FULLoption: no visible binding for global variable ‘na.fail’
    FULLoption: no visible global function definition for ‘time’
    FULLoption: no visible global function definition for ‘dev.new’
    FULLoption: no visible global function definition for ‘window’
    FULLoption: no visible global function definition for ‘loess’
    FULLoption: no visible global function definition for ‘loess.control’
    FULLoption: no visible binding for global variable ‘na.exclude’
    FULLoption: no visible global function definition for ‘predict’
    FULLoption: no visible global function definition for ‘lines’
    FULLoption: no visible global function definition for ‘legend’
    TTAinterface : getfile: no visible global function definition for
     ‘read.table’
    TTAinterface : <anonymous>: no visible global function definition for
     ‘browseURL’
    fixdata: no visible global function definition for ‘fix’
    fixdata: no visible global function definition for ‘write.table’
    Undefined global functions or variables:
     abline acf aov axis barplot boxplot browseURL capture.output
     colorRampPalette dev.new dev.off filled.contour fix identify legend
     lines lm loess loess.control median na.exclude na.fail na.omit
     na.pass png predict qqline qqnorm quantile read.table reshape
     shapiro.test stl time title ts window write.table
    Consider adding
     importFrom("grDevices", "colorRampPalette", "dev.new", "dev.off",
     "png")
     importFrom("graphics", "abline", "axis", "barplot", "boxplot",
     "filled.contour", "identify", "legend", "lines", "title")
     importFrom("stats", "acf", "aov", "lm", "loess", "loess.control",
     "median", "na.exclude", "na.fail", "na.omit", "na.pass",
     "predict", "qqline", "qqnorm", "quantile", "reshape",
     "shapiro.test", "stl", "time", "ts", "window")
     importFrom("utils", "browseURL", "capture.output", "fix", "read.table",
     "write.table")
    to your NAMESPACE.
Flavors: r-devel-linux-x86_64-debian-clang, r-devel-linux-x86_64-debian-gcc, r-devel-linux-x86_64-fedora-clang, r-devel-linux-x86_64-fedora-gcc, r-devel-windows-ix86+x86_64