CRAN Package Check Results for Package TTAinterfaceTrendAnalysis

Last updated on 2014-04-23 12:48:30.

Flavor Version Tinstall Tcheck Ttotal Status Flags
r-devel-linux-x86_64-debian-clang 1.5.1 6.12 75.60 81.72 OK
r-devel-linux-x86_64-debian-gcc 1.5.1 6.06 76.28 82.34 OK
r-devel-linux-x86_64-fedora-clang 1.5.1 179.52 OK
r-devel-linux-x86_64-fedora-gcc 1.5.1 169.82 OK
r-devel-osx-x86_64-clang 1.5.1 142.48 OK
r-devel-osx-x86_64-gcc 1.5.1 ERROR
r-devel-windows-ix86+x86_64 1.5.1 21.00 116.00 137.00 OK
r-patched-linux-x86_64 1.5.1 6.11 76.29 82.40 OK
r-patched-solaris-sparc 1.5.1 874.00 OK
r-patched-solaris-x86 1.5.1 229.80 OK
r-release-linux-ix86 1.5.1 10.00 124.00 134.00 OK
r-release-linux-x86_64 1.5.1 6.03 75.14 81.17 OK
r-release-osx-x86_64-mavericks 1.5.1 OK
r-release-osx-x86_64-snowleopard 1.5.1 ERROR
r-release-windows-ix86+x86_64 1.5.1 24.00 122.00 146.00 OK
r-oldrel-windows-ix86+x86_64 1.5.1 26.00 114.00 140.00 OK

Check Details

Version: 1.5.1
Check: package dependencies
Result: ERROR
    Packages required but not available: ‘Hmisc’ ‘wq’ ‘multcomp’
    
    See the information on DESCRIPTION files in the chapter ‘Creating R
    packages’ of the ‘Writing R Extensions’ manual.
Flavor: r-devel-osx-x86_64-gcc

Version: 1.5.1
Check: package dependencies
Result: ERROR
    Package required but not available: ‘multcomp’
    
    See the information on DESCRIPTION files in the chapter ‘Creating R
    packages’ of the ‘Writing R Extensions’ manual.
Flavor: r-release-osx-x86_64-snowleopard