CRAN Package Check Results for Package TTR

Last updated on 2018-05-27 00:47:02 CEST.

Flavor Version Tinstall Tcheck Ttotal Status Flags
r-devel-linux-x86_64-debian-clang 0.23-3 6.65 40.54 47.19 OK
r-devel-linux-x86_64-debian-gcc 0.23-3 3.96 31.95 35.91 OK
r-devel-linux-x86_64-fedora-clang 0.23-3 56.95 OK
r-devel-linux-x86_64-fedora-gcc 0.23-3 53.49 OK
r-devel-windows-ix86+x86_64 0.23-3 20.00 140.00 160.00 ERROR
r-patched-linux-x86_64 0.23-3 5.18 38.38 43.56 OK
r-patched-solaris-x86 0.23-3 85.90 OK
r-release-linux-x86_64 0.23-3 4.48 38.25 42.73 OK
r-release-windows-ix86+x86_64 0.23-3 22.00 128.00 150.00 ERROR
r-release-osx-x86_64 0.23-3 OK
r-oldrel-windows-ix86+x86_64 0.23-3 20.00 133.00 153.00 ERROR
r-oldrel-osx-x86_64 0.23-3 OK

Check Details

Version: 0.23-3
Check: running examples for arch ‘i386’
Result: ERROR
    Running examples in 'TTR-Ex.R' failed
    The error most likely occurred in:
    
    > ### Name: TTR
    > ### Title: Functions to create Technical Trading Rules (TTR)
    > ### Aliases: TTR TTR-package
    > ### Keywords: package
    >
    > ### ** Examples
    >
    >
    > data(ttrc)
    >
    > # Bollinger Bands
    > bbands <- BBands( ttrc[,c("High","Low","Close")] )
    >
    > # Directional Movement Index
    > adx <- ADX(ttrc[,c("High","Low","Close")])
    >
    > # Moving Averages
    > ema <- EMA(ttrc[,"Close"], n=20)
    > sma <- SMA(ttrc[,"Close"], n=20)
    >
    > # MACD
    > macd <- MACD( ttrc[,"Close"] )
    >
    > # RSI
    > rsi <- RSI(ttrc[,"Close"])
    >
    > # Stochastics
    > stochOsc <- stoch(ttrc[,c("High","Low","Close")])
    >
    > ### Note: you must have a working internet connection
    > ### for the examples below to work!
    >
    > # Fetch U.S. symbols from the internet
    > nyseSymbols <- stockSymbols("NYSE")
    Fetching NYSE symbols...
    Warning in file(file, "rt") :
     InternetOpenUrl failed: 'Eine Umleitungsanforderung ändert eine nicht sichere in eine sichere Verbindung.'
    Error in file(file, "rt") : cannot open the connection
    Calls: stockSymbols -> read.csv -> read.table -> file
    Execution halted
Flavors: r-devel-windows-ix86+x86_64, r-release-windows-ix86+x86_64, r-oldrel-windows-ix86+x86_64

Version: 0.23-3
Check: running examples for arch ‘x64’
Result: ERROR
    Running examples in 'TTR-Ex.R' failed
    The error most likely occurred in:
    
    > ### Name: TTR
    > ### Title: Functions to create Technical Trading Rules (TTR)
    > ### Aliases: TTR TTR-package
    > ### Keywords: package
    >
    > ### ** Examples
    >
    >
    > data(ttrc)
    >
    > # Bollinger Bands
    > bbands <- BBands( ttrc[,c("High","Low","Close")] )
    >
    > # Directional Movement Index
    > adx <- ADX(ttrc[,c("High","Low","Close")])
    >
    > # Moving Averages
    > ema <- EMA(ttrc[,"Close"], n=20)
    > sma <- SMA(ttrc[,"Close"], n=20)
    >
    > # MACD
    > macd <- MACD( ttrc[,"Close"] )
    >
    > # RSI
    > rsi <- RSI(ttrc[,"Close"])
    >
    > # Stochastics
    > stochOsc <- stoch(ttrc[,c("High","Low","Close")])
    >
    > ### Note: you must have a working internet connection
    > ### for the examples below to work!
    >
    > # Fetch U.S. symbols from the internet
    > nyseSymbols <- stockSymbols("NYSE")
    Fetching NYSE symbols...
    Warning in file(file, "rt") :
     InternetOpenUrl failed: 'Eine Umleitungsanforderung ändert eine nicht sichere in eine sichere Verbindung.'
    Error in file(file, "rt") : cannot open the connection
    Calls: stockSymbols -> read.csv -> read.table -> file
    Execution halted
Flavors: r-devel-windows-ix86+x86_64, r-release-windows-ix86+x86_64, r-oldrel-windows-ix86+x86_64