CRAN Package Check Results for Package TTR

Last updated on 2017-04-27 05:52:14.

Flavor Version Tinstall Tcheck Ttotal Status Flags
r-devel-linux-x86_64-debian-clang 0.23-1 2.63 34.26 36.88 NOTE
r-devel-linux-x86_64-debian-gcc 0.23-1 2.51 32.46 34.97 NOTE
r-devel-linux-x86_64-fedora-clang 0.23-1 52.31 NOTE --no-stop-on-test-error
r-devel-linux-x86_64-fedora-gcc 0.23-1 51.57 NOTE --no-stop-on-test-error
r-devel-windows-ix86+x86_64 0.23-1 14.00 97.00 111.00 ERROR
r-patched-linux-x86_64 0.23-1 2.36 33.39 35.75 NOTE
r-patched-solaris-sparc 0.23-1 322.50 OK
r-patched-solaris-x86 0.23-1 69.90 OK
r-release-linux-x86_64 0.23-1 2.32 32.31 34.64 NOTE
r-release-windows-ix86+x86_64 0.23-1 14.00 78.00 92.00 ERROR
r-release-osx-x86_64 0.23-1 OK
r-oldrel-windows-ix86+x86_64 0.23-1 14.00 87.00 101.00 ERROR
r-oldrel-osx-x86_64 0.23-1 OK

Check Details

Version: 0.23-1
Check: compiled code
Result: NOTE
    File ‘TTR/libs/TTR.so’:
     Found no calls to: ‘R_registerRoutines’, ‘R_useDynamicSymbols’
    
    It is good practice to register native routines and to disable symbol
    search.
    
    See ‘Writing portable packages’ in the ‘Writing R Extensions’ manual.
Flavors: r-devel-linux-x86_64-debian-clang, r-devel-linux-x86_64-debian-gcc, r-patched-linux-x86_64, r-release-linux-x86_64

Version: 0.23-1
Flags: --no-stop-on-test-error
Check: compiled code
Result: NOTE
    File ‘TTR/libs/TTR.so’:
     Found no calls to: ‘R_registerRoutines’, ‘R_useDynamicSymbols’
    
    It is good practice to register native routines and to disable symbol
    search.
    
    See ‘Writing portable packages’ in the ‘Writing R Extensions’ manual.
Flavors: r-devel-linux-x86_64-fedora-clang, r-devel-linux-x86_64-fedora-gcc

Version: 0.23-1
Check: running examples for arch ‘i386’
Result: ERROR
    Running examples in 'TTR-Ex.R' failed
    The error most likely occurred in:
    
    > ### Name: TTR
    > ### Title: Functions to create Technical Trading Rules (TTR)
    > ### Aliases: TTR TTR-package
    > ### Keywords: package
    >
    > ### ** Examples
    >
    > data(ttrc)
    >
    > # Bollinger Bands
    > bbands <- BBands( ttrc[,c("High","Low","Close")] )
    >
    > # Directional Movement Index
    > adx <- ADX(ttrc[,c("High","Low","Close")])
    >
    > # Moving Averages
    > ema <- EMA(ttrc[,"Close"], n=20)
    > sma <- SMA(ttrc[,"Close"], n=20)
    >
    > # MACD
    > macd <- MACD( ttrc[,"Close"] )
    >
    > # RSI
    > rsi <- RSI(ttrc[,"Close"])
    >
    > # Stochastics
    > stochOsc <- stoch(ttrc[,c("High","Low","Close")])
    >
    > ### Note: you must have a working internet connection
    > ### for the examples below to work!
    >
    > # Fetch U.S. symbols from the internet
    > nyseSymbols <- stockSymbols("NYSE")
    Fetching NYSE symbols...
    >
    > # Fetch Yahoo! Finance data from the internet
    > ibm <- getYahooData("IBM", 19990404, 20050607)
    Warning in file(file, "rt") :
     InternetOpenUrl failed: 'Eine Umleitungsanforderung ändert eine nicht sichere in eine sichere Verbindung.'
    Error in file(file, "rt") : cannot open the connection
    Calls: getYahooData -> getYahooData -> read.table -> file
    Execution halted
Flavors: r-devel-windows-ix86+x86_64, r-release-windows-ix86+x86_64, r-oldrel-windows-ix86+x86_64

Version: 0.23-1
Check: running examples for arch ‘x64’
Result: ERROR
    Running examples in 'TTR-Ex.R' failed
    The error most likely occurred in:
    
    > ### Name: TTR
    > ### Title: Functions to create Technical Trading Rules (TTR)
    > ### Aliases: TTR TTR-package
    > ### Keywords: package
    >
    > ### ** Examples
    >
    > data(ttrc)
    >
    > # Bollinger Bands
    > bbands <- BBands( ttrc[,c("High","Low","Close")] )
    >
    > # Directional Movement Index
    > adx <- ADX(ttrc[,c("High","Low","Close")])
    >
    > # Moving Averages
    > ema <- EMA(ttrc[,"Close"], n=20)
    > sma <- SMA(ttrc[,"Close"], n=20)
    >
    > # MACD
    > macd <- MACD( ttrc[,"Close"] )
    >
    > # RSI
    > rsi <- RSI(ttrc[,"Close"])
    >
    > # Stochastics
    > stochOsc <- stoch(ttrc[,c("High","Low","Close")])
    >
    > ### Note: you must have a working internet connection
    > ### for the examples below to work!
    >
    > # Fetch U.S. symbols from the internet
    > nyseSymbols <- stockSymbols("NYSE")
    Fetching NYSE symbols...
    >
    > # Fetch Yahoo! Finance data from the internet
    > ibm <- getYahooData("IBM", 19990404, 20050607)
    Warning in file(file, "rt") :
     InternetOpenUrl failed: 'Eine Umleitungsanforderung ändert eine nicht sichere in eine sichere Verbindung.'
    Error in file(file, "rt") : cannot open the connection
    Calls: getYahooData -> getYahooData -> read.table -> file
    Execution halted
Flavors: r-devel-windows-ix86+x86_64, r-release-windows-ix86+x86_64, r-oldrel-windows-ix86+x86_64