CRAN Package Check Results for Package TTR

Last updated on 2017-02-25 08:49:50.

Flavor Version Tinstall Tcheck Ttotal Status Flags
r-devel-linux-x86_64-debian-clang 0.23-1 2.74 32.14 34.88 NOTE
r-devel-linux-x86_64-debian-gcc 0.23-1 2.50 31.19 33.69 NOTE
r-devel-linux-x86_64-fedora-clang 0.23-1 52.17 NOTE --no-stop-on-test-error
r-devel-linux-x86_64-fedora-gcc 0.23-1 49.30 NOTE --no-stop-on-test-error
r-devel-macos-x86_64-clang 0.23-1 45.57 NOTE --no-stop-on-test-error
r-devel-windows-ix86+x86_64 0.23-1 19.00 124.00 143.00 OK
r-patched-linux-x86_64 0.23-1 2.25 24.92 27.17 OK
r-patched-solaris-sparc 0.23-1 274.90 OK
r-patched-solaris-x86 0.23-1 60.80 OK
r-release-linux-x86_64 0.23-1 2.20 25.71 27.91 OK
r-release-osx-x86_64-mavericks 0.23-1 OK
r-release-windows-ix86+x86_64 0.23-1 20.00 110.00 130.00 OK
r-oldrel-windows-ix86+x86_64 0.23-1 36.00 139.00 175.00 OK

Check Details

Version: 0.23-1
Check: compiled code
Result: NOTE
    File ‘TTR/libs/TTR.so’:
     Found no calls to: ‘R_registerRoutines’, ‘R_useDynamicSymbols’
    
    It is good practice to register native routines and to disable symbol
    search.
    
    See ‘Writing portable packages’ in the ‘Writing R Extensions’ manual.
Flavors: r-devel-linux-x86_64-debian-clang, r-devel-linux-x86_64-debian-gcc

Version: 0.23-1
Flags: --no-stop-on-test-error
Check: compiled code
Result: NOTE
    File ‘TTR/libs/TTR.so’:
     Found no calls to: ‘R_registerRoutines’, ‘R_useDynamicSymbols’
    
    It is good practice to register native routines and to disable symbol
    search.
    
    See ‘Writing portable packages’ in the ‘Writing R Extensions’ manual.
Flavors: r-devel-linux-x86_64-fedora-clang, r-devel-linux-x86_64-fedora-gcc, r-devel-macos-x86_64-clang