CRAN Package Check Results for Package TTR

Last updated on 2014-09-02 18:49:41.

Flavor Version Tinstall Tcheck Ttotal Status Flags
r-devel-linux-x86_64-debian-clang 0.22-0 2.16 28.16 30.31 NOTE
r-devel-linux-x86_64-debian-gcc 0.22-0 2.22 27.28 29.50 NOTE
r-devel-linux-x86_64-fedora-clang 0.22-0 51.77 NOTE
r-devel-linux-x86_64-fedora-gcc 0.22-0 47.90 NOTE
r-devel-osx-x86_64-clang 0.22-0 54.42 NOTE
r-devel-windows-ix86+x86_64 0.22-0 14.00 58.00 72.00 NOTE
r-patched-linux-x86_64 0.22-0 2.25 28.33 30.58 NOTE
r-patched-solaris-sparc 0.22-0 268.40 NOTE
r-patched-solaris-x86 0.22-0 65.00 NOTE
r-release-linux-ix86 0.22-0 3.35 28.02 31.38 ERROR
r-release-linux-x86_64 0.22-0 2.30 27.72 30.02 NOTE
r-release-osx-x86_64-mavericks 0.22-0 NOTE
r-release-windows-ix86+x86_64 0.22-0 13.00 57.00 70.00 NOTE
r-oldrel-windows-ix86+x86_64 0.22-0 14.00 58.00 72.00 NOTE

Check Details

Version: 0.22-0
Check: dependencies in R code
Result: NOTE
    Package in Depends field not imported from: ‘xts’
     These packages need to be imported from (in the NAMESPACE file)
     for when this namespace is loaded but not attached.
    Unexported object imported by a ':::' call: ‘xts:::naCheck’
     See the note in ?`:::` about the use of this operator.
    See the information on DESCRIPTION files in the chapter ‘Creating R
    packages’ of the ‘Writing R Extensions’ manual.
Flavors: r-devel-linux-x86_64-debian-clang, r-devel-linux-x86_64-debian-gcc, r-devel-linux-x86_64-fedora-clang, r-devel-linux-x86_64-fedora-gcc, r-devel-osx-x86_64-clang, r-devel-windows-ix86+x86_64, r-patched-linux-x86_64, r-patched-solaris-sparc, r-patched-solaris-x86, r-release-linux-ix86, r-release-linux-x86_64, r-release-osx-x86_64-mavericks, r-release-windows-ix86+x86_64, r-oldrel-windows-ix86+x86_64

Version: 0.22-0
Check: foreign function calls
Result: NOTE
    Calls with DUP = FALSE:
     .Fortran("zigzag", iha = as.double(high), ila = as.double(low),
     la = as.integer(nn), ch = as.double(change), pct = as.integer(percent),
     rtr = as.integer(retrace), lex = as.integer(lastExtreme),
     zz = as.double(zz), PACKAGE = "TTR", DUP = FALSE)
     .Fortran("runCov", rs1 = as.double(x[beg:NROW(xy)]), avg1 = as.double(xCenter[beg:NROW(xy)]),
     rs2 = as.double(y[beg:NROW(xy)]), avg2 = as.double(yCenter[beg:NROW(xy)]),
     la = as.integer(len), n = as.integer(n), samp = as.integer(sample),
     oa = double(len), cu = as.integer(cumulative), PACKAGE = "TTR",
     DUP = FALSE)
     .Fortran("runMAD", rs = as.double(x[beg:NROW(x)]), cs = as.double(center[beg:NROW(x)]),
     la = as.integer(len), n = as.integer(n), oa = double(len),
     stat = as.integer(median), ver = as.integer(non.unique),
     cu = as.integer(cumulative), PACKAGE = "TTR", DUP = FALSE)
     .Fortran("runmax", ia = as.double(x[beg:NROW(x)]), lia = as.integer(len),
     n = as.integer(n), oa = as.double(result[beg:NROW(x)]), loa = as.integer(len),
     PACKAGE = "TTR", DUP = FALSE)
     .Fortran("runmedian", ia = as.double(x[beg:NROW(x)]), n = as.integer(n),
     oa = double(len), la = as.integer(len), ver = as.integer(non.unique),
     cu = as.integer(cumulative), PACKAGE = "TTR", DUP = FALSE)
     .Fortran("runmin", ia = as.double(x[beg:NROW(x)]), lia = as.integer(len),
     n = as.integer(n), oa = as.double(result[beg:NROW(x)]), loa = as.integer(len),
     PACKAGE = "TTR", DUP = FALSE)
     .Fortran("cumprnk", ia = as.double(x[beg:NROW(x)]), lia = as.integer(len),
     xmlt = as.double(exact.multiplier), oa = as.double(result[beg:NROW(x)]),
     PACKAGE = "TTR", DUP = FALSE)
     .Fortran("runprnk", ia = as.double(x[beg:NROW(x)]), lia = as.integer(len),
     n = as.integer(n), xmlt = as.double(exact.multiplier), oa = as.double(result[beg:NROW(x)]),
     PACKAGE = "TTR", DUP = FALSE)
     .Fortran("runsum", ia = as.double(x[beg:NROW(x)]), lia = as.integer(len),
     n = as.integer(n), oa = as.double(result[beg:NROW(x)]), loa = as.integer(len),
     PACKAGE = "TTR", DUP = FALSE)
    DUP = FALSE is deprecated and may be disabled in future versions of R.
Flavors: r-devel-linux-x86_64-debian-clang, r-devel-linux-x86_64-debian-gcc, r-devel-linux-x86_64-fedora-clang, r-devel-linux-x86_64-fedora-gcc, r-devel-osx-x86_64-clang, r-devel-windows-ix86+x86_64, r-patched-linux-x86_64, r-patched-solaris-sparc, r-patched-solaris-x86, r-release-linux-ix86, r-release-linux-x86_64, r-release-osx-x86_64-mavericks, r-release-windows-ix86+x86_64

Version: 0.22-0
Check: R code for possible problems
Result: NOTE
    ADX: no visible global function definition for ‘try.xts’
    ADX: no visible global function definition for ‘reclass’
    ATR: no visible global function definition for ‘try.xts’
    ATR: no visible global function definition for ‘is.xts’
    ATR: no visible global function definition for ‘reclass’
    BBands: no visible global function definition for ‘try.xts’
    BBands: no visible global function definition for ‘is.xts’
    BBands: no visible global function definition for ‘xcoredata’
    BBands: no visible global function definition for ‘xts’
    BBands: no visible global function definition for ‘index’
    BBands: no visible global function definition for ‘xcoredata<-’
    BBands: no visible global function definition for ‘reclass’
    CCI: no visible global function definition for ‘try.xts’
    CCI: no visible global function definition for ‘is.xts’
    CCI: no visible global function definition for ‘xcoredata’
    CCI: no visible global function definition for ‘xts’
    CCI: no visible global function definition for ‘index’
    CCI: no visible global function definition for ‘xcoredata<-’
    CCI: no visible global function definition for ‘reclass’
    CLV: no visible global function definition for ‘try.xts’
    CLV: no visible global function definition for ‘is.xts’
    CLV: no visible global function definition for ‘reclass’
    CMF: no visible global function definition for ‘try.xts’
    CMF: no visible global function definition for ‘is.xts’
    CMF: no visible global function definition for ‘reclass’
    CMO: no visible global function definition for ‘try.xts’
    CMO: no visible global function definition for ‘reclass’
    DPO: no visible global function definition for ‘try.xts’
    DPO: no visible global function definition for ‘lag.xts’
    DPO: no visible global function definition for ‘reclass’
    DVI: no visible global function definition for ‘try.xts’
    DVI : pctRank: no visible global function definition for ‘coredata’
    DVI: no visible global function definition for ‘reclass’
    DonchianChannel: no visible global function definition for ‘try.xts’
    DonchianChannel: no visible global function definition for ‘lag.xts’
    DonchianChannel: no visible global function definition for ‘reclass’
    EMA: no visible global function definition for ‘try.xts’
    EMA: no visible global function definition for ‘reclass’
    EMV: no visible global function definition for ‘try.xts’
    EMV: no visible global function definition for ‘is.xts’
    EMV: no visible global function definition for ‘reclass’
    EVWMA: no visible global function definition for ‘try.xts’
    EVWMA: no visible global function definition for ‘reclass’
    GMMA: no visible global function definition for ‘try.xts’
    GMMA: no visible global function definition for ‘reclass’
    KST: no visible global function definition for ‘is.xts’
    KST: no visible global function definition for ‘xts’
    KST: no visible global function definition for ‘index’
    MFI: no visible global function definition for ‘try.xts’
    MFI: no visible global function definition for ‘is.xts’
    MFI: no visible global function definition for ‘xts’
    MFI: no visible global function definition for ‘index’
    MFI: no visible global function definition for ‘reclass’
    OBV: no visible global function definition for ‘try.xts’
    OBV: no visible global function definition for ‘is.xts’
    OBV: no visible global function definition for ‘xts’
    OBV: no visible global function definition for ‘index’
    OBV: no visible global function definition for ‘reclass’
    PBands: no visible global function definition for ‘try.xts’
    PBands: no visible global function definition for ‘reclass’
    ROC: no visible global function definition for ‘try.xts’
    ROC: no visible global function definition for ‘is.xts’
    ROC: no visible global function definition for ‘reclass’
    RSI: no visible global function definition for ‘try.xts’
    RSI: no visible global function definition for ‘reclass’
    SAR: no visible global function definition for ‘try.xts’
    SAR: no visible global function definition for ‘coredata’
    SAR: no visible global function definition for ‘reclass’
    SMI: no visible global function definition for ‘reclass’
    TDI: no visible global function definition for ‘try.xts’
    TDI: no visible global function definition for ‘reclass’
    VHF: no visible global function definition for ‘try.xts’
    VHF: no visible global function definition for ‘reclass’
    VMA: no visible global function definition for ‘try.xts’
    VMA: no visible global function definition for ‘reclass’
    WMA: no visible global function definition for ‘try.xts’
    WMA: no visible global function definition for ‘reclass’
    WPR: no visible global function definition for ‘try.xts’
    WPR: no visible global function definition for ‘reclass’
    ZLEMA: no visible global function definition for ‘try.xts’
    ZLEMA: no visible global function definition for ‘reclass’
    ZigZag: no visible global function definition for ‘try.xts’
    ZigZag: no visible global function definition for ‘reclass’
    adjRatios: no visible global function definition for ‘try.xts’
    adjRatios: no visible global function definition for ‘merge.xts’
    adjRatios: no visible global function definition for ‘xts’
    adjRatios: no visible global function definition for ‘index’
    aroon: no visible global function definition for ‘try.xts’
    aroon: no visible global function definition for ‘reclass’
    chaikinAD: no visible global function definition for ‘try.xts’
    chaikinAD: no visible global function definition for ‘is.xts’
    chaikinAD: no visible global function definition for ‘reclass’
    chaikinVolatility: no visible global function definition for ‘try.xts’
    chaikinVolatility: no visible global function definition for ‘reclass’
    getYahooData: no visible global function definition for ‘xts’
    momentum: no visible global function definition for ‘try.xts’
    momentum: no visible global function definition for ‘is.xts’
    momentum: no visible global function definition for ‘reclass’
    runCov: no visible global function definition for ‘try.xts’
    runCov: no visible global function definition for ‘is.xts’
    runCov: no visible global function definition for ‘reclass’
    runMAD: no visible global function definition for ‘try.xts’
    runMAD: no visible global function definition for ‘reclass’
    runMax: no visible global function definition for ‘try.xts’
    runMax: no visible global function definition for ‘reclass’
    runMedian: no visible global function definition for ‘try.xts’
    runMedian: no visible global function definition for ‘reclass’
    runMin: no visible global function definition for ‘try.xts’
    runMin: no visible global function definition for ‘reclass’
    runPercentRank: no visible global function definition for ‘try.xts’
    runPercentRank: no visible global function definition for ‘reclass’
    runSum: no visible global function definition for ‘try.xts’
    runSum: no visible global function definition for ‘reclass’
    stoch: no visible global function definition for ‘try.xts’
    stoch: no visible global function definition for ‘reclass’
    volatility: no visible global function definition for ‘try.xts’
    volatility: no visible global function definition for ‘is.xts’
    volatility: no visible global function definition for ‘reclass’
    wilderSum: no visible global function definition for ‘try.xts’
    wilderSum: no visible global function definition for ‘reclass’
    williamsAD: no visible global function definition for ‘try.xts’
    williamsAD: no visible global function definition for ‘reclass’
Flavors: r-devel-linux-x86_64-debian-clang, r-devel-linux-x86_64-debian-gcc, r-devel-linux-x86_64-fedora-clang, r-devel-linux-x86_64-fedora-gcc, r-devel-osx-x86_64-clang, r-devel-windows-ix86+x86_64

Version: 0.22-0
Check: top-level files
Result: NOTE
    Non-standard file/directory found at top level:
     ‘WISHLIST’
Flavors: r-devel-linux-x86_64-fedora-clang, r-devel-linux-x86_64-fedora-gcc

Version: 0.22-0
Check: examples
Result: ERROR
    Running examples in ‘TTR-Ex.R’ failed
    The error most likely occurred in:
    
    > ### Name: stockSymbols
    > ### Title: Fetch Internet Data
    > ### Aliases: getYahooData stockSymbols WebData
    > ### Keywords: ts
    >
    > ### ** Examples
    >
    > ### Note: you must have a working internet
    > ### connection for these examples to work!
    > ibm <- getYahooData("IBM", 19990404, 20050607)
    Error in `[.data.frame`(ohlc, , "Date") : undefined columns selected
    Calls: getYahooData ... getYahooData -> [ -> [.data.frame -> order -> [ -> [.data.frame
    Execution halted
Flavor: r-release-linux-ix86