CRAN Package Check Results for Package TTR

Last updated on 2017-03-27 21:49:19.

Flavor Version Tinstall Tcheck Ttotal Status Flags
r-devel-linux-x86_64-debian-clang 0.23-1 2.54 33.04 35.58 NOTE
r-devel-linux-x86_64-debian-gcc 0.23-1 2.78 32.27 35.05 NOTE
r-devel-linux-x86_64-fedora-clang 0.23-1 52.38 NOTE --no-stop-on-test-error
r-devel-linux-x86_64-fedora-gcc 0.23-1 52.10 NOTE --no-stop-on-test-error
r-devel-macos-x86_64-clang 0.23-1 44.82 NOTE --no-stop-on-test-error
r-devel-windows-ix86+x86_64 0.23-1 33.00 86.00 119.00 OK
r-patched-linux-x86_64 0.23-1 2.49 30.58 33.07 NOTE
r-patched-solaris-sparc 0.23-1 322.50 OK
r-patched-solaris-x86 0.23-1 74.50 OK
r-release-linux-x86_64 0.23-1 2.21 24.68 26.88 OK
r-release-osx-x86_64-mavericks 0.23-1 OK
r-release-windows-ix86+x86_64 0.23-1 20.00 75.00 95.00 OK
r-oldrel-windows-ix86+x86_64 0.23-1 14.00 76.00 90.00 OK

Check Details

Version: 0.23-1
Check: compiled code
Result: NOTE
    File ‘TTR/libs/TTR.so’:
     Found no calls to: ‘R_registerRoutines’, ‘R_useDynamicSymbols’
    
    It is good practice to register native routines and to disable symbol
    search.
    
    See ‘Writing portable packages’ in the ‘Writing R Extensions’ manual.
Flavors: r-devel-linux-x86_64-debian-clang, r-devel-linux-x86_64-debian-gcc, r-patched-linux-x86_64

Version: 0.23-1
Flags: --no-stop-on-test-error
Check: compiled code
Result: NOTE
    File ‘TTR/libs/TTR.so’:
     Found no calls to: ‘R_registerRoutines’, ‘R_useDynamicSymbols’
    
    It is good practice to register native routines and to disable symbol
    search.
    
    See ‘Writing portable packages’ in the ‘Writing R Extensions’ manual.
Flavors: r-devel-linux-x86_64-fedora-clang, r-devel-linux-x86_64-fedora-gcc, r-devel-macos-x86_64-clang