CRAN Package Check Results for Package TTR

Last updated on 2014-04-23 07:55:11.

Flavor Version Tinstall Tcheck Ttotal Status Flags
r-devel-linux-x86_64-debian-clang 0.22-0 2.40 36.43 38.84 NOTE
r-devel-linux-x86_64-debian-gcc 0.22-0 2.34 31.52 33.86 NOTE
r-devel-linux-x86_64-fedora-clang 0.22-0 53.80 NOTE
r-devel-linux-x86_64-fedora-gcc 0.22-0 52.07 NOTE
r-devel-osx-x86_64-clang 0.22-0 52.99 NOTE
r-devel-osx-x86_64-gcc 0.22-0 ERROR
r-devel-windows-ix86+x86_64 0.22-0 12.00 59.00 71.00 NOTE
r-patched-linux-x86_64 0.22-0 2.51 31.22 33.73 NOTE
r-patched-solaris-sparc 0.22-0 270.80 NOTE
r-patched-solaris-x86 0.22-0 65.30 NOTE
r-release-linux-ix86 0.22-0 4.00 52.00 56.00 NOTE
r-release-linux-x86_64 0.22-0 2.42 32.99 35.40 NOTE
r-release-osx-x86_64-mavericks 0.22-0 WARN
r-release-windows-ix86+x86_64 0.22-0 14.00 99.00 113.00 NOTE
r-oldrel-windows-ix86+x86_64 0.22-0 16.00 61.00 77.00 NOTE

Check Details

Version: 0.22-0
Check: dependencies in R code
Result: NOTE
    Package in Depends field not imported from: ‘xts’
     These packages need to be imported from (in the NAMESPACE file)
     for when this namespace is loaded but not attached.
    Unexported object imported by a ':::' call: ‘xts:::naCheck’
     See the note in ?`:::` about the use of this operator.
    See the information on DESCRIPTION files in the chapter ‘Creating R
    packages’ of the ‘Writing R Extensions’ manual.
Flavors: r-devel-linux-x86_64-debian-clang, r-devel-linux-x86_64-debian-gcc, r-devel-linux-x86_64-fedora-clang, r-devel-linux-x86_64-fedora-gcc, r-devel-osx-x86_64-clang, r-devel-windows-ix86+x86_64, r-patched-linux-x86_64, r-patched-solaris-sparc, r-patched-solaris-x86, r-release-linux-ix86, r-release-linux-x86_64, r-release-osx-x86_64-mavericks, r-release-windows-ix86+x86_64, r-oldrel-windows-ix86+x86_64

Version: 0.22-0
Check: foreign function calls
Result: NOTE
    Calls with DUP = FALSE:
     .Fortran("zigzag", iha = as.double(high), ila = as.double(low),
     la = as.integer(nn), ch = as.double(change), pct = as.integer(percent),
     rtr = as.integer(retrace), lex = as.integer(lastExtreme),
     zz = as.double(zz), PACKAGE = "TTR", DUP = FALSE)
     .Fortran("runCov", rs1 = as.double(x[beg:NROW(xy)]), avg1 = as.double(xCenter[beg:NROW(xy)]),
     rs2 = as.double(y[beg:NROW(xy)]), avg2 = as.double(yCenter[beg:NROW(xy)]),
     la = as.integer(len), n = as.integer(n), samp = as.integer(sample),
     oa = double(len), cu = as.integer(cumulative), PACKAGE = "TTR",
     DUP = FALSE)
     .Fortran("runMAD", rs = as.double(x[beg:NROW(x)]), cs = as.double(center[beg:NROW(x)]),
     la = as.integer(len), n = as.integer(n), oa = double(len),
     stat = as.integer(median), ver = as.integer(non.unique),
     cu = as.integer(cumulative), PACKAGE = "TTR", DUP = FALSE)
     .Fortran("runmax", ia = as.double(x[beg:NROW(x)]), lia = as.integer(len),
     n = as.integer(n), oa = as.double(result[beg:NROW(x)]), loa = as.integer(len),
     PACKAGE = "TTR", DUP = FALSE)
     .Fortran("runmedian", ia = as.double(x[beg:NROW(x)]), n = as.integer(n),
     oa = double(len), la = as.integer(len), ver = as.integer(non.unique),
     cu = as.integer(cumulative), PACKAGE = "TTR", DUP = FALSE)
     .Fortran("runmin", ia = as.double(x[beg:NROW(x)]), lia = as.integer(len),
     n = as.integer(n), oa = as.double(result[beg:NROW(x)]), loa = as.integer(len),
     PACKAGE = "TTR", DUP = FALSE)
     .Fortran("cumprnk", ia = as.double(x[beg:NROW(x)]), lia = as.integer(len),
     xmlt = as.double(exact.multiplier), oa = as.double(result[beg:NROW(x)]),
     PACKAGE = "TTR", DUP = FALSE)
     .Fortran("runprnk", ia = as.double(x[beg:NROW(x)]), lia = as.integer(len),
     n = as.integer(n), xmlt = as.double(exact.multiplier), oa = as.double(result[beg:NROW(x)]),
     PACKAGE = "TTR", DUP = FALSE)
     .Fortran("runsum", ia = as.double(x[beg:NROW(x)]), lia = as.integer(len),
     n = as.integer(n), oa = as.double(result[beg:NROW(x)]), loa = as.integer(len),
     PACKAGE = "TTR", DUP = FALSE)
    DUP = FALSE is deprecated and may be disabled in future versions of R.
Flavors: r-devel-linux-x86_64-debian-clang, r-devel-linux-x86_64-debian-gcc, r-devel-linux-x86_64-fedora-clang, r-devel-linux-x86_64-fedora-gcc, r-devel-osx-x86_64-clang, r-devel-windows-ix86+x86_64, r-patched-linux-x86_64, r-patched-solaris-sparc, r-patched-solaris-x86, r-release-linux-ix86, r-release-linux-x86_64, r-release-osx-x86_64-mavericks, r-release-windows-ix86+x86_64

Version: 0.22-0
Check: top-level files
Result: NOTE
    Non-standard file/directory found at top level:
     ‘WISHLIST’
Flavors: r-devel-linux-x86_64-fedora-clang, r-devel-linux-x86_64-fedora-gcc

Version: 0.22-0
Check: package dependencies
Result: ERROR
    Package required but not available: ‘xts’
    
    Package which this enhances but not available for checking: ‘quantmod’
    
    See the information on DESCRIPTION files in the chapter ‘Creating R
    packages’ of the ‘Writing R Extensions’ manual.
Flavor: r-devel-osx-x86_64-gcc

Version: 0.22-0
Check: package dependencies
Result: NOTE
    Package which this enhances but not available for checking: ‘quantmod’
Flavor: r-release-osx-x86_64-mavericks

Version: 0.22-0
Check: PDF version of manual
Result: WARNING
    LaTeX errors when creating PDF version.
    This typically indicates Rd problems.
    LaTeX errors found:
    ! LaTeX Error: File `upquote.sty' not found.
    
    Type X to quit or <RETURN> to proceed,
    or enter new name. (Default extension: sty)
    
    dab1c72/Rd2.tex:8: ==> Fatal error occurred, no output PDF file produced!
Flavor: r-release-osx-x86_64-mavericks