Last updated on 2025-01-22 01:52:08 CET.
Flavor | Version | Tinstall | Tcheck | Ttotal | Status | Flags |
---|---|---|---|---|---|---|
r-devel-linux-x86_64-debian-clang | 3.2.1 | 16.39 | 107.75 | 124.14 | OK | |
r-devel-linux-x86_64-debian-gcc | 3.2.1 | 12.07 | 87.92 | 99.99 | OK | |
r-devel-linux-x86_64-fedora-clang | 3.2.1 | 208.18 | OK | |||
r-devel-linux-x86_64-fedora-gcc | 3.2.1 | 194.19 | OK | |||
r-devel-windows-x86_64 | 3.2.1 | 13.00 | 98.00 | 111.00 | OK | |
r-patched-linux-x86_64 | 3.2.1 | 16.47 | 101.79 | 118.26 | NOTE | |
r-release-linux-x86_64 | 3.2.1 | 14.66 | 102.60 | 117.26 | NOTE | |
r-release-macos-arm64 | 3.2.1 | 84.00 | NOTE | |||
r-release-macos-x86_64 | 3.2.1 | 95.00 | NOTE | |||
r-release-windows-x86_64 | 3.2.1 | 14.00 | 99.00 | 113.00 | NOTE | |
r-oldrel-macos-arm64 | 3.2.1 | 54.00 | NOTE | |||
r-oldrel-macos-x86_64 | 3.2.1 | 94.00 | NOTE | |||
r-oldrel-windows-x86_64 | 3.2.1 | 18.00 | 329.00 | 347.00 | NOTE |
Version: 3.2.1
Check: LazyData
Result: NOTE
'LazyData' is specified without a 'data' directory
Flavors: r-patched-linux-x86_64, r-release-linux-x86_64, r-release-macos-arm64, r-release-macos-x86_64, r-release-windows-x86_64, r-oldrel-macos-arm64, r-oldrel-macos-x86_64, r-oldrel-windows-x86_64