CRAN Package Check Results for Package TVMM

Last updated on 2022-09-27 23:08:56 CEST.

Flavor Version Tinstall Tcheck Ttotal Status Flags
r-devel-linux-x86_64-debian-clang 3.2.1 17.20 132.84 150.04 NOTE
r-devel-linux-x86_64-debian-gcc 3.2.1 14.20 99.20 113.40 NOTE
r-devel-linux-x86_64-fedora-clang 3.2.1 204.97 NOTE
r-devel-linux-x86_64-fedora-gcc 3.2.1 198.54 NOTE
r-devel-windows-x86_64 3.2.1 18.00 198.00 216.00 NOTE
r-patched-linux-x86_64 3.2.1 22.14 138.30 160.44 NOTE
r-release-linux-x86_64 3.2.1 19.82 141.77 161.59 NOTE
r-release-macos-arm64 3.2.1 93.00 NOTE
r-release-macos-x86_64 3.2.1 173.00 NOTE
r-release-windows-x86_64 3.2.1 21.00 145.00 166.00 NOTE
r-oldrel-macos-arm64 3.2.1 95.00 NOTE
r-oldrel-macos-x86_64 3.2.1 94.00 NOTE
r-oldrel-windows-ix86+x86_64 3.2.1 38.00 142.00 180.00 NOTE

Check Details

Version: 3.2.1
Check: LazyData
Result: NOTE
     'LazyData' is specified without a 'data' directory
Flavors: r-devel-linux-x86_64-debian-clang, r-devel-linux-x86_64-debian-gcc, r-devel-linux-x86_64-fedora-clang, r-devel-linux-x86_64-fedora-gcc, r-devel-windows-x86_64, r-patched-linux-x86_64, r-release-linux-x86_64, r-release-macos-arm64, r-release-macos-x86_64, r-release-windows-x86_64, r-oldrel-macos-arm64, r-oldrel-macos-x86_64, r-oldrel-windows-ix86+x86_64