CRAN Package Check Results for Package Table1Heatmap

Last updated on 2021-10-16 23:49:39 CEST.

Flavor Version Tinstall Tcheck Ttotal Status Flags
r-devel-linux-x86_64-debian-clang 1.1 1.77 20.02 21.79 NOTE
r-devel-linux-x86_64-debian-gcc 1.1 1.62 15.93 17.55 NOTE
r-devel-linux-x86_64-fedora-clang 1.1 36.83 NOTE
r-devel-linux-x86_64-fedora-gcc 1.1 26.44 NOTE
r-devel-windows-x86_64 1.1 3.00 28.00 31.00 NOTE
r-devel-windows-x86_64-gcc10-UCRT 1.1 NOTE
r-patched-linux-x86_64 1.1 1.71 19.45 21.16 NOTE
r-patched-solaris-x86 1.1 41.50 NOTE
r-release-linux-x86_64 1.1 1.72 19.32 21.04 NOTE
r-release-macos-arm64 1.1 NOTE
r-release-macos-x86_64 1.1 NOTE
r-release-windows-ix86+x86_64 1.1 5.00 34.00 39.00 NOTE
r-oldrel-macos-x86_64 1.1 NOTE
r-oldrel-windows-ix86+x86_64 1.1 4.00 34.00 38.00 NOTE

Check Details

Version: 1.1
Check: R code for possible problems
Result: NOTE
    .checkDimAndTest: no visible global function definition for
     'chisq.test'
    .checkDimAndTest: no visible global function definition for
     'fisher.test'
    plotTable1Heatmap: no visible global function definition for 'par'
    plotTable1Heatmap: no visible global function definition for 'image'
    plotTable1Heatmap: no visible global function definition for 'abline'
    plotTable1Heatmap: no visible global function definition for 'axis'
    plotTable1Heatmap: no visible global function definition for 'text'
    plotTable1Heatmap: no visible global function definition for 'legend'
    plotTable1Heatmap: no visible global function definition for 'box'
    Undefined global functions or variables:
     abline axis box chisq.test fisher.test image legend par text
    Consider adding
     importFrom("graphics", "abline", "axis", "box", "image", "legend",
     "par", "text")
     importFrom("stats", "chisq.test", "fisher.test")
    to your NAMESPACE file.
Flavors: r-devel-linux-x86_64-debian-clang, r-devel-linux-x86_64-debian-gcc, r-devel-linux-x86_64-fedora-clang, r-devel-linux-x86_64-fedora-gcc, r-devel-windows-x86_64, r-devel-windows-x86_64-gcc10-UCRT, r-patched-linux-x86_64, r-patched-solaris-x86, r-release-linux-x86_64, r-release-macos-arm64, r-release-macos-x86_64, r-release-windows-ix86+x86_64, r-oldrel-macos-x86_64, r-oldrel-windows-ix86+x86_64