Last updated on 2023-03-29 17:50:23 CEST.
Flavor | Version | Tinstall | Tcheck | Ttotal | Status | Flags |
---|---|---|---|---|---|---|
r-devel-linux-x86_64-debian-clang | 1.7 | 1.78 | 24.47 | 26.25 | NOTE | |
r-devel-linux-x86_64-debian-gcc | 1.7 | 2.01 | 19.73 | 21.74 | NOTE | |
r-devel-linux-x86_64-fedora-clang | 1.7 | 35.03 | NOTE | |||
r-devel-linux-x86_64-fedora-gcc | 1.7 | 33.85 | NOTE | |||
r-devel-windows-x86_64 | 1.7 | 27.00 | 0.00 | 27.00 | NOTE | |
r-patched-linux-x86_64 | 1.7 | 2.21 | 23.63 | 25.84 | NOTE | |
r-release-linux-x86_64 | 1.7 | 2.23 | 25.33 | 27.56 | OK | |
r-release-macos-arm64 | 1.7 | 16.00 | OK | |||
r-release-macos-x86_64 | 1.7 | 22.00 | OK | |||
r-release-windows-x86_64 | 1.7 | 16.00 | 61.00 | 77.00 | OK | |
r-oldrel-macos-arm64 | 1.7 | 18.00 | OK | |||
r-oldrel-macos-x86_64 | 1.7 | 27.00 | OK | |||
r-oldrel-windows-ix86+x86_64 | 1.7 | 5.00 | 48.00 | 53.00 | OK |
Version: 1.7
Check: Rd files
Result: NOTE
checkRd: (-1) tmCtypes.Rd:22: Escaped LaTeX specials: \#
Flavors: r-devel-linux-x86_64-debian-clang, r-devel-linux-x86_64-debian-gcc, r-devel-linux-x86_64-fedora-clang, r-devel-linux-x86_64-fedora-gcc, r-devel-windows-x86_64, r-patched-linux-x86_64