CRAN Package Check Results for Package TapeR

Last updated on 2015-05-23 08:47:16.

Flavor Version Tinstall Tcheck Ttotal Status Flags
r-devel-linux-x86_64-debian-clang 0.3.2 1.04 17.41 18.46 NOTE
r-devel-linux-x86_64-debian-gcc 0.3.2 0.83 17.52 18.35 NOTE
r-devel-linux-x86_64-fedora-clang 0.3.2 35.37 NOTE
r-devel-linux-x86_64-fedora-gcc 0.3.2 34.79 NOTE
r-devel-osx-x86_64-clang 0.3.2 39.10 NOTE
r-devel-windows-ix86+x86_64 0.3.2 3.00 34.00 37.00 NOTE
r-patched-linux-x86_64 0.3.2 0.77 17.65 18.42 NOTE
r-patched-solaris-sparc 0.3.2 235.60 NOTE
r-patched-solaris-x86 0.3.2 53.30 NOTE
r-release-linux-x86_64 0.3.2 0.85 17.46 18.31 NOTE
r-release-osx-x86_64-mavericks 0.3.2 NOTE
r-release-osx-x86_64-snowleopard 0.3.2 NOTE
r-release-windows-ix86+x86_64 0.3.2 4.00 33.00 37.00 NOTE
r-oldrel-windows-ix86+x86_64 0.3.2 5.00 34.00 39.00 OK

Check Details

Version: 0.3.2
Check: DESCRIPTION meta-information
Result: NOTE
    Malformed Title field: should not end in a period.
Flavors: r-devel-linux-x86_64-debian-clang, r-devel-linux-x86_64-debian-gcc, r-devel-linux-x86_64-fedora-clang, r-devel-linux-x86_64-fedora-gcc, r-devel-osx-x86_64-clang, r-devel-windows-ix86+x86_64, r-patched-linux-x86_64, r-patched-solaris-sparc, r-patched-solaris-x86, r-release-linux-x86_64, r-release-osx-x86_64-mavericks, r-release-osx-x86_64-snowleopard, r-release-windows-ix86+x86_64