CRAN Package Check Results for Package TapeR

Last updated on 2014-04-25 05:47:27.

Flavor Version Tinstall Tcheck Ttotal Status Flags
r-devel-linux-x86_64-debian-clang 0.3.2 1.13 19.48 20.61 OK
r-devel-linux-x86_64-debian-gcc 0.3.2 0.99 19.57 20.56 OK
r-devel-linux-x86_64-fedora-clang 0.3.2 40.11 OK
r-devel-linux-x86_64-fedora-gcc 0.3.2 39.02 OK
r-devel-osx-x86_64-clang 0.3.2 37.34 OK
r-devel-osx-x86_64-gcc 0.3.2 OK
r-devel-windows-ix86+x86_64 0.3.2 3.00 31.00 34.00 OK
r-patched-linux-x86_64 0.3.2 0.97 19.18 20.15 OK
r-patched-solaris-sparc 0.3.2 236.90 OK
r-patched-solaris-x86 0.3.2 58.00 OK
r-release-linux-ix86 0.3.2 1.00 39.00 40.00 OK
r-release-linux-x86_64 0.3.2 0.97 19.26 20.23 OK
r-release-osx-x86_64-mavericks 0.3.2 WARN
r-release-osx-x86_64-snowleopard 0.3.2 OK
r-release-windows-ix86+x86_64 0.3.2 4.00 34.00 38.00 OK
r-oldrel-windows-ix86+x86_64 0.3.2 4.00 33.00 37.00 OK

Check Details

Version: 0.3.2
Check: PDF version of manual
Result: WARNING
    LaTeX errors when creating PDF version.
    This typically indicates Rd problems.
    LaTeX errors found:
    ! LaTeX Error: File `upquote.sty' not found.
    
    Type X to quit or <RETURN> to proceed,
    or enter new name. (Default extension: sty)
    
    6970a77/Rd2.tex:8: ==> Fatal error occurred, no output PDF file produced!
Flavor: r-release-osx-x86_64-mavericks