CRAN Package Check Results for Package TapeR

Last updated on 2015-04-27 06:46:53.

Flavor Version Tinstall Tcheck Ttotal Status Flags
r-devel-linux-x86_64-debian-clang 0.3.2 0.80 17.41 18.21 NOTE
r-devel-linux-x86_64-debian-gcc 0.3.2 0.85 17.70 18.56 NOTE
r-devel-linux-x86_64-fedora-clang 0.3.2 35.63 NOTE
r-devel-linux-x86_64-fedora-gcc 0.3.2 33.42 NOTE
r-devel-osx-x86_64-clang 0.3.2 38.65 NOTE
r-devel-windows-ix86+x86_64 0.3.2 4.00 61.00 65.00 NOTE
r-patched-linux-x86_64 0.3.2 0.81 17.22 18.03 NOTE
r-patched-solaris-sparc 0.3.2 250.70 NOTE
r-patched-solaris-x86 0.3.2 51.20 NOTE
r-release-linux-x86_64 0.3.2 0.79 17.80 18.60 NOTE
r-release-osx-x86_64-mavericks 0.3.2 NOTE
r-release-osx-x86_64-snowleopard 0.3.2 NOTE
r-release-windows-ix86+x86_64 0.3.2 3.00 30.00 33.00 NOTE
r-oldrel-windows-ix86+x86_64 0.3.2 3.00 32.00 35.00 OK

Check Details

Version: 0.3.2
Check: DESCRIPTION meta-information
Result: NOTE
    Malformed Title field: should not end in a period.
Flavors: r-devel-linux-x86_64-debian-clang, r-devel-linux-x86_64-debian-gcc, r-devel-linux-x86_64-fedora-clang, r-devel-linux-x86_64-fedora-gcc, r-devel-osx-x86_64-clang, r-devel-windows-ix86+x86_64, r-patched-solaris-sparc, r-patched-solaris-x86, r-release-osx-x86_64-mavericks, r-release-osx-x86_64-snowleopard, r-release-windows-ix86+x86_64