CRAN Package Check Results for Package TapeR

Last updated on 2015-06-29 23:47:14.

Flavor Version Tinstall Tcheck Ttotal Status Flags
r-devel-linux-x86_64-debian-clang 0.3.2 0.79 17.15 17.94 NOTE
r-devel-linux-x86_64-debian-gcc 0.3.2 1.07 16.99 18.06 NOTE
r-devel-linux-x86_64-fedora-clang 0.3.2 35.57 NOTE
r-devel-linux-x86_64-fedora-gcc 0.3.2 33.04 NOTE
r-devel-osx-x86_64-clang 0.3.2 36.81 NOTE
r-devel-windows-ix86+x86_64 0.3.2 4.00 34.00 38.00 NOTE
r-patched-linux-x86_64 0.3.2 0.82 17.39 18.20 NOTE
r-patched-solaris-sparc 0.3.2 235.60 NOTE
r-patched-solaris-x86 0.3.2 52.80 NOTE
r-release-linux-x86_64 0.3.2 0.82 18.16 18.98 NOTE
r-release-osx-x86_64-mavericks 0.3.2 NOTE
r-release-windows-ix86+x86_64 0.3.2 5.00 31.00 36.00 NOTE
r-oldrel-windows-ix86+x86_64 0.3.2 4.00 42.00 46.00 OK

Check Details

Version: 0.3.2
Check: DESCRIPTION meta-information
Result: NOTE
    Malformed Title field: should not end in a period.
Flavors: r-devel-linux-x86_64-debian-clang, r-devel-linux-x86_64-debian-gcc, r-devel-linux-x86_64-fedora-clang, r-devel-linux-x86_64-fedora-gcc, r-devel-osx-x86_64-clang, r-devel-windows-ix86+x86_64, r-patched-linux-x86_64, r-patched-solaris-sparc, r-patched-solaris-x86, r-release-linux-x86_64, r-release-osx-x86_64-mavericks, r-release-windows-ix86+x86_64

Version: 0.3.2
Check: R code for possible problems
Result: NOTE
    CdN_DHxHt.f: no visible global function definition for ‘pnorm’
    E_DHx_HmDm_HT.f: no visible global function definition for
     ‘smooth.spline’
    E_DHx_HmDm_HT.f: no visible global function definition for ‘predict’
    E_DHx_HmDm_HT.f: no visible global function definition for ‘qt’
    E_DHx_HmDm_HT.f: no visible global function definition for ‘plot’
    E_DHx_HmDm_HT.f: no visible global function definition for ‘matlines’
    E_DHx_HmDm_HT_CIdHt.f: no visible global function definition for
     ‘uniroot’
    E_DHx_HmDm_HT_CIdHt.f: no visible global function definition for ‘qt’
    E_HDx_HmDm_HT.f: no visible global function definition for ‘uniroot’
    SK_EBLUP_LME.f: no visible global function definition for ‘qt’
    SK_VOLab_EBLUP_LME.f: no visible global function definition for
     ‘integrate’
    TapeR_FIT_LME.f: no visible global function definition for ‘vcov’
    TapeR_FIT_LME.f: no visible global function definition for ‘cor’
    TapeR_FIT_LME.f: no visible global function definition for ‘cov2cor’
    TapeR_FIT_LME.f: no visible global function definition for ‘anova’
    dN.f: no visible global function definition for ‘dnorm’
    xy0_SK_EBLUP_LME.f: no visible global function definition for ‘uniroot’
    y2x_isp.f: no visible global function definition for ‘spline’
    y2x_ssp.f: no visible global function definition for ‘smooth.spline’
    y2x_ssp.f: no visible global function definition for ‘predict’
    yx_isp.f: no visible global function definition for ‘spline’
    yx_ssp.f: no visible global function definition for ‘smooth.spline’
    yx_ssp.f: no visible global function definition for ‘predict’
Flavors: r-devel-linux-x86_64-debian-clang, r-devel-linux-x86_64-debian-gcc, r-devel-windows-ix86+x86_64