CRAN Package Check Results for Package TapeR

Last updated on 2015-03-27 12:48:46.

Flavor Version Tinstall Tcheck Ttotal Status Flags
r-devel-linux-x86_64-debian-clang 0.3.2 1.06 17.42 18.48 NOTE
r-devel-linux-x86_64-debian-gcc 0.3.2 0.78 17.50 18.28 NOTE
r-devel-linux-x86_64-fedora-clang 0.3.2 35.36 NOTE
r-devel-linux-x86_64-fedora-gcc 0.3.2 33.70 NOTE
r-devel-osx-x86_64-clang 0.3.2 42.85 NOTE
r-prerel-windows-ix86+x86_64 0.3.2 3.00 32.00 35.00 NOTE
r-prerel-linux-x86_64 0.3.2 0.82 17.14 17.97 NOTE
r-prerel-solaris-sparc 0.3.2 250.70 NOTE
r-prerel-solaris-x86 0.3.2 48.60 NOTE
r-release-linux-x86_64 0.3.2 1.12 19.66 20.78 OK
r-release-osx-x86_64-mavericks 0.3.2 OK
r-release-osx-x86_64-snowleopard 0.3.2 OK
r-release-windows-ix86+x86_64 0.3.2 5.00 35.00 40.00 OK
r-oldrel-windows-ix86+x86_64 0.3.2 4.00 34.00 38.00 OK

Check Details

Version: 0.3.2
Check: DESCRIPTION meta-information
Result: NOTE
    Malformed Title field: should not end in a period.
Flavors: r-devel-linux-x86_64-debian-clang, r-devel-linux-x86_64-debian-gcc, r-devel-linux-x86_64-fedora-clang, r-devel-linux-x86_64-fedora-gcc, r-devel-osx-x86_64-clang, r-prerel-windows-ix86+x86_64, r-prerel-linux-x86_64, r-prerel-solaris-sparc, r-prerel-solaris-x86