Last updated on 2023-12-03 00:57:00 CET.
Flavor | Version | Tinstall | Tcheck | Ttotal | Status | Flags |
---|---|---|---|---|---|---|
r-devel-linux-x86_64-debian-clang | 0.12.1 | 51.63 | 72.40 | 124.03 | NOTE | |
r-devel-linux-x86_64-debian-gcc | 0.12.1 | 37.35 | 54.49 | 91.84 | NOTE | |
r-devel-linux-x86_64-fedora-clang | 0.12.1 | 175.51 | OK | |||
r-devel-linux-x86_64-fedora-gcc | 0.12.1 | 194.83 | OK | |||
r-devel-windows-x86_64 | 0.12.1 | 43.00 | 100.00 | 143.00 | OK | |
r-patched-linux-x86_64 | 0.12.1 | 47.87 | 70.39 | 118.26 | OK | |
r-release-linux-x86_64 | 0.12.1 | 48.13 | 70.41 | 118.54 | OK | |
r-release-macos-arm64 | 0.12.1 | 59.00 | OK | |||
r-release-macos-x86_64 | 0.12.1 | 93.00 | OK | |||
r-release-windows-x86_64 | 0.12.1 | 56.00 | 228.00 | 284.00 | OK | |
r-oldrel-macos-arm64 | 0.12.1 | 57.00 | OK | |||
r-oldrel-macos-x86_64 | 0.12.1 | 65.00 | OK | |||
r-oldrel-windows-x86_64 | 0.12.1 | 55.00 | 233.00 | 288.00 | OK |
Version: 0.12.1
Check: Rd files
Result: NOTE
checkRd: (-1) SKPar.Rd:36: Lost braces in \itemize; meant \describe ?
checkRd: (-1) SKPar.Rd:37: Lost braces in \itemize; meant \describe ?
checkRd: (-1) SKPar.Rd:38: Lost braces in \itemize; meant \describe ?
checkRd: (-1) SKPar.Rd:39: Lost braces in \itemize; meant \describe ?
checkRd: (-1) SKPar.Rd:40: Lost braces in \itemize; meant \describe ?
checkRd: (-1) SKPar.Rd:41: Lost braces in \itemize; meant \describe ?
checkRd: (-1) SKPar.Rd:42: Lost braces in \itemize; meant \describe ?
checkRd: (-1) SKPar.Rd:43: Lost braces in \itemize; meant \describe ?
Flavors: r-devel-linux-x86_64-debian-clang, r-devel-linux-x86_64-debian-gcc