CRAN Package Check Results for Package TauP.R

Last updated on 2014-04-25 05:47:27.

Flavor Version Tinstall Tcheck Ttotal Status Flags
r-devel-linux-x86_64-debian-clang 1.1 0.93 49.01 49.94 OK
r-devel-linux-x86_64-debian-gcc 1.1 1.05 47.92 48.96 OK
r-devel-linux-x86_64-fedora-clang 1.1 98.59 NOTE
r-devel-linux-x86_64-fedora-gcc 1.1 98.37 NOTE
r-devel-osx-x86_64-clang 1.1 71.61 OK
r-devel-osx-x86_64-gcc 1.1 NOTE
r-devel-windows-ix86+x86_64 1.1 2.00 76.00 78.00 OK
r-patched-linux-x86_64 1.1 1.02 47.87 48.89 OK
r-patched-solaris-sparc 1.1 581.30 OK
r-patched-solaris-x86 1.1 111.20 OK
r-release-linux-ix86 1.1 2.00 73.00 75.00 OK
r-release-linux-x86_64 1.1 0.98 48.09 49.07 OK
r-release-osx-x86_64-mavericks 1.1 OK
r-release-windows-ix86+x86_64 1.1 6.00 102.00 108.00 OK
r-oldrel-windows-ix86+x86_64 1.1 3.00 86.00 89.00 OK

Check Details

Version: 1.1
Check: Rd line widths
Result: NOTE
    Rd file 'DistSummary.Rd':
     \usage lines wider than 90 characters:
     DistSummary(delta, h, model, phaselist = 'default', prop = "vp", image.col = heat.colors(500), n = 200, ...)
    
    Rd file 'Rayfan.Rd':
     \usage lines wider than 90 characters:
     Rayfan(phaselist, h, model, deltalist = 1:17 * 20, minp = 0.5, plot = TRUE, add = TRUE, col = rep("black", length(phaselist)), verbose ... [TRUNCATED]
    
    These lines will be truncated in the PDF manual.
Flavors: r-devel-linux-x86_64-fedora-clang, r-devel-linux-x86_64-fedora-gcc

Version: 1.1
Check: package dependencies
Result: NOTE
    Package suggested but not available for checking: ‘RSEIS’
Flavor: r-devel-osx-x86_64-gcc