CRAN Package Check Results for Package TauP.R

Last updated on 2014-08-22 03:48:10.

Flavor Version Tinstall Tcheck Ttotal Status Flags
r-devel-linux-x86_64-debian-clang 1.1 0.98 45.62 46.60 OK
r-devel-linux-x86_64-debian-gcc 1.1 0.87 44.87 45.74 OK
r-devel-linux-x86_64-fedora-clang 1.1 100.23 NOTE
r-devel-linux-x86_64-fedora-gcc 1.1 85.92 NOTE
r-devel-osx-x86_64-clang 1.1 78.47 OK
r-devel-windows-ix86+x86_64 1.1 3.00 68.00 71.00 OK
r-patched-linux-x86_64 1.1 0.90 47.20 48.10 OK
r-patched-solaris-sparc 1.1 586.60 OK
r-patched-solaris-x86 1.1 110.80 OK
r-release-linux-ix86 1.1 1.25 60.40 61.66 OK
r-release-linux-x86_64 1.1 0.90 47.59 48.49 OK
r-release-osx-x86_64-mavericks 1.1 OK
r-release-windows-ix86+x86_64 1.1 4.00 69.00 73.00 OK
r-oldrel-windows-ix86+x86_64 1.1 3.00 76.00 79.00 OK

Check Details

Version: 1.1
Check: Rd line widths
Result: NOTE
    Rd file 'DistSummary.Rd':
     \usage lines wider than 90 characters:
     DistSummary(delta, h, model, phaselist = 'default', prop = "vp", image.col = heat.colors(500), n = 200, ...)
    
    Rd file 'Rayfan.Rd':
     \usage lines wider than 90 characters:
     Rayfan(phaselist, h, model, deltalist = 1:17 * 20, minp = 0.5, plot = TRUE, add = TRUE, col = rep("black", length(phaselist)), verbose ... [TRUNCATED]
    
    These lines will be truncated in the PDF manual.
Flavors: r-devel-linux-x86_64-fedora-clang, r-devel-linux-x86_64-fedora-gcc