CRAN Package Check Results for Package TauP.R

Last updated on 2015-05-29 05:47:46.

Flavor Version Tinstall Tcheck Ttotal Status Flags
r-devel-linux-x86_64-debian-clang 1.1 0.86 45.49 46.34 NOTE
r-devel-linux-x86_64-debian-gcc 1.1 0.82 44.07 44.90 NOTE
r-devel-linux-x86_64-fedora-clang 1.1 98.05 NOTE
r-devel-linux-x86_64-fedora-gcc 1.1 87.24 NOTE
r-devel-osx-x86_64-clang 1.1 79.75 NOTE
r-devel-windows-ix86+x86_64 1.1 4.00 73.00 77.00 NOTE
r-patched-linux-x86_64 1.1 0.82 44.08 44.90 NOTE
r-patched-solaris-sparc 1.1 582.80 NOTE
r-patched-solaris-x86 1.1 108.20 NOTE
r-release-linux-x86_64 1.1 0.91 44.30 45.21 NOTE
r-release-osx-x86_64-mavericks 1.1 NOTE
r-release-osx-x86_64-snowleopard 1.1 NOTE
r-release-windows-ix86+x86_64 1.1 4.00 82.00 86.00 NOTE
r-oldrel-windows-ix86+x86_64 1.1 5.00 80.00 85.00 NOTE

Check Details

Version: 1.1
Check: dependencies in R code
Result: NOTE
    'library' or 'require' call to ‘stats’ in package code.
     Please use :: or requireNamespace() instead.
     See section 'Suggested packages' in the 'Writing R Extensions' manual.
Flavors: r-devel-linux-x86_64-debian-clang, r-devel-linux-x86_64-debian-gcc, r-devel-linux-x86_64-fedora-clang, r-devel-linux-x86_64-fedora-gcc, r-devel-osx-x86_64-clang, r-devel-windows-ix86+x86_64, r-patched-linux-x86_64, r-patched-solaris-sparc, r-patched-solaris-x86, r-release-linux-x86_64, r-release-osx-x86_64-mavericks, r-release-osx-x86_64-snowleopard, r-release-windows-ix86+x86_64, r-oldrel-windows-ix86+x86_64

Version: 1.1
Check: Rd line widths
Result: NOTE
    Rd file 'DistSummary.Rd':
     \usage lines wider than 90 characters:
     DistSummary(delta, h, model, phaselist = 'default', prop = "vp", image.col = heat.colors(500), n = 200, ...)
    
    Rd file 'Rayfan.Rd':
     \usage lines wider than 90 characters:
     Rayfan(phaselist, h, model, deltalist = 1:17 * 20, minp = 0.5, plot = TRUE, add = TRUE, col = rep("black", length(phaselist)), verbose ... [TRUNCATED]
    
    These lines will be truncated in the PDF manual.
Flavors: r-devel-linux-x86_64-debian-clang, r-devel-linux-x86_64-debian-gcc, r-devel-linux-x86_64-fedora-clang, r-devel-linux-x86_64-fedora-gcc, r-patched-linux-x86_64, r-release-linux-x86_64