CRAN Package Check Results for Package TauP.R

Last updated on 2014-09-22 03:48:30.

Flavor Version Tinstall Tcheck Ttotal Status Flags
r-devel-linux-x86_64-debian-clang 1.1 0.87 45.96 46.84 NOTE
r-devel-linux-x86_64-debian-gcc 1.1 0.92 44.79 45.72 NOTE
r-devel-linux-x86_64-fedora-clang 1.1 97.60 NOTE
r-devel-linux-x86_64-fedora-gcc 1.1 88.64 NOTE
r-devel-osx-x86_64-clang 1.1 77.74 OK
r-devel-windows-ix86+x86_64 1.1 3.00 70.00 73.00 OK
r-patched-linux-x86_64 1.1 1.14 46.30 47.45 NOTE
r-patched-solaris-sparc 1.1 586.60 OK
r-patched-solaris-x86 1.1 110.20 OK
r-release-linux-ix86 1.1 1.27 58.40 59.68 OK
r-release-linux-x86_64 1.1 0.98 50.15 51.13 NOTE
r-release-osx-x86_64-mavericks 1.1 OK
r-release-windows-ix86+x86_64 1.1 4.00 69.00 73.00 OK
r-oldrel-windows-ix86+x86_64 1.1 3.00 76.00 79.00 OK

Check Details

Version: 1.1
Check: Rd line widths
Result: NOTE
    Rd file 'DistSummary.Rd':
     \usage lines wider than 90 characters:
     DistSummary(delta, h, model, phaselist = 'default', prop = "vp", image.col = heat.colors(500), n = 200, ...)
    
    Rd file 'Rayfan.Rd':
     \usage lines wider than 90 characters:
     Rayfan(phaselist, h, model, deltalist = 1:17 * 20, minp = 0.5, plot = TRUE, add = TRUE, col = rep("black", length(phaselist)), verbose ... [TRUNCATED]
    
    These lines will be truncated in the PDF manual.
Flavors: r-devel-linux-x86_64-debian-clang, r-devel-linux-x86_64-debian-gcc, r-devel-linux-x86_64-fedora-clang, r-devel-linux-x86_64-fedora-gcc, r-patched-linux-x86_64, r-release-linux-x86_64