CRAN Package Check Results for Package TauP.R

Last updated on 2015-03-07 03:50:23.

Flavor Version Tinstall Tcheck Ttotal Status Flags
r-devel-linux-x86_64-debian-clang 1.1 0.84 45.38 46.22 NOTE
r-devel-linux-x86_64-debian-gcc 1.1 0.82 44.07 44.89 NOTE
r-devel-linux-x86_64-fedora-clang 1.1 90.06 NOTE
r-devel-linux-x86_64-fedora-gcc 1.1 87.56 NOTE
r-devel-osx-x86_64-clang 1.1 82.85 NOTE
r-devel-windows-ix86+x86_64 1.1 4.00 72.00 76.00 NOTE
r-patched-linux-x86_64 1.1 0.90 46.54 47.45 NOTE
r-patched-solaris-sparc 1.1 633.00 NOTE
r-patched-solaris-x86 1.1 113.70 NOTE
r-release-linux-ix86 1.1 1.22 61.40 62.62 NOTE
r-release-linux-x86_64 1.1 0.91 46.54 47.45 NOTE
r-release-osx-x86_64-mavericks 1.1 OK
r-release-windows-ix86+x86_64 1.1 3.00 80.00 83.00 OK
r-oldrel-windows-ix86+x86_64 1.1 3.00 76.00 79.00 OK

Check Details

Version: 1.1
Check: dependencies in R code
Result: NOTE
    'library' or 'require' call to ‘stats’ in package code.
     Please use :: or requireNamespace() instead.
     See section 'Suggested packages' in the 'Writing R Extensions' manual.
Flavors: r-devel-linux-x86_64-debian-clang, r-devel-linux-x86_64-debian-gcc, r-devel-linux-x86_64-fedora-clang, r-devel-linux-x86_64-fedora-gcc, r-devel-osx-x86_64-clang, r-devel-windows-ix86+x86_64, r-patched-linux-x86_64, r-patched-solaris-sparc, r-patched-solaris-x86

Version: 1.1
Check: Rd line widths
Result: NOTE
    Rd file 'DistSummary.Rd':
     \usage lines wider than 90 characters:
     DistSummary(delta, h, model, phaselist = 'default', prop = "vp", image.col = heat.colors(500), n = 200, ...)
    
    Rd file 'Rayfan.Rd':
     \usage lines wider than 90 characters:
     Rayfan(phaselist, h, model, deltalist = 1:17 * 20, minp = 0.5, plot = TRUE, add = TRUE, col = rep("black", length(phaselist)), verbose ... [TRUNCATED]
    
    These lines will be truncated in the PDF manual.
Flavors: r-devel-linux-x86_64-debian-clang, r-devel-linux-x86_64-debian-gcc, r-devel-linux-x86_64-fedora-clang, r-devel-linux-x86_64-fedora-gcc, r-patched-linux-x86_64, r-release-linux-ix86, r-release-linux-x86_64