CRAN Package Check Results for Package TauP.R

Last updated on 2014-07-23 08:49:56.

Flavor Version Tinstall Tcheck Ttotal Status Flags
r-devel-linux-x86_64-debian-clang 1.1 1.02 47.54 48.55 OK
r-devel-linux-x86_64-debian-gcc 1.1 0.90 45.41 46.30 OK
r-devel-linux-x86_64-fedora-clang 1.1 101.12 NOTE
r-devel-linux-x86_64-fedora-gcc 1.1 95.60 NOTE
r-devel-osx-x86_64-clang 1.1 79.50 OK
r-devel-windows-ix86+x86_64 1.1 3.00 71.00 74.00 OK
r-patched-linux-x86_64 1.1 0.88 45.70 46.58 OK
r-patched-solaris-sparc 1.1 581.30 OK
r-patched-solaris-x86 1.1 111.20 OK
r-release-linux-ix86 1.1 1.24 58.70 59.95 OK
r-release-linux-x86_64 1.1 0.99 46.10 47.08 OK
r-release-osx-x86_64-mavericks 1.1 OK
r-release-windows-ix86+x86_64 1.1 4.00 69.00 73.00 OK
r-oldrel-windows-ix86+x86_64 1.1 3.00 76.00 79.00 OK

Check Details

Version: 1.1
Check: Rd line widths
Result: NOTE
    Rd file 'DistSummary.Rd':
     \usage lines wider than 90 characters:
     DistSummary(delta, h, model, phaselist = 'default', prop = "vp", image.col = heat.colors(500), n = 200, ...)
    
    Rd file 'Rayfan.Rd':
     \usage lines wider than 90 characters:
     Rayfan(phaselist, h, model, deltalist = 1:17 * 20, minp = 0.5, plot = TRUE, add = TRUE, col = rep("black", length(phaselist)), verbose ... [TRUNCATED]
    
    These lines will be truncated in the PDF manual.
Flavors: r-devel-linux-x86_64-fedora-clang, r-devel-linux-x86_64-fedora-gcc