CRAN Package Check Results for Package TauP.R

Last updated on 2015-04-25 10:48:28.

Flavor Version Tinstall Tcheck Ttotal Status Flags
r-devel-linux-x86_64-debian-clang 1.1 0.84 45.48 46.32 NOTE
r-devel-linux-x86_64-debian-gcc 1.1 0.83 46.64 47.47 NOTE
r-devel-linux-x86_64-fedora-clang 1.1 90.95 NOTE
r-devel-linux-x86_64-fedora-gcc 1.1 90.97 NOTE
r-devel-osx-x86_64-clang 1.1 79.58 NOTE
r-devel-windows-ix86+x86_64 1.1 3.00 91.00 94.00 NOTE
r-patched-linux-x86_64 1.1 0.84 43.57 44.41 NOTE
r-patched-solaris-sparc 1.1 608.60 NOTE
r-patched-solaris-x86 1.1 104.10 NOTE
r-release-linux-x86_64 1.1 1.09 44.01 45.10 NOTE
r-release-osx-x86_64-mavericks 1.1 NOTE
r-release-osx-x86_64-snowleopard 1.1 NOTE
r-release-windows-ix86+x86_64 1.1 2.00 92.00 94.00 NOTE
r-oldrel-windows-ix86+x86_64 1.1 5.00 80.00 85.00 NOTE

Check Details

Version: 1.1
Check: dependencies in R code
Result: NOTE
    'library' or 'require' call to 'stats' in package code.
     Please use :: or requireNamespace() instead.
     See section 'Suggested packages' in the 'Writing R Extensions' manual.
Flavors: r-devel-windows-ix86+x86_64, r-patched-linux-x86_64, r-release-windows-ix86+x86_64, r-oldrel-windows-ix86+x86_64

Version: 1.1
Check: Rd line widths
Result: NOTE
    Rd file 'DistSummary.Rd':
     \usage lines wider than 90 characters:
     DistSummary(delta, h, model, phaselist = 'default', prop = "vp", image.col = heat.colors(500), n = 200, ...)
    
    Rd file 'Rayfan.Rd':
     \usage lines wider than 90 characters:
     Rayfan(phaselist, h, model, deltalist = 1:17 * 20, minp = 0.5, plot = TRUE, add = TRUE, col = rep("black", length(phaselist)), verbose ... [TRUNCATED]
    
    These lines will be truncated in the PDF manual.
Flavor: r-patched-linux-x86_64