CRAN Package Check Results for Package TauP.R

Last updated on 2015-09-03 22:48:17.

Flavor Version Tinstall Tcheck Ttotal Status Flags
r-devel-linux-x86_64-debian-clang 1.1 0.80 43.66 44.46 NOTE
r-devel-linux-x86_64-debian-gcc 1.1 0.83 44.12 44.96 NOTE
r-devel-linux-x86_64-fedora-clang 1.1 90.00 NOTE
r-devel-linux-x86_64-fedora-gcc 1.1 84.48 NOTE
r-devel-osx-x86_64-clang 1.1 68.77 NOTE
r-devel-windows-ix86+x86_64 1.1 4.00 76.00 80.00 NOTE
r-patched-linux-x86_64 1.1 0.89 44.04 44.94 NOTE
r-patched-solaris-sparc 1.1 599.10 NOTE
r-patched-solaris-x86 1.1 107.70 NOTE
r-release-linux-x86_64 1.1 0.89 44.24 45.12 NOTE
r-release-osx-x86_64-mavericks 1.1 NOTE
r-release-windows-ix86+x86_64 1.1 4.00 103.00 107.00 NOTE
r-oldrel-windows-ix86+x86_64 1.1 5.00 80.00 85.00 NOTE

Check Details

Version: 1.1
Check: dependencies in R code
Result: NOTE
    'library' or 'require' call to ‘stats’ in package code.
     Please use :: or requireNamespace() instead.
     See section 'Suggested packages' in the 'Writing R Extensions' manual.
Flavors: r-devel-linux-x86_64-debian-clang, r-devel-linux-x86_64-debian-gcc, r-devel-linux-x86_64-fedora-clang, r-devel-linux-x86_64-fedora-gcc, r-devel-osx-x86_64-clang, r-devel-windows-ix86+x86_64, r-patched-linux-x86_64, r-patched-solaris-sparc, r-patched-solaris-x86, r-release-linux-x86_64, r-release-osx-x86_64-mavericks, r-release-windows-ix86+x86_64, r-oldrel-windows-ix86+x86_64

Version: 1.1
Check: R code for possible problems
Result: NOTE
    AnalyzeLVZ: no visible global function definition for ‘approx’
    ConvP2Vdepthinv: no visible global function definition for ‘approx’
    DistSummary: no visible global function definition for ‘heat.colors’
    Earthplot: no visible global function definition for ‘heat.colors’
    Earthplot: no visible global function definition for ‘par’
    Earthplot: no visible global function definition for ‘plot’
    Earthplot: no visible global function definition for ‘approx’
    Earthplot: no visible global function definition for ‘image’
    Earthplot: no visible binding for global variable ‘lines’
    FindRoots: no visible global function definition for ‘uniroot’
    InterpModel: no visible global function definition for ‘approx’
    LinInterp: no visible global function definition for ‘approx’
    PolarPlot: no visible binding for global variable ‘plot’
    Rayfan: no visible binding for global variable ‘lines’
    polaraxis: no visible global function definition for ‘text’
    Undefined global functions or variables:
     approx heat.colors image lines par plot text uniroot
    Consider adding
     importFrom("grDevices", "heat.colors")
     importFrom("graphics", "image", "lines", "par", "plot", "text")
     importFrom("stats", "approx", "uniroot")
    to your NAMESPACE.
Flavors: r-devel-linux-x86_64-debian-clang, r-devel-linux-x86_64-debian-gcc, r-devel-linux-x86_64-fedora-clang, r-devel-linux-x86_64-fedora-gcc, r-devel-windows-ix86+x86_64

Version: 1.1
Check: Rd line widths
Result: NOTE
    Rd file 'DistSummary.Rd':
     \usage lines wider than 90 characters:
     DistSummary(delta, h, model, phaselist = 'default', prop = "vp", image.col = heat.colors(500), n = 200, ...)
    
    Rd file 'Rayfan.Rd':
     \usage lines wider than 90 characters:
     Rayfan(phaselist, h, model, deltalist = 1:17 * 20, minp = 0.5, plot = TRUE, add = TRUE, col = rep("black", length(phaselist)), verbose ... [TRUNCATED]
    
    These lines will be truncated in the PDF manual.
Flavors: r-devel-linux-x86_64-debian-clang, r-devel-linux-x86_64-debian-gcc, r-devel-linux-x86_64-fedora-clang, r-devel-linux-x86_64-fedora-gcc, r-patched-linux-x86_64, r-release-linux-x86_64