CRAN Package Check Results for Package TauP.R

Last updated on 2015-01-28 19:49:33.

Flavor Version Tinstall Tcheck Ttotal Status Flags
r-devel-linux-x86_64-debian-clang 1.1 0.91 44.88 45.79 NOTE
r-devel-linux-x86_64-debian-gcc 1.1 0.88 44.54 45.41 NOTE
r-devel-linux-x86_64-fedora-clang 1.1 95.63 NOTE
r-devel-linux-x86_64-fedora-gcc 1.1 96.53 NOTE
r-devel-osx-x86_64-clang 1.1 83.87 NOTE
r-devel-windows-ix86+x86_64 1.1 4.00 76.00 80.00 NOTE
r-patched-linux-x86_64 1.1 0.93 47.01 47.94 NOTE
r-patched-solaris-sparc 1.1 591.00 OK
r-patched-solaris-x86 1.1 113.50 OK
r-release-linux-ix86 1.1 1.27 56.40 57.67 OK
r-release-linux-x86_64 1.1 0.91 46.66 47.57 NOTE
r-release-osx-x86_64-mavericks 1.1 OK
r-release-windows-ix86+x86_64 1.1 3.00 80.00 83.00 OK
r-oldrel-windows-ix86+x86_64 1.1 3.00 76.00 79.00 OK

Check Details

Version: 1.1
Check: dependencies in R code
Result: NOTE
    'library' or 'require' call to ‘stats’ in package code.
     Please use :: or requireNamespace() instead.
     See section 'Suggested packages' in the 'Writing R Extensions' manual.
Flavors: r-devel-linux-x86_64-debian-clang, r-devel-linux-x86_64-debian-gcc, r-devel-linux-x86_64-fedora-clang, r-devel-linux-x86_64-fedora-gcc, r-devel-osx-x86_64-clang, r-devel-windows-ix86+x86_64

Version: 1.1
Check: Rd line widths
Result: NOTE
    Rd file 'DistSummary.Rd':
     \usage lines wider than 90 characters:
     DistSummary(delta, h, model, phaselist = 'default', prop = "vp", image.col = heat.colors(500), n = 200, ...)
    
    Rd file 'Rayfan.Rd':
     \usage lines wider than 90 characters:
     Rayfan(phaselist, h, model, deltalist = 1:17 * 20, minp = 0.5, plot = TRUE, add = TRUE, col = rep("black", length(phaselist)), verbose ... [TRUNCATED]
    
    These lines will be truncated in the PDF manual.
Flavors: r-devel-linux-x86_64-debian-clang, r-devel-linux-x86_64-debian-gcc, r-devel-linux-x86_64-fedora-clang, r-devel-linux-x86_64-fedora-gcc, r-patched-linux-x86_64, r-release-linux-x86_64