CRAN Package Check Results for Package Taxonstand

Last updated on 2015-07-02 23:47:43.

Flavor Version Tinstall Tcheck Ttotal Status Flags
r-devel-linux-x86_64-debian-clang 1.7 0.49 9.54 10.03 NOTE
r-devel-linux-x86_64-debian-gcc 1.7 0.48 9.08 9.56 NOTE
r-devel-linux-x86_64-fedora-clang 1.7 17.98 NOTE
r-devel-linux-x86_64-fedora-gcc 1.7 16.89 NOTE
r-devel-osx-x86_64-clang 1.7 20.27 OK
r-devel-windows-ix86+x86_64 1.7 3.00 16.00 19.00 OK
r-patched-linux-x86_64 1.7 0.50 9.65 10.15 OK
r-patched-solaris-sparc 1.7 120.90 OK
r-patched-solaris-x86 1.7 30.20 OK
r-release-linux-x86_64 1.7 0.52 9.52 10.04 OK
r-release-osx-x86_64-mavericks 1.7 OK
r-release-windows-ix86+x86_64 1.7 2.00 17.00 19.00 OK
r-oldrel-windows-ix86+x86_64 1.7 3.00 18.00 21.00 OK

Check Details

Version: 1.7
Check: R code for possible problems
Result: NOTE
    TPL: no visible global function definition for ‘write.csv’
    TPLck: no visible global function definition for ‘read.csv’
    TPLck: no visible global function definition for ‘read.table’
    Undefined global functions or variables:
     read.csv read.table write.csv
Flavors: r-devel-linux-x86_64-debian-clang, r-devel-linux-x86_64-fedora-clang, r-devel-linux-x86_64-fedora-gcc

Version: 1.7
Check: R code for possible problems
Result: NOTE
    TPL: no visible global function definition for ‘write.csv’
    TPLck: no visible global function definition for ‘read.csv’
    TPLck: no visible global function definition for ‘read.table’
Flavor: r-devel-linux-x86_64-debian-gcc