CRAN Package Check Results for Package Taxonstand

Last updated on 2016-02-06 09:48:18.

Flavor Version Tinstall Tcheck Ttotal Status Flags
r-devel-linux-x86_64-debian-gcc 1.7 0.53 8.95 9.48 NOTE
r-devel-linux-x86_64-fedora-clang 1.7 16.61 NOTE
r-devel-linux-x86_64-fedora-gcc 1.7 15.35 NOTE
r-devel-osx-x86_64-clang 1.7 20.13 NOTE
r-devel-windows-ix86+x86_64 1.7 4.00 27.00 31.00 NOTE
r-patched-linux-x86_64 1.7 0.57 9.17 9.74 OK
r-patched-solaris-sparc 1.7 109.30 OK
r-patched-solaris-x86 1.7 25.10 OK
r-release-linux-x86_64 1.7 0.53 9.41 9.94 OK
r-release-osx-x86_64-mavericks 1.7 OK
r-release-windows-ix86+x86_64 1.7 2.00 17.00 19.00 OK
r-oldrel-windows-ix86+x86_64 1.7 3.00 18.00 21.00 OK

Check Details

Version: 1.7
Check: R code for possible problems
Result: NOTE
    TPL: no visible global function definition for ‘write.csv’
    TPLck: no visible global function definition for ‘read.csv’
    TPLck: no visible global function definition for ‘read.table’
    Undefined global functions or variables:
     read.csv read.table write.csv
    Consider adding
     importFrom("utils", "read.csv", "read.table", "write.csv")
    to your NAMESPACE.
Flavors: r-devel-linux-x86_64-debian-gcc, r-devel-linux-x86_64-fedora-clang, r-devel-linux-x86_64-fedora-gcc, r-devel-windows-ix86+x86_64

Version: 1.7
Check: R code for possible problems
Result: NOTE
    TPL: no visible global function definition for ‘write.csv’
    TPLck: no visible global function definition for ‘read.csv’
    TPLck: no visible global function definition for ‘read.table’
    Undefined global functions or variables:
     read.csv read.table write.csv
    Consider adding
     importFrom("utils", "read.csv", "read.table", "write.csv")
    to your NAMESPACE file.
Flavor: r-devel-osx-x86_64-clang