CRAN Package Check Results for Package TeachingDemos

Last updated on 2017-02-20 17:49:27.

Flavor Version Tinstall Tcheck Ttotal Status Flags
r-devel-linux-x86_64-debian-clang 2.10 2.16 50.86 53.02 NOTE
r-devel-linux-x86_64-debian-gcc 2.10 2.15 49.31 51.46 NOTE
r-devel-linux-x86_64-fedora-clang 2.10 90.63 NOTE --no-stop-on-test-error
r-devel-linux-x86_64-fedora-gcc 2.10 87.92 NOTE --no-stop-on-test-error
r-devel-macos-x86_64-clang 75.53 NOTE --no-stop-on-test-error
r-devel-windows-ix86+x86_64 2.10 8.00 122.00 130.00 OK
r-patched-linux-x86_64 2.10 2.23 44.79 47.02 NOTE
r-patched-solaris-sparc 2.10 537.20 NOTE
r-patched-solaris-x86 2.10 98.40 NOTE
r-release-linux-x86_64 2.10 2.07 46.23 48.30 NOTE
r-release-osx-x86_64-mavericks 2.10 FAIL
r-release-windows-ix86+x86_64 2.10 8.00 86.00 94.00 OK
r-oldrel-windows-ix86+x86_64 2.10 8.00 75.00 83.00 OK

Check Details

Version: 2.10
Check: package dependencies
Result: NOTE
    Package suggested but not available for checking: ‘R2wd’
Flavors: r-devel-linux-x86_64-debian-clang, r-devel-linux-x86_64-debian-gcc, r-patched-linux-x86_64, r-patched-solaris-sparc, r-patched-solaris-x86, r-release-linux-x86_64, r-release-osx-x86_64-mavericks

Version: 2.10
Flags: --no-stop-on-test-error
Check: package dependencies
Result: NOTE
    Package suggested but not available for checking: ‘R2wd’
Flavors: r-devel-linux-x86_64-fedora-clang, r-devel-linux-x86_64-fedora-gcc, r-devel-macos-x86_64-clang

Version: 2.10
Check: dependencies in R code
Result: FAIL
    
Flavor: r-release-osx-x86_64-mavericks