CRAN Package Check Results for Package TeachingDemos

Last updated on 2016-08-26 01:51:06.

Flavor Version Tinstall Tcheck Ttotal Status Flags
r-devel-linux-x86_64-debian-clang 2.10 2.15 46.57 48.72 NOTE
r-devel-linux-x86_64-debian-gcc 2.10 2.66 56.49 59.15 NOTE
r-devel-linux-x86_64-fedora-clang 2.10 85.49 NOTE
r-devel-linux-x86_64-fedora-gcc 2.10 79.44 NOTE
r-devel-osx-x86_64-clang 2.10 71.56 NOTE
r-devel-windows-ix86+x86_64 2.10 6.00 98.00 104.00 OK
r-patched-linux-x86_64 2.10 2.26 44.08 46.35 NOTE
r-patched-solaris-sparc 2.10 521.30 NOTE
r-patched-solaris-x86 2.10 98.00 NOTE
r-release-linux-x86_64 2.10 2.10 45.26 47.37 NOTE
r-release-osx-x86_64-mavericks 2.10 FAIL
r-release-windows-ix86+x86_64 2.10 7.00 76.00 83.00 OK
r-oldrel-windows-ix86+x86_64 2.10 8.00 68.00 76.00 OK

Check Details

Version: 2.10
Check: package dependencies
Result: NOTE
    Package suggested but not available for checking: ‘R2wd’
Flavors: r-devel-linux-x86_64-debian-clang, r-devel-linux-x86_64-debian-gcc, r-devel-linux-x86_64-fedora-clang, r-devel-linux-x86_64-fedora-gcc, r-devel-osx-x86_64-clang, r-patched-linux-x86_64, r-patched-solaris-sparc, r-patched-solaris-x86, r-release-linux-x86_64, r-release-osx-x86_64-mavericks

Version: 2.10
Check: dependencies in R code
Result: FAIL
    
Flavor: r-release-osx-x86_64-mavericks