CRAN Package Check Results for Package TeachingDemos

Last updated on 2017-01-17 11:50:47.

Flavor Version Tinstall Tcheck Ttotal Status Flags
r-devel-linux-x86_64-debian-clang 2.10 2.14 51.30 53.44 NOTE
r-devel-linux-x86_64-debian-gcc 2.10 2.18 49.46 51.64 NOTE
r-devel-linux-x86_64-fedora-clang 2.10 91.14 NOTE --no-stop-on-test-error
r-devel-linux-x86_64-fedora-gcc 2.10 89.64 NOTE --no-stop-on-test-error
r-devel-macos-x86_64-clang 2.10 74.85 NOTE --no-stop-on-test-error
r-devel-windows-ix86+x86_64 2.10 10.00 85.00 95.00 OK
r-patched-linux-x86_64 2.10 2.09 44.51 46.59 NOTE
r-patched-solaris-sparc 2.10 537.20 NOTE
r-patched-solaris-x86 2.10 98.00 NOTE
r-release-linux-x86_64 2.10 2.16 45.22 47.38 NOTE
r-release-osx-x86_64-mavericks 2.10 FAIL
r-release-windows-ix86+x86_64 2.10 9.00 97.00 106.00 OK
r-oldrel-windows-ix86+x86_64 2.10 6.00 121.00 127.00 OK

Check Details

Version: 2.10
Check: package dependencies
Result: NOTE
    Package suggested but not available for checking: ‘R2wd’
Flavors: r-devel-linux-x86_64-debian-clang, r-devel-linux-x86_64-debian-gcc, r-patched-linux-x86_64, r-patched-solaris-sparc, r-patched-solaris-x86, r-release-linux-x86_64, r-release-osx-x86_64-mavericks

Version: 2.10
Flags: --no-stop-on-test-error
Check: package dependencies
Result: NOTE
    Package suggested but not available for checking: ‘R2wd’
Flavors: r-devel-linux-x86_64-fedora-clang, r-devel-linux-x86_64-fedora-gcc, r-devel-macos-x86_64-clang

Version: 2.10
Check: dependencies in R code
Result: FAIL
    
Flavor: r-release-osx-x86_64-mavericks