CRAN Package Check Results for Package TeachingDemos

Last updated on 2017-06-29 17:50:36.

Flavor Version Tinstall Tcheck Ttotal Status Flags
r-devel-linux-x86_64-debian-clang 2.10 2.14 50.48 52.61 NOTE
r-devel-linux-x86_64-debian-gcc 2.10 2.14 49.53 51.67 NOTE
r-devel-linux-x86_64-fedora-clang 2.10 92.48 NOTE
r-devel-linux-x86_64-fedora-gcc 2.10 88.55 NOTE
r-devel-windows-ix86+x86_64 2.10 10.00 87.00 97.00 OK
r-patched-linux-x86_64 2.10 2.21 49.96 52.17 NOTE
r-patched-solaris-sparc 2.10 550.80 NOTE
r-patched-solaris-x86 2.10 106.80 NOTE
r-release-linux-x86_64 2.10 2.12 50.18 52.30 NOTE
r-release-windows-ix86+x86_64 2.10 10.00 82.00 92.00 OK
r-release-osx-x86_64 2.10 NOTE
r-oldrel-windows-ix86+x86_64 2.10 10.00 102.00 112.00 OK
r-oldrel-osx-x86_64 2.10 FAIL

Check Details

Version: 2.10
Check: package dependencies
Result: NOTE
    Package suggested but not available for checking: ‘R2wd’
Flavors: r-devel-linux-x86_64-debian-clang, r-devel-linux-x86_64-debian-gcc, r-devel-linux-x86_64-fedora-clang, r-devel-linux-x86_64-fedora-gcc, r-patched-linux-x86_64, r-patched-solaris-sparc, r-patched-solaris-x86, r-release-linux-x86_64, r-release-osx-x86_64, r-oldrel-osx-x86_64

Version: 2.10
Check: dependencies in R code
Result: FAIL
    
Flavor: r-oldrel-osx-x86_64