CRAN Package Check Results for Package TeachingDemos

Last updated on 2017-08-24 00:53:46.

Flavor Version Tinstall Tcheck Ttotal Status Flags
r-devel-linux-x86_64-debian-clang 2.10 2.19 52.30 54.49 NOTE
r-devel-linux-x86_64-debian-gcc 2.10 2.13 49.83 51.96 NOTE
r-devel-linux-x86_64-fedora-clang 2.10 90.86 NOTE
r-devel-linux-x86_64-fedora-gcc 2.10 88.61 NOTE
r-devel-windows-ix86+x86_64 2.10 12.00 80.00 92.00 OK
r-patched-linux-x86_64 2.10 2.28 50.45 52.73 NOTE
r-patched-solaris-x86 2.10 106.10 NOTE
r-release-linux-x86_64 2.10 2.18 50.47 52.66 NOTE
r-release-windows-ix86+x86_64 2.10 8.00 118.00 126.00 OK
r-release-osx-x86_64 2.10 NOTE
r-oldrel-windows-ix86+x86_64 2.10 9.00 102.00 111.00 OK
r-oldrel-osx-x86_64 2.10 FAIL

Check Details

Version: 2.10
Check: package dependencies
Result: NOTE
    Package suggested but not available for checking: ‘R2wd’
Flavors: r-devel-linux-x86_64-debian-clang, r-devel-linux-x86_64-debian-gcc, r-devel-linux-x86_64-fedora-clang, r-devel-linux-x86_64-fedora-gcc, r-patched-linux-x86_64, r-patched-solaris-x86, r-release-linux-x86_64, r-release-osx-x86_64, r-oldrel-osx-x86_64

Version: 2.10
Check: dependencies in R code
Result: FAIL
    
Flavor: r-oldrel-osx-x86_64