CRAN Package Check Results for Package TeachingDemos

Last updated on 2016-07-23 19:48:03.

Flavor Version Tinstall Tcheck Ttotal Status Flags
r-devel-linux-x86_64-debian-clang 2.10 2.70 51.72 54.42 NOTE
r-devel-linux-x86_64-debian-gcc 2.10 2.29 51.92 54.21 NOTE
r-devel-linux-x86_64-fedora-clang 2.10 84.47 NOTE
r-devel-linux-x86_64-fedora-gcc 2.10 78.48 NOTE
r-devel-osx-x86_64-clang 2.10 72.16 NOTE
r-devel-windows-ix86+x86_64 2.10 7.00 73.00 80.00 OK
r-patched-linux-x86_64 2.10 2.53 49.15 51.67 NOTE
r-patched-solaris-sparc 2.10 521.30 NOTE
r-patched-solaris-x86 2.10 97.30 NOTE
r-release-linux-x86_64 2.10 2.50 49.67 52.18 NOTE
r-release-osx-x86_64-mavericks 2.10 FAIL
r-release-windows-ix86+x86_64 2.10 5.00 72.00 77.00 OK
r-oldrel-windows-ix86+x86_64 2.10 11.00 98.00 109.00 OK

Check Details

Version: 2.10
Check: package dependencies
Result: NOTE
    Package suggested but not available for checking: ‘R2wd’
Flavors: r-devel-linux-x86_64-debian-clang, r-devel-linux-x86_64-debian-gcc, r-devel-linux-x86_64-fedora-clang, r-devel-linux-x86_64-fedora-gcc, r-devel-osx-x86_64-clang, r-patched-linux-x86_64, r-patched-solaris-sparc, r-patched-solaris-x86, r-release-linux-x86_64, r-release-osx-x86_64-mavericks

Version: 2.10
Check: dependencies in R code
Result: FAIL
    
Flavor: r-release-osx-x86_64-mavericks