CRAN Package Check Results for Package TeachingDemos

Last updated on 2019-06-20 09:48:07 CEST.

Flavor Version Tinstall Tcheck Ttotal Status Flags
r-devel-linux-x86_64-debian-clang 2.10 12.84 74.66 87.50 NOTE
r-devel-linux-x86_64-debian-gcc 2.10 10.87 57.91 68.78 NOTE
r-devel-linux-x86_64-fedora-clang 2.10 102.27 NOTE
r-devel-linux-x86_64-fedora-gcc 2.10 99.51 NOTE
r-devel-windows-ix86+x86_64 2.10 25.00 120.00 145.00 OK
r-patched-linux-x86_64 2.10 12.30 76.61 88.91 NOTE
r-patched-solaris-x86 2.10 135.90 NOTE
r-release-linux-x86_64 2.10 13.18 75.95 89.13 NOTE
r-release-windows-ix86+x86_64 2.10 18.00 119.00 137.00 OK
r-release-osx-x86_64 2.10 NOTE
r-oldrel-windows-ix86+x86_64 2.10 24.00 88.00 112.00 OK
r-oldrel-osx-x86_64 2.10 NOTE

Check Details

Version: 2.10
Check: package dependencies
Result: NOTE
    Package suggested but not available for checking: 'R2wd'
Flavors: r-devel-linux-x86_64-debian-clang, r-devel-linux-x86_64-debian-gcc, r-devel-linux-x86_64-fedora-clang, r-devel-linux-x86_64-fedora-gcc, r-patched-linux-x86_64, r-patched-solaris-x86, r-release-linux-x86_64, r-release-osx-x86_64, r-oldrel-osx-x86_64