CRAN Package Check Results for Package TeachingDemos

Last updated on 2020-08-07 03:47:34 CEST.

Flavor Version Tinstall Tcheck Ttotal Status Flags
r-devel-linux-x86_64-debian-clang 2.12 13.17 82.71 95.88 NOTE
r-devel-linux-x86_64-debian-gcc 2.12 11.18 61.57 72.75 NOTE
r-devel-linux-x86_64-fedora-clang 2.12 121.61 NOTE
r-devel-linux-x86_64-fedora-gcc 2.12 113.26 NOTE
r-devel-windows-ix86+x86_64 2.12 26.00 96.00 122.00 OK
r-patched-linux-x86_64 2.12 14.41 81.33 95.74 NOTE
r-patched-solaris-x86 2.12 142.50 NOTE
r-release-linux-x86_64 2.12 14.58 81.28 95.86 NOTE
r-release-macos-x86_64 2.12 NOTE
r-release-windows-ix86+x86_64 2.12 29.00 102.00 131.00 OK
r-oldrel-macos-x86_64 2.12 FAIL
r-oldrel-windows-ix86+x86_64 2.12 17.00 84.00 101.00 OK

Check Details

Version: 2.12
Check: package dependencies
Result: NOTE
    Package suggested but not available for checking: 'R2wd'
Flavors: r-devel-linux-x86_64-debian-clang, r-devel-linux-x86_64-debian-gcc, r-devel-linux-x86_64-fedora-clang, r-devel-linux-x86_64-fedora-gcc, r-patched-linux-x86_64, r-patched-solaris-x86, r-release-linux-x86_64, r-release-macos-x86_64, r-oldrel-macos-x86_64

Version: 2.12
Check: dependencies in R code
Result: FAIL
Flavor: r-oldrel-macos-x86_64