CRAN Package Check Results for Package TeachingDemos

Last updated on 2017-12-18 14:51:52 CET.

Flavor Version Tinstall Tcheck Ttotal Status Flags
r-devel-linux-x86_64-debian-clang 2.10 2.33 78.55 80.88 NOTE
r-devel-linux-x86_64-debian-gcc 2.10 2.39 67.80 70.19 NOTE
r-devel-linux-x86_64-fedora-clang 2.10 92.06 NOTE
r-devel-linux-x86_64-fedora-gcc 2.10 90.09 NOTE
r-devel-windows-ix86+x86_64 2.10 7.00 85.00 92.00 OK
r-patched-linux-x86_64 2.10 2.70 80.17 82.87 NOTE
r-patched-solaris-x86 2.10 106.00 NOTE
r-release-linux-x86_64 2.10 2.78 81.29 84.07 NOTE
r-release-windows-ix86+x86_64 2.10 6.00 73.00 79.00 OK
r-release-osx-x86_64 2.10 NOTE
r-oldrel-windows-ix86+x86_64 2.10 11.00 72.00 83.00 OK
r-oldrel-osx-x86_64 2.10 FAIL

Check Details

Version: 2.10
Check: package dependencies
Result: NOTE
    Package suggested but not available for checking: ‘R2wd’
Flavors: r-devel-linux-x86_64-debian-clang, r-devel-linux-x86_64-debian-gcc, r-devel-linux-x86_64-fedora-clang, r-devel-linux-x86_64-fedora-gcc, r-patched-linux-x86_64, r-patched-solaris-x86, r-release-linux-x86_64, r-release-osx-x86_64, r-oldrel-osx-x86_64

Version: 2.10
Check: dependencies in R code
Result: FAIL
    
Flavor: r-oldrel-osx-x86_64