CRAN Package Check Results for Package TeachingDemos

Last updated on 2017-03-29 03:51:01.

Flavor Version Tinstall Tcheck Ttotal Status Flags
r-devel-linux-x86_64-debian-clang 2.10 2.18 50.66 52.84 NOTE
r-devel-linux-x86_64-debian-gcc 2.10 2.28 49.86 52.14 NOTE
r-devel-linux-x86_64-fedora-clang 2.10 91.83 NOTE --no-stop-on-test-error
r-devel-linux-x86_64-fedora-gcc 2.10 88.98 NOTE --no-stop-on-test-error
r-devel-macos-x86_64-clang 2.10 75.27 NOTE --no-stop-on-test-error
r-devel-windows-ix86+x86_64 2.10 7.00 81.00 88.00 OK
r-patched-linux-x86_64 2.10 2.18 49.44 51.62 NOTE
r-patched-solaris-sparc 2.10 550.80 NOTE
r-patched-solaris-x86 2.10 107.00 NOTE
r-release-linux-x86_64 2.10 2.05 45.29 47.34 NOTE
r-release-osx-x86_64-mavericks 2.10 FAIL
r-release-windows-ix86+x86_64 2.10 8.00 104.00 112.00 OK
r-oldrel-windows-ix86+x86_64 2.10 8.00 74.00 82.00 OK

Check Details

Version: 2.10
Check: package dependencies
Result: NOTE
    Package suggested but not available for checking: ‘R2wd’
Flavors: r-devel-linux-x86_64-debian-clang, r-devel-linux-x86_64-debian-gcc, r-patched-linux-x86_64, r-patched-solaris-sparc, r-patched-solaris-x86, r-release-linux-x86_64, r-release-osx-x86_64-mavericks

Version: 2.10
Flags: --no-stop-on-test-error
Check: package dependencies
Result: NOTE
    Package suggested but not available for checking: ‘R2wd’
Flavors: r-devel-linux-x86_64-fedora-clang, r-devel-linux-x86_64-fedora-gcc, r-devel-macos-x86_64-clang

Version: 2.10
Check: dependencies in R code
Result: FAIL
    
Flavor: r-release-osx-x86_64-mavericks