CRAN Package Check Results for Package TeachingDemos

Last updated on 2016-12-08 18:47:26.

Flavor Version Tinstall Tcheck Ttotal Status Flags
r-devel-linux-x86_64-debian-clang 2.10 2.20 51.16 53.36 NOTE
r-devel-linux-x86_64-debian-gcc 2.10 2.11 50.46 52.57 NOTE
r-devel-linux-x86_64-fedora-clang 2.10 96.64 NOTE --no-stop-on-test-error
r-devel-linux-x86_64-fedora-gcc 2.10 94.47 NOTE --no-stop-on-test-error
r-devel-macos-x86_64-clang 2.10 77.26 NOTE
r-devel-windows-ix86+x86_64 2.10 14.00 82.00 96.00 OK
r-patched-linux-x86_64 2.10 2.27 45.12 47.39 NOTE
r-patched-solaris-sparc 2.10 521.30 NOTE
r-patched-solaris-x86 2.10 99.10 NOTE
r-release-linux-x86_64 2.10 2.11 45.04 47.15 NOTE
r-release-osx-x86_64-mavericks 2.10 FAIL
r-release-windows-ix86+x86_64 2.10 5.00 81.00 86.00 OK
r-oldrel-windows-ix86+x86_64 2.10 10.00 78.00 88.00 OK

Check Details

Version: 2.10
Check: package dependencies
Result: NOTE
    Package suggested but not available for checking: ‘R2wd’
Flavors: r-devel-linux-x86_64-debian-clang, r-devel-linux-x86_64-debian-gcc, r-devel-macos-x86_64-clang, r-patched-linux-x86_64, r-patched-solaris-sparc, r-patched-solaris-x86, r-release-linux-x86_64, r-release-osx-x86_64-mavericks

Version: 2.10
Flags: --no-stop-on-test-error
Check: package dependencies
Result: NOTE
    Package suggested but not available for checking: ‘R2wd’
Flavors: r-devel-linux-x86_64-fedora-clang, r-devel-linux-x86_64-fedora-gcc

Version: 2.10
Check: dependencies in R code
Result: FAIL
    
Flavor: r-release-osx-x86_64-mavericks