CRAN Package Check Results for Package TeachingDemos

Last updated on 2018-05-27 00:47:00 CEST.

Flavor Version Tinstall Tcheck Ttotal Status Flags
r-devel-linux-x86_64-debian-clang 2.10 10.96 76.59 87.55 NOTE
r-devel-linux-x86_64-debian-gcc 2.10 9.58 57.48 67.06 NOTE
r-devel-linux-x86_64-fedora-clang 2.10 109.04 NOTE
r-devel-linux-x86_64-fedora-gcc 2.10 99.89 NOTE
r-devel-windows-ix86+x86_64 2.10 16.00 80.00 96.00 OK
r-patched-linux-x86_64 2.10 11.44 73.55 84.99 NOTE
r-patched-solaris-x86 2.10 127.60 NOTE
r-release-linux-x86_64 2.10 11.26 73.96 85.22 NOTE
r-release-windows-ix86+x86_64 2.10 24.00 106.00 130.00 OK
r-release-osx-x86_64 2.10 NOTE
r-oldrel-windows-ix86+x86_64 2.10 9.00 81.00 90.00 OK
r-oldrel-osx-x86_64 2.10 NOTE

Check Details

Version: 2.10
Check: package dependencies
Result: NOTE
    Package suggested but not available for checking: ‘R2wd’
Flavors: r-devel-linux-x86_64-debian-clang, r-devel-linux-x86_64-debian-gcc, r-devel-linux-x86_64-fedora-clang, r-devel-linux-x86_64-fedora-gcc, r-patched-linux-x86_64, r-patched-solaris-x86, r-release-linux-x86_64, r-release-osx-x86_64, r-oldrel-osx-x86_64