CRAN Package Check Results for Package TeachingDemos

Last updated on 2016-06-30 17:51:56.

Flavor Version Tinstall Tcheck Ttotal Status Flags
r-devel-linux-x86_64-debian-gcc 2.10 2.36 46.79 49.14 NOTE
r-devel-linux-x86_64-fedora-clang 2.10 84.19 NOTE
r-devel-linux-x86_64-fedora-gcc 2.10 78.18 NOTE
r-devel-osx-x86_64-clang 2.10 71.45 NOTE
r-devel-windows-ix86+x86_64 2.10 7.00 78.00 85.00 OK
r-patched-linux-x86_64 2.10 2.45 49.69 52.14 NOTE
r-patched-solaris-sparc 2.10 521.30 NOTE
r-patched-solaris-x86 2.10 102.50 NOTE
r-release-linux-x86_64 2.10 2.14 45.06 47.20 NOTE
r-release-osx-x86_64-mavericks 2.10 FAIL
r-release-windows-ix86+x86_64 2.10 11.00 81.00 92.00 OK
r-oldrel-windows-ix86+x86_64 2.10 13.00 81.00 94.00 OK

Check Details

Version: 2.10
Check: package dependencies
Result: NOTE
    Package suggested but not available for checking: ‘R2wd’
Flavors: r-devel-linux-x86_64-debian-gcc, r-devel-linux-x86_64-fedora-clang, r-devel-linux-x86_64-fedora-gcc, r-devel-osx-x86_64-clang, r-patched-linux-x86_64, r-patched-solaris-sparc, r-patched-solaris-x86, r-release-linux-x86_64, r-release-osx-x86_64-mavericks

Version: 2.10
Check: dependencies in R code
Result: FAIL
    
Flavor: r-release-osx-x86_64-mavericks