CRAN Package Check Results for Package TeachingDemos

Last updated on 2019-09-23 11:48:33 CEST.

Flavor Version Tinstall Tcheck Ttotal Status Flags
r-devel-linux-x86_64-debian-clang 2.10 12.95 74.31 87.26 NOTE
r-devel-linux-x86_64-debian-gcc 2.10 10.82 57.00 67.82 NOTE
r-devel-linux-x86_64-fedora-clang 2.10 105.17 NOTE
r-devel-linux-x86_64-fedora-gcc 2.10 101.82 NOTE
r-devel-windows-ix86+x86_64 2.10 26.00 120.00 146.00 OK
r-patched-linux-x86_64 2.10 12.79 74.77 87.56 NOTE
r-patched-solaris-x86 2.10 132.00 NOTE
r-release-linux-x86_64 2.10 13.05 74.13 87.18 NOTE
r-release-windows-ix86+x86_64 2.10 28.00 122.00 150.00 OK
r-release-osx-x86_64 2.10 NOTE
r-oldrel-windows-ix86+x86_64 2.10 19.00 90.00 109.00 OK
r-oldrel-osx-x86_64 2.10 NOTE

Check Details

Version: 2.10
Check: package dependencies
Result: NOTE
    Package suggested but not available for checking: 'R2wd'
Flavors: r-devel-linux-x86_64-debian-clang, r-devel-linux-x86_64-debian-gcc, r-devel-linux-x86_64-fedora-clang, r-devel-linux-x86_64-fedora-gcc, r-patched-linux-x86_64, r-patched-solaris-x86, r-release-linux-x86_64, r-release-osx-x86_64, r-oldrel-osx-x86_64