CRAN Package Check Results for Package TeachingDemos

Last updated on 2014-07-29 11:49:56.

Flavor Version Tinstall Tcheck Ttotal Status Flags
r-devel-linux-x86_64-debian-clang 2.9 2.29 48.48 50.77 NOTE
r-devel-linux-x86_64-debian-gcc 2.9 2.23 49.42 51.65 NOTE
r-devel-linux-x86_64-fedora-clang 2.9 101.68 NOTE
r-devel-linux-x86_64-fedora-gcc 2.9 94.53 NOTE
r-devel-osx-x86_64-clang 2.9 87.59 NOTE
r-devel-windows-ix86+x86_64 2.9 6.00 65.00 71.00 OK
r-patched-linux-x86_64 2.9 2.46 36.65 39.11 NOTE
r-patched-solaris-sparc 2.9 537.90 NOTE
r-patched-solaris-x86 2.9 126.50 NOTE
r-release-linux-ix86 2.9 3.13 60.36 63.49 NOTE
r-release-linux-x86_64 2.9 2.24 49.25 51.50 NOTE
r-release-osx-x86_64-mavericks 2.9 NOTE
r-release-windows-ix86+x86_64 2.9 5.00 71.00 76.00 OK
r-oldrel-windows-ix86+x86_64 2.9 5.00 61.00 66.00 OK

Check Details

Version: 2.9
Check: package dependencies
Result: NOTE
    Package suggested but not available for checking: R2wd
Flavors: r-devel-linux-x86_64-debian-clang, r-devel-linux-x86_64-debian-gcc, r-devel-linux-x86_64-fedora-clang, r-devel-linux-x86_64-fedora-gcc, r-devel-osx-x86_64-clang, r-patched-linux-x86_64, r-release-linux-ix86, r-release-linux-x86_64

Version: 2.9
Check: R code for possible problems
Result: NOTE
    Found an obsolete/platform-specific call in the following function:
     triplot
    Found the platform-specific device:
     win.graph
    dev.new() is the preferred way to open a new device, in the unlikely
    event one is needed.
Flavors: r-devel-linux-x86_64-debian-clang, r-devel-linux-x86_64-debian-gcc, r-devel-linux-x86_64-fedora-clang, r-devel-linux-x86_64-fedora-gcc, r-devel-osx-x86_64-clang, r-patched-linux-x86_64, r-patched-solaris-sparc, r-patched-solaris-x86, r-release-linux-ix86, r-release-linux-x86_64

Version: 2.9
Check: Rd line widths
Result: NOTE
    Rd file 'HWidentify.Rd':
     \usage lines wider than 90 characters:
     pt.col="red", adj=c(0,0), xlab = deparse(substitute(x)), ylab = deparse(substitute(y)), ...)
    
    Rd file 'TkApprox.Rd':
     \usage lines wider than 90 characters:
     TkApprox(x, y, type = "b", snap.to.x = FALSE, digits = 4, cols = c("red", "#009900", "blue"), xlab = deparse(substitute(x)), ylab = dep ... [TRUNCATED]
    
    Rd file 'TkBuildDist.Rd':
     \usage lines wider than 90 characters:
     TkBuildDist(x = seq(min + (max - min)/nbin/2, max - (max - min)/nbin/2, length.out = nbin), min = 0, max = 10, nbin = 10, logspline = T ... [TRUNCATED]
    
    Rd file 'ci.examp.Rd':
     \usage lines wider than 90 characters:
     ci.examp(mean.sim = 100, sd = 10, n = 25, reps = 50, conf.level = 0.95, method = "z", lower.conf = (1 - conf.level)/2, upper.conf = 1 - ... [TRUNCATED]
    
    Rd file 'correct.Rd':
     \usage lines wider than 90 characters:
     cor.rect.plot(x, y, corr = TRUE, xlab = deparse(substitute(x)), ylab = deparse(substitute(y)), col = c("#ff000055", "#0000ff55"), ...)
    
    Rd file 'dynIdentify.Rd':
     \usage lines wider than 90 characters:
     dynIdentify(x, y, labels = seq_along(x), corners = cbind(c(-1, 0, 1, -1, 1, -1, 0, 1), c(1, 1, 1, 0, 0, -1, -1, -1)), ...)
     TkIdentify(x, y, labels=seq_along(x), hscale=1.75, vscale=1.75, corners = cbind( c(-1,0,1,-1,1,-1,0,1), c(1,1,1,0,0,-1,-1,-1) ),...)
    
    Rd file 'gp.open.Rd':
     \usage lines wider than 90 characters:
     gp.splot(x,y,z, add=FALSE, title=deparse(substitute(z)), pipe=gpenv$gp, datafile=tempfile())
    
    Rd file 'loess.demo.Rd':
     \usage lines wider than 90 characters:
     loess.demo(x, y, span = 2/3, degree = 1, nearest = FALSE, xlim = numeric(0), ylim = numeric(0), verbose = FALSE)
    
    Rd file 'mle.demo.Rd':
     \usage lines wider than 90 characters:
     mle.demo(x = rnorm(10, 10, 2), start.mean = mean(x) - start.sd, start.sd = 1.2 * sqrt(var(x)))
    
    Rd file 'shadowtext.Rd':
     \usage lines wider than 90 characters:
     shadowtext(x, y = NULL, labels, col = "white", bg = "black", theta = seq(pi/4, 2 * pi, length.out = 8), r = 0.1, ...)
    
    Rd file 'sigma.test.Rd':
     \usage lines wider than 90 characters:
     sigma.test(x, sigma = 1, sigmasq = sigma^2, alternative = c("two.sided", "less", "greater"), conf.level = 0.95, ...)
    
    Rd file 'slider.Rd':
     \usage lines wider than 90 characters:
     slider(sl.functions, sl.names, sl.mins, sl.maxs, sl.deltas, sl.defaults, but.functions, but.names, no, set.no.value, obj.name, obj.valu ... [TRUNCATED]
    
    Rd file 'sliderv.Rd':
     \usage lines wider than 90 characters:
     sliderv(refresh.code, names, minima, maxima, resolutions, starts, title = "control", no = 0, set.no.value = 0)
    
    Rd file 'triplot.Rd':
     \usage lines wider than 90 characters:
     dimnames(x)[[1]], legend = NULL, legend.split = NULL, inner = TRUE, inner.col = c("lightblue", "pink"), inner.lty = c(2, 3), add = FALS ... [TRUNCATED]
    
    Rd file 'z.test.Rd':
     \usage lines wider than 90 characters:
     z.test(x, mu = 0, stdev, alternative = c("two.sided", "less", "greater"), sd = stdev, conf.level = 0.95, ...)
    
    These lines will be truncated in the PDF manual.
Flavors: r-devel-linux-x86_64-fedora-clang, r-devel-linux-x86_64-fedora-gcc

Version: 2.9
Check: package dependencies
Result: NOTE
    Packages suggested but not available for checking: R2wd EBImage
Flavors: r-patched-solaris-sparc, r-patched-solaris-x86

Version: 2.9
Check: package dependencies
Result: NOTE
    Packages suggested but not available for checking:
     R2wd EBImage maptools
Flavor: r-release-osx-x86_64-mavericks