CRAN Package Check Results for Package TeachingDemos

Last updated on 2016-09-25 06:53:33.

Flavor Version Tinstall Tcheck Ttotal Status Flags
r-devel-linux-x86_64-debian-clang 2.10 2.02 47.13 49.15 NOTE
r-devel-linux-x86_64-debian-gcc 2.10 2.07 46.57 48.64 NOTE
r-devel-linux-x86_64-fedora-clang 2.10 85.97 NOTE
r-devel-linux-x86_64-fedora-gcc 2.10 82.43 NOTE
r-devel-macos-x86_64-clang 2.10 69.55 NOTE
r-devel-windows-ix86+x86_64 2.10 17.00 120.00 137.00 OK
r-patched-linux-x86_64 2.10 2.02 44.87 46.89 NOTE
r-patched-solaris-sparc 2.10 521.30 NOTE
r-patched-solaris-x86 2.10 98.10 NOTE
r-release-linux-x86_64 2.10 2.06 46.21 48.27 NOTE
r-release-osx-x86_64-mavericks 2.10 FAIL
r-release-windows-ix86+x86_64 2.10 7.00 78.00 85.00 OK
r-oldrel-windows-ix86+x86_64 2.10 11.00 72.00 83.00 OK

Check Details

Version: 2.10
Check: package dependencies
Result: NOTE
    Package suggested but not available for checking: ‘R2wd’
Flavors: r-devel-linux-x86_64-debian-clang, r-devel-linux-x86_64-debian-gcc, r-devel-linux-x86_64-fedora-clang, r-devel-linux-x86_64-fedora-gcc, r-devel-macos-x86_64-clang, r-patched-linux-x86_64, r-patched-solaris-sparc, r-patched-solaris-x86, r-release-linux-x86_64, r-release-osx-x86_64-mavericks

Version: 2.10
Check: dependencies in R code
Result: FAIL
    
Flavor: r-release-osx-x86_64-mavericks