CRAN Package Check Results for Package TeachingDemos

Last updated on 2016-05-01 06:50:41.

Flavor Version Tinstall Tcheck Ttotal Status Flags
r-devel-linux-x86_64-debian-gcc 2.10 2.04 44.35 46.39 NOTE
r-devel-linux-x86_64-fedora-clang 2.10 83.97 NOTE
r-devel-linux-x86_64-fedora-gcc 2.10 78.69 NOTE
r-devel-osx-x86_64-clang 2.10 98.97 NOTE
r-devel-windows-ix86+x86_64 2.10 7.00 84.00 91.00 OK
r-patched-linux-x86_64 2.10 2.04 44.01 46.05 NOTE
r-patched-solaris-sparc 2.10 515.90 NOTE
r-patched-solaris-x86 2.10 102.00 NOTE
r-release-linux-x86_64 2.10 2.22 45.29 47.51 NOTE
r-release-osx-x86_64-mavericks 2.10 NOTE
r-release-windows-ix86+x86_64 2.10 8.00 95.00 103.00 OK
r-oldrel-windows-ix86+x86_64 2.10 11.00 102.00 113.00 OK

Check Details

Version: 2.10
Check: package dependencies
Result: NOTE
    Package suggested but not available for checking: ‘R2wd’
Flavors: r-devel-linux-x86_64-debian-gcc, r-devel-linux-x86_64-fedora-clang, r-devel-linux-x86_64-fedora-gcc, r-devel-osx-x86_64-clang, r-patched-linux-x86_64, r-patched-solaris-sparc, r-patched-solaris-x86, r-release-linux-x86_64, r-release-osx-x86_64-mavericks

Version: 2.10
Check: dependencies in R code
Result: NOTE
    
     *** caught segfault ***
    address 0x998, cause 'memory not mapped'
    
    Traceback:
     1: structure(.External(.C_dotTclObjv, objv), class = "tclObj")
     2: .Tcl.objv(.Tcl.args.objv(...))
     3: tcl("load", file, "Rplot")
     4: doTryCatch(return(expr), name, parentenv, handler)
     5: tryCatchOne(expr, names, parentenv, handlers[[1L]])
     6: tryCatchList(expr, classes, parentenv, handlers)
     7: tryCatch(tcl("load", file, "Rplot"), error = function(e) warning("loading Rplot failed", call. = FALSE))
     8: fun(libname, pkgname)
     9: doTryCatch(return(expr), name, parentenv, handler)
    10: tryCatchOne(expr, names, parentenv, handlers[[1L]])
    11: tryCatchList(expr, classes, parentenv, handlers)
    12: tryCatch(fun(libname, pkgname), error = identity)
    13: runHook(".onLoad", env, package.lib, package)
    14: loadNamespace(p)
    15: withCallingHandlers(expr, message = function(c) invokeRestart("muffleMessage"))
    16: suppressMessages(loadNamespace(p))
    17: withCallingHandlers(expr, warning = function(w) invokeRestart("muffleWarning"))
    18: suppressWarnings(suppressMessages(loadNamespace(p)))
    19: doTryCatch(return(expr), name, parentenv, handler)
    20: tryCatchOne(expr, names, parentenv, handlers[[1L]])
    21: tryCatchList(expr, classes, parentenv, handlers)
    22: tryCatch(suppressWarnings(suppressMessages(loadNamespace(p))), error = function(e) e)
    23: tools:::.check_packages_used(package = "TeachingDemos")
    aborting ...
Flavor: r-release-osx-x86_64-mavericks