CRAN Package Check Results for Package TeachingDemos

Last updated on 2017-10-22 20:47:37.

Flavor Version Tinstall Tcheck Ttotal Status Flags
r-devel-linux-x86_64-debian-clang 2.10 2.30 51.61 53.91 NOTE
r-devel-linux-x86_64-debian-gcc 2.10 2.53 54.77 57.30 NOTE
r-devel-linux-x86_64-fedora-clang 2.10 95.59 NOTE
r-devel-linux-x86_64-fedora-gcc 2.10 96.26 NOTE
r-devel-windows-ix86+x86_64 2.10 6.00 80.00 86.00 OK
r-patched-linux-x86_64 2.10 2.22 50.15 52.37 NOTE
r-patched-solaris-x86 2.10 108.20 NOTE
r-release-linux-x86_64 2.10 2.14 50.83 52.97 NOTE
r-release-windows-ix86+x86_64 2.10 11.00 81.00 92.00 OK
r-release-osx-x86_64 2.10 NOTE
r-oldrel-windows-ix86+x86_64 2.10 6.00 99.00 105.00 OK
r-oldrel-osx-x86_64 2.10 FAIL

Check Details

Version: 2.10
Check: package dependencies
Result: NOTE
    Package suggested but not available for checking: ‘R2wd’
Flavors: r-devel-linux-x86_64-debian-clang, r-devel-linux-x86_64-debian-gcc, r-devel-linux-x86_64-fedora-clang, r-devel-linux-x86_64-fedora-gcc, r-patched-linux-x86_64, r-patched-solaris-x86, r-release-linux-x86_64, r-release-osx-x86_64, r-oldrel-osx-x86_64

Version: 2.10
Check: dependencies in R code
Result: FAIL
    
Flavor: r-oldrel-osx-x86_64