CRAN Package Check Results for Package TeachingDemos

Last updated on 2017-05-24 01:49:31.

Flavor Version Tinstall Tcheck Ttotal Status Flags
r-devel-linux-x86_64-debian-clang 2.10 2.25 51.34 53.58 NOTE
r-devel-linux-x86_64-debian-gcc 2.10 2.19 50.11 52.30 NOTE
r-devel-linux-x86_64-fedora-clang 2.10 93.80 NOTE --no-stop-on-test-error
r-devel-linux-x86_64-fedora-gcc 2.10 90.27 NOTE --no-stop-on-test-error
r-devel-windows-ix86+x86_64 2.10 11.00 86.00 97.00 OK
r-patched-linux-x86_64 2.10 2.14 49.04 51.17 NOTE
r-patched-solaris-sparc 2.10 550.80 NOTE
r-patched-solaris-x86 2.10 106.60 NOTE
r-release-linux-x86_64 2.10 2.19 49.69 51.88 NOTE
r-release-windows-ix86+x86_64 2.10 7.00 119.00 126.00 OK
r-release-osx-x86_64 2.10 NOTE
r-oldrel-windows-ix86+x86_64 2.10 8.00 104.00 112.00 OK
r-oldrel-osx-x86_64 2.10 FAIL

Check Details

Version: 2.10
Check: package dependencies
Result: NOTE
    Package suggested but not available for checking: ‘R2wd’
Flavors: r-devel-linux-x86_64-debian-clang, r-devel-linux-x86_64-debian-gcc, r-patched-linux-x86_64, r-patched-solaris-sparc, r-patched-solaris-x86, r-release-linux-x86_64, r-release-osx-x86_64, r-oldrel-osx-x86_64

Version: 2.10
Flags: --no-stop-on-test-error
Check: package dependencies
Result: NOTE
    Package suggested but not available for checking: ‘R2wd’
Flavors: r-devel-linux-x86_64-fedora-clang, r-devel-linux-x86_64-fedora-gcc

Version: 2.10
Check: dependencies in R code
Result: FAIL
    
Flavor: r-oldrel-osx-x86_64