CRAN Package Check Results for Package TeachingSampling

Last updated on 2016-10-01 20:47:36.

Flavor Version Tinstall Tcheck Ttotal Status Flags
r-devel-linux-x86_64-debian-clang 3.2.2 1.15 20.86 22.00 NOTE
r-devel-linux-x86_64-debian-gcc 3.2.2 1.05 19.97 21.02 NOTE
r-devel-linux-x86_64-fedora-clang 3.2.2 36.48 NOTE
r-devel-linux-x86_64-fedora-gcc 3.2.2 35.00 NOTE
r-devel-macos-x86_64-clang 3.2.2 30.47 NOTE
r-devel-windows-ix86+x86_64 3.2.2 7.00 63.00 70.00 NOTE
r-patched-linux-x86_64 3.2.2 0.95 19.10 20.05 NOTE
r-patched-solaris-sparc 3.2.2 225.20 NOTE
r-patched-solaris-x86 3.2.2 44.90 NOTE
r-release-linux-x86_64 3.2.2 1.01 19.26 20.27 NOTE
r-release-osx-x86_64-mavericks 3.2.2 NOTE
r-release-windows-ix86+x86_64 3.2.2 5.00 86.00 91.00 NOTE
r-oldrel-windows-ix86+x86_64 3.2.2 3.00 35.00 38.00 OK

Check Details

Version: 3.2.2
Check: R code for possible problems
Result: NOTE
    E.2SI: no visible binding for global variable ‘var’
    E.2SI: no visible global function definition for ‘var’
    E.BE: no visible global function definition for ‘var’
    E.Beta: no visible global function definition for ‘var’
    E.PO: no visible global function definition for ‘var’
    E.PPS: no visible global function definition for ‘var’
    E.SI: no visible global function definition for ‘var’
    E.STPPS: no visible global function definition for ‘var’
    E.STSI: no visible global function definition for ‘var’
    E.STpiPS: no visible global function definition for ‘var’
    E.SY: no visible global function definition for ‘var’
    E.WR: no visible global function definition for ‘var’
    E.piPS: no visible global function definition for ‘var’
    GREG.SI: no visible global function definition for ‘var’
    S.BE: no visible global function definition for ‘runif’
    S.PO: no visible global function definition for ‘runif’
    S.PPS: no visible global function definition for ‘runif’
    S.SI: no visible global function definition for ‘runif’
    S.STPPS: no visible global function definition for ‘runif’
    S.WR: no visible global function definition for ‘rbinom’
    S.piPS: no visible global function definition for ‘runif’
    p.WR: no visible global function definition for ‘dmultinom’
    Undefined global functions or variables:
     dmultinom rbinom runif var
    Consider adding
     importFrom("stats", "dmultinom", "rbinom", "runif", "var")
    to your NAMESPACE file.
Flavors: r-devel-linux-x86_64-debian-clang, r-devel-linux-x86_64-debian-gcc, r-devel-linux-x86_64-fedora-clang, r-devel-linux-x86_64-fedora-gcc, r-devel-macos-x86_64-clang, r-devel-windows-ix86+x86_64, r-patched-linux-x86_64, r-patched-solaris-sparc, r-patched-solaris-x86, r-release-linux-x86_64, r-release-osx-x86_64-mavericks, r-release-windows-ix86+x86_64