CRAN Package Check Results for Package TeachingSampling

Last updated on 2018-02-25 10:47:33 CET.

Flavor Version Tinstall Tcheck Ttotal Status Flags
r-devel-linux-x86_64-debian-clang 3.2.2 3.53 29.83 33.36 NOTE
r-devel-linux-x86_64-debian-gcc 3.2.2 2.73 23.19 25.92 NOTE
r-devel-linux-x86_64-fedora-clang 3.2.2 39.38 NOTE
r-devel-linux-x86_64-fedora-gcc 3.2.2 37.20 NOTE
r-devel-windows-ix86+x86_64 3.2.2 9.00 54.00 63.00 NOTE
r-patched-linux-x86_64 3.2.2 1.61 31.54 33.15 NOTE
r-patched-solaris-x86 3.2.2 51.30 NOTE
r-release-linux-x86_64 3.2.2 1.30 31.69 32.99 NOTE
r-release-windows-ix86+x86_64 3.2.2 4.00 43.00 47.00 NOTE
r-release-osx-x86_64 3.2.2 NOTE
r-oldrel-windows-ix86+x86_64 3.2.2 4.00 43.00 47.00 NOTE
r-oldrel-osx-x86_64 3.2.2 NOTE

Check Details

Version: 3.2.2
Check: R code for possible problems
Result: NOTE
    E.2SI: no visible binding for global variable ‘var’
    E.2SI: no visible global function definition for ‘var’
    E.BE: no visible global function definition for ‘var’
    E.Beta: no visible global function definition for ‘var’
    E.PO: no visible global function definition for ‘var’
    E.PPS: no visible global function definition for ‘var’
    E.SI: no visible global function definition for ‘var’
    E.STPPS: no visible global function definition for ‘var’
    E.STSI: no visible global function definition for ‘var’
    E.STpiPS: no visible global function definition for ‘var’
    E.SY: no visible global function definition for ‘var’
    E.WR: no visible global function definition for ‘var’
    E.piPS: no visible global function definition for ‘var’
    GREG.SI: no visible global function definition for ‘var’
    S.BE: no visible global function definition for ‘runif’
    S.PO: no visible global function definition for ‘runif’
    S.PPS: no visible global function definition for ‘runif’
    S.SI: no visible global function definition for ‘runif’
    S.STPPS: no visible global function definition for ‘runif’
    S.WR: no visible global function definition for ‘rbinom’
    S.piPS: no visible global function definition for ‘runif’
    p.WR: no visible global function definition for ‘dmultinom’
    Undefined global functions or variables:
     dmultinom rbinom runif var
    Consider adding
     importFrom("stats", "dmultinom", "rbinom", "runif", "var")
    to your NAMESPACE file.
Flavors: r-devel-linux-x86_64-debian-clang, r-devel-linux-x86_64-debian-gcc, r-devel-linux-x86_64-fedora-clang, r-devel-linux-x86_64-fedora-gcc, r-devel-windows-ix86+x86_64, r-patched-linux-x86_64, r-patched-solaris-x86, r-release-linux-x86_64, r-release-windows-ix86+x86_64, r-release-osx-x86_64, r-oldrel-windows-ix86+x86_64, r-oldrel-osx-x86_64