CRAN Package Check Results for Package TeachingSampling

Last updated on 2016-05-28 11:49:31.

Flavor Version Tinstall Tcheck Ttotal Status Flags
r-devel-linux-x86_64-debian-gcc 3.2.2 0.93 18.81 19.74 NOTE
r-devel-linux-x86_64-fedora-clang 3.2.2 35.49 NOTE
r-devel-linux-x86_64-fedora-gcc 3.2.2 32.33 NOTE
r-devel-osx-x86_64-clang 3.2.2 42.59 NOTE
r-devel-windows-ix86+x86_64 3.2.2 4.00 50.00 54.00 NOTE
r-patched-linux-x86_64 3.2.2 2.99 18.15 21.14 NOTE
r-patched-solaris-sparc 3.2.2 228.50 NOTE
r-patched-solaris-x86 3.2.2 47.50 NOTE
r-release-linux-x86_64 3.2.2 0.94 18.21 19.15 NOTE
r-release-osx-x86_64-mavericks 3.2.2 NOTE
r-release-windows-ix86+x86_64 3.2.2 5.00 49.00 54.00 NOTE
r-oldrel-windows-ix86+x86_64 3.2.2 4.00 31.00 35.00 OK

Check Details

Version: 3.2.2
Check: R code for possible problems
Result: NOTE
    E.2SI: no visible binding for global variable ‘var’
    E.2SI: no visible global function definition for ‘var’
    E.BE: no visible global function definition for ‘var’
    E.Beta: no visible global function definition for ‘var’
    E.PO: no visible global function definition for ‘var’
    E.PPS: no visible global function definition for ‘var’
    E.SI: no visible global function definition for ‘var’
    E.STPPS: no visible global function definition for ‘var’
    E.STSI: no visible global function definition for ‘var’
    E.STpiPS: no visible global function definition for ‘var’
    E.SY: no visible global function definition for ‘var’
    E.WR: no visible global function definition for ‘var’
    E.piPS: no visible global function definition for ‘var’
    GREG.SI: no visible global function definition for ‘var’
    S.BE: no visible global function definition for ‘runif’
    S.PO: no visible global function definition for ‘runif’
    S.PPS: no visible global function definition for ‘runif’
    S.SI: no visible global function definition for ‘runif’
    S.STPPS: no visible global function definition for ‘runif’
    S.WR: no visible global function definition for ‘rbinom’
    S.piPS: no visible global function definition for ‘runif’
    p.WR: no visible global function definition for ‘dmultinom’
    Undefined global functions or variables:
     dmultinom rbinom runif var
    Consider adding
     importFrom("stats", "dmultinom", "rbinom", "runif", "var")
    to your NAMESPACE file.
Flavors: r-devel-linux-x86_64-debian-gcc, r-devel-linux-x86_64-fedora-clang, r-devel-linux-x86_64-fedora-gcc, r-devel-osx-x86_64-clang, r-devel-windows-ix86+x86_64, r-patched-linux-x86_64, r-patched-solaris-sparc, r-patched-solaris-x86, r-release-linux-x86_64, r-release-osx-x86_64-mavericks, r-release-windows-ix86+x86_64