CRAN Package Check Results for Package TeachingSampling

Last updated on 2015-09-01 03:49:19.

Flavor Version Tinstall Tcheck Ttotal Status Flags
r-devel-linux-x86_64-debian-clang 3.2.2 1.04 17.50 18.55 NOTE
r-devel-linux-x86_64-debian-gcc 3.2.2 0.94 17.43 18.37 NOTE
r-devel-linux-x86_64-fedora-clang 3.2.2 36.08 NOTE
r-devel-linux-x86_64-fedora-gcc 3.2.2 35.47 NOTE
r-devel-osx-x86_64-clang 3.2.2 32.76 OK
r-devel-windows-ix86+x86_64 3.2.2 4.00 34.00 38.00 NOTE
r-patched-linux-x86_64 3.2.2 1.47 18.38 19.85 OK
r-patched-solaris-sparc 3.2.2 240.60 OK
r-patched-solaris-x86 3.2.2 51.20 OK
r-release-linux-x86_64 3.2.2 1.12 18.57 19.69 OK
r-release-osx-x86_64-mavericks 3.2.2 OK
r-release-windows-ix86+x86_64 3.2.2 5.00 42.00 47.00 OK
r-oldrel-windows-ix86+x86_64 3.2.2 4.00 32.00 36.00 OK

Check Details

Version: 3.2.2
Check: R code for possible problems
Result: NOTE
    E.2SI: no visible binding for global variable ‘var’
    E.2SI: no visible global function definition for ‘var’
    E.BE: no visible global function definition for ‘var’
    E.Beta: no visible global function definition for ‘var’
    E.PO: no visible global function definition for ‘var’
    E.PPS: no visible global function definition for ‘var’
    E.SI: no visible global function definition for ‘var’
    E.STPPS: no visible global function definition for ‘var’
    E.STSI: no visible global function definition for ‘var’
    E.STpiPS: no visible global function definition for ‘var’
    E.SY: no visible global function definition for ‘var’
    E.WR: no visible global function definition for ‘var’
    E.piPS: no visible global function definition for ‘var’
    GREG.SI: no visible global function definition for ‘var’
    S.BE: no visible global function definition for ‘runif’
    S.PO: no visible global function definition for ‘runif’
    S.PPS: no visible global function definition for ‘runif’
    S.SI: no visible global function definition for ‘runif’
    S.STPPS: no visible global function definition for ‘runif’
    S.WR: no visible global function definition for ‘rbinom’
    S.piPS: no visible global function definition for ‘runif’
    p.WR: no visible global function definition for ‘dmultinom’
    Undefined global functions or variables:
     dmultinom rbinom runif var
    Consider adding
     importFrom("stats", "dmultinom", "rbinom", "runif", "var")
    to your NAMESPACE.
Flavors: r-devel-linux-x86_64-debian-clang, r-devel-linux-x86_64-debian-gcc, r-devel-linux-x86_64-fedora-clang, r-devel-linux-x86_64-fedora-gcc, r-devel-windows-ix86+x86_64