CRAN Package Check Results for Package TeachingSampling

Last updated on 2016-08-29 06:47:27.

Flavor Version Tinstall Tcheck Ttotal Status Flags
r-devel-linux-x86_64-debian-clang 3.2.2 0.98 19.16 20.15 NOTE
r-devel-linux-x86_64-debian-gcc 3.2.2 0.97 18.80 19.77 NOTE
r-devel-linux-x86_64-fedora-clang 3.2.2 34.58 NOTE
r-devel-linux-x86_64-fedora-gcc 3.2.2 32.65 NOTE
r-devel-osx-x86_64-clang 3.2.2 31.37 NOTE
r-devel-windows-ix86+x86_64 3.2.2 8.00 56.00 64.00 NOTE
r-patched-linux-x86_64 3.2.2 0.91 18.69 19.60 NOTE
r-patched-solaris-sparc 3.2.2 225.20 NOTE
r-patched-solaris-x86 3.2.2 44.70 NOTE
r-release-linux-x86_64 3.2.2 1.06 19.65 20.71 NOTE
r-release-osx-x86_64-mavericks 3.2.2 NOTE
r-release-windows-ix86+x86_64 3.2.2 5.00 49.00 54.00 NOTE
r-oldrel-windows-ix86+x86_64 3.2.2 4.00 31.00 35.00 OK

Check Details

Version: 3.2.2
Check: R code for possible problems
Result: NOTE
    E.2SI: no visible binding for global variable ‘var’
    E.2SI: no visible global function definition for ‘var’
    E.BE: no visible global function definition for ‘var’
    E.Beta: no visible global function definition for ‘var’
    E.PO: no visible global function definition for ‘var’
    E.PPS: no visible global function definition for ‘var’
    E.SI: no visible global function definition for ‘var’
    E.STPPS: no visible global function definition for ‘var’
    E.STSI: no visible global function definition for ‘var’
    E.STpiPS: no visible global function definition for ‘var’
    E.SY: no visible global function definition for ‘var’
    E.WR: no visible global function definition for ‘var’
    E.piPS: no visible global function definition for ‘var’
    GREG.SI: no visible global function definition for ‘var’
    S.BE: no visible global function definition for ‘runif’
    S.PO: no visible global function definition for ‘runif’
    S.PPS: no visible global function definition for ‘runif’
    S.SI: no visible global function definition for ‘runif’
    S.STPPS: no visible global function definition for ‘runif’
    S.WR: no visible global function definition for ‘rbinom’
    S.piPS: no visible global function definition for ‘runif’
    p.WR: no visible global function definition for ‘dmultinom’
    Undefined global functions or variables:
     dmultinom rbinom runif var
    Consider adding
     importFrom("stats", "dmultinom", "rbinom", "runif", "var")
    to your NAMESPACE file.
Flavors: r-devel-linux-x86_64-debian-clang, r-devel-linux-x86_64-debian-gcc, r-devel-linux-x86_64-fedora-clang, r-devel-linux-x86_64-fedora-gcc, r-devel-osx-x86_64-clang, r-devel-windows-ix86+x86_64, r-patched-linux-x86_64, r-patched-solaris-sparc, r-patched-solaris-x86, r-release-linux-x86_64, r-release-osx-x86_64-mavericks, r-release-windows-ix86+x86_64