CRAN Package Check Results for Package TeachingSampling

Last updated on 2015-03-01 16:47:11.

Flavor Version Tinstall Tcheck Ttotal Status Flags
r-devel-linux-x86_64-debian-clang 3.2.1 1.06 18.58 19.64 NOTE
r-devel-linux-x86_64-debian-gcc 3.2.1 1.18 18.52 19.70 NOTE
r-devel-linux-x86_64-fedora-clang 3.2.1 38.38 NOTE
r-devel-linux-x86_64-fedora-gcc 3.2.1 35.24 NOTE
r-devel-osx-x86_64-clang 3.2.1 39.89 NOTE
r-devel-windows-ix86+x86_64 3.2.1 5.00 32.00 37.00 NOTE
r-patched-linux-x86_64 3.2.1 1.14 19.36 20.49 OK
r-patched-solaris-sparc 3.2.1 238.50 OK
r-patched-solaris-x86 3.2.1 56.80 OK
r-release-linux-ix86 3.2.1 1.51 26.21 27.72 OK
r-release-linux-x86_64 3.2.1 1.16 19.60 20.76 OK
r-release-osx-x86_64-mavericks 3.2.1 OK
r-release-osx-x86_64-snowleopard 3.2.1 OK
r-release-windows-ix86+x86_64 3.2.1 3.00 31.00 34.00 OK
r-oldrel-windows-ix86+x86_64 3.2.1 3.00 31.00 34.00 OK

Check Details

Version: 3.2.1
Check: DESCRIPTION meta-information
Result: NOTE
    Malformed Description field: should contain one or more complete sentences.
Flavors: r-devel-linux-x86_64-debian-clang, r-devel-linux-x86_64-debian-gcc, r-devel-linux-x86_64-fedora-clang, r-devel-linux-x86_64-fedora-gcc, r-devel-osx-x86_64-clang, r-devel-windows-ix86+x86_64