CRAN Package Check Results for Package TeachingSampling

Last updated on 2015-04-18 21:49:22.

Flavor Version Tinstall Tcheck Ttotal Status Flags
r-devel-linux-x86_64-debian-clang 3.2.1 1.14 18.77 19.90 NOTE
r-devel-linux-x86_64-debian-gcc 3.2.1 1.10 18.27 19.37 NOTE
r-devel-linux-x86_64-fedora-clang 3.2.1 38.32 NOTE
r-devel-linux-x86_64-fedora-gcc 3.2.1 35.63 NOTE
r-devel-osx-x86_64-clang 3.2.1 39.10 NOTE
r-patched-linux-x86_64 3.2.1 1.06 18.02 19.08 NOTE
r-patched-solaris-sparc 3.2.1 248.80 NOTE
r-patched-solaris-x86 3.2.1 51.00 NOTE
r-release-linux-x86_64 3.2.1 1.03 18.12 19.15 NOTE
r-release-osx-x86_64-mavericks 3.2.1 NOTE
r-release-osx-x86_64-snowleopard 3.2.1 NOTE
r-release-windows-ix86+x86_64 3.2.1 3.00 35.00 38.00 NOTE
r-oldrel-windows-ix86+x86_64 3.2.1 3.00 31.00 34.00 OK

Check Details

Version: 3.2.1
Check: DESCRIPTION meta-information
Result: NOTE
    Malformed Description field: should contain one or more complete sentences.
Flavors: r-devel-linux-x86_64-debian-clang, r-devel-linux-x86_64-debian-gcc, r-devel-linux-x86_64-fedora-clang, r-devel-linux-x86_64-fedora-gcc, r-devel-osx-x86_64-clang, r-patched-linux-x86_64, r-patched-solaris-sparc, r-patched-solaris-x86, r-release-linux-x86_64, r-release-osx-x86_64-mavericks, r-release-osx-x86_64-snowleopard, r-release-windows-ix86+x86_64