CRAN Package Check Results for Package TestDesign

Last updated on 2020-08-05 21:49:17 CEST.

Flavor Version Tinstall Tcheck Ttotal Status Flags
r-devel-linux-x86_64-debian-clang 1.0.2 49.13 201.27 250.40 NOTE
r-devel-linux-x86_64-debian-gcc 1.0.2 42.25 153.78 196.03 NOTE
r-devel-linux-x86_64-fedora-clang 1.0.2 324.87 NOTE
r-devel-linux-x86_64-fedora-gcc 1.0.2 311.25 NOTE
r-devel-windows-ix86+x86_64 1.0.2 116.00 364.00 480.00 NOTE
r-patched-linux-x86_64 1.0.2 45.03 200.78 245.81 NOTE
r-patched-solaris-x86 1.0.2 418.80 NOTE
r-release-linux-x86_64 1.0.2 44.87 199.57 244.44 NOTE
r-release-macos-x86_64 1.0.2 NOTE
r-release-windows-ix86+x86_64 1.0.2 111.00 375.00 486.00 NOTE
r-oldrel-macos-x86_64 1.0.2 NOTE
r-oldrel-windows-ix86+x86_64 1.0.2 78.00 319.00 397.00 NOTE

Check Details

Version: 1.0.2
Check: package dependencies
Result: NOTE
    Package suggested but not available for checking: 'gurobi'
Flavors: r-devel-linux-x86_64-debian-clang, r-devel-linux-x86_64-debian-gcc, r-devel-linux-x86_64-fedora-clang, r-devel-linux-x86_64-fedora-gcc, r-devel-windows-ix86+x86_64, r-patched-linux-x86_64, r-release-linux-x86_64, r-release-windows-ix86+x86_64, r-oldrel-windows-ix86+x86_64

Version: 1.0.2
Check: installed package size
Result: NOTE
     installed size is 5.1Mb
     sub-directories of 1Mb or more:
     doc 1.2Mb
     libs 2.2Mb
Flavors: r-devel-windows-ix86+x86_64, r-release-windows-ix86+x86_64

Version: 1.0.2
Check: package dependencies
Result: NOTE
    Packages suggested but not available for checking:
     'lpsymphony', 'Rsymphony', 'gurobi'
Flavors: r-patched-solaris-x86, r-release-macos-x86_64

Version: 1.0.2
Check: package dependencies
Result: NOTE
    Packages suggested but not available for checking: 'Rsymphony', 'gurobi'
Flavor: r-oldrel-macos-x86_64