CRAN Package Check Results for Package TestGardener

Last updated on 2024-07-23 12:57:48 CEST.

Flavor Version Tinstall Tcheck Ttotal Status Flags
r-devel-linux-x86_64-debian-clang 3.3.3 22.42 170.65 193.07 OK
r-devel-linux-x86_64-debian-gcc 3.3.3 14.90 124.57 139.47 NOTE
r-devel-linux-x86_64-fedora-clang 3.3.3 234.47 OK
r-devel-linux-x86_64-fedora-gcc 3.3.3 216.33 OK
r-devel-windows-x86_64 3.3.3 19.00 141.00 160.00 NOTE
r-patched-linux-x86_64 3.3.3 28.87 159.58 188.45 OK
r-release-linux-x86_64 3.3.3 17.08 161.87 178.95 OK
r-release-macos-arm64 3.3.3 63.00 OK
r-release-macos-x86_64 3.3.3 89.00 OK
r-release-windows-x86_64 3.3.3 17.00 193.00 210.00 OK
r-oldrel-macos-arm64 3.3.3 50.00 OK
r-oldrel-macos-x86_64 3.3.3 86.00 OK
r-oldrel-windows-x86_64 3.3.3 23.00 177.00 200.00 OK

Check Details

Version: 3.3.3
Check: Rd cross-references
Result: NOTE Found the following Rd file(s) with Rd \link{} targets missing package anchors: TG_density.fd.Rd: intensity.fd Please provide package anchors for all Rd \link{} targets not in the package itself and the base packages. Flavors: r-devel-linux-x86_64-debian-gcc, r-devel-windows-x86_64