CRAN Package Check Results for Package TestSurvRec

Last updated on 2015-03-03 09:49:51.

Flavor Version Tinstall Tcheck Ttotal Status Flags
r-devel-linux-x86_64-debian-clang 1.2.1 0.68 12.11 12.79 NOTE
r-devel-linux-x86_64-debian-gcc 1.2.1 0.66 11.34 12.00 NOTE
r-devel-linux-x86_64-fedora-clang 1.2.1 23.81 NOTE
r-devel-linux-x86_64-fedora-gcc 1.2.1 22.45 NOTE
r-devel-osx-x86_64-clang 1.2.1 27.43 NOTE
r-devel-windows-ix86+x86_64 1.2.1 4.00 29.00 33.00 NOTE
r-patched-linux-x86_64 1.2.1 0.80 13.27 14.06 NOTE
r-patched-solaris-sparc 1.2.1 163.10 NOTE
r-patched-solaris-x86 1.2.1 41.30 NOTE
r-release-linux-ix86 1.2.1 1.17 19.86 21.04 NOTE
r-release-linux-x86_64 1.2.1 0.79 13.27 14.06 NOTE
r-release-osx-x86_64-mavericks 1.2.1 NOTE
r-release-osx-x86_64-snowleopard 1.2.1 WARN
r-release-windows-ix86+x86_64 1.2.1 6.00 26.00 32.00 NOTE
r-oldrel-windows-ix86+x86_64 1.2.1 3.00 27.00 30.00 NOTE

Check Details

Version: 1.2.1
Check: dependencies in R code
Result: NOTE
    Packages in Depends field not imported from:
     ‘boot’ ‘survrec’
     These packages need to be imported from (in the NAMESPACE file)
     for when this namespace is loaded but not attached.
Flavors: r-devel-linux-x86_64-debian-clang, r-devel-linux-x86_64-debian-gcc, r-devel-linux-x86_64-fedora-clang, r-devel-linux-x86_64-fedora-gcc, r-devel-osx-x86_64-clang, r-devel-windows-ix86+x86_64, r-patched-linux-x86_64, r-patched-solaris-x86

Version: 1.2.1
Check: R code for possible problems
Result: NOTE
    Dif.Surv.Rec: no visible global function definition for ‘survfitr’
    Plot.Event.Rec: no visible global function definition for ‘survfitr’
    Plot.Surv.Rec: no visible global function definition for ‘survfitr’
    Plot.Surv.Rec: no visible global function definition for ‘q.search’
    Print.Summary: no visible global function definition for ‘survfitr’
Flavors: r-devel-linux-x86_64-debian-clang, r-devel-linux-x86_64-debian-gcc, r-devel-linux-x86_64-fedora-clang, r-devel-linux-x86_64-fedora-gcc, r-devel-osx-x86_64-clang, r-devel-windows-ix86+x86_64, r-patched-linux-x86_64, r-patched-solaris-sparc, r-patched-solaris-x86, r-release-linux-ix86, r-release-linux-x86_64, r-release-osx-x86_64-mavericks, r-release-windows-ix86+x86_64

Version: 1.2.1
Check: dependencies in R code
Result: NOTE
    Packages in Depends field not imported from:
     ‘boot’ ‘survrec’
     These packages need to be imported from (in the NAMESPACE file)
     for when this namespace is loaded but not attached.
    See the information on DESCRIPTION files in the chapter ‘Creating R
    packages’ of the ‘Writing R Extensions’ manual.
Flavors: r-patched-solaris-sparc, r-release-linux-ix86, r-release-linux-x86_64, r-release-osx-x86_64-mavericks, r-release-windows-ix86+x86_64, r-oldrel-windows-ix86+x86_64

Version: 1.2.1
Check: examples
Result: WARN
    checking a package with encoding 'latin1' in an ASCII locale
    
     OK
Flavor: r-release-osx-x86_64-snowleopard