CRAN Package Check Results for Package TestSurvRec

Last updated on 2015-04-21 03:49:45.

Flavor Version Tinstall Tcheck Ttotal Status Flags
r-devel-linux-x86_64-debian-clang 1.2.1 0.74 11.60 12.34 NOTE
r-devel-linux-x86_64-debian-gcc 1.2.1 0.66 11.52 12.17 NOTE
r-devel-linux-x86_64-fedora-clang 1.2.1 24.34 NOTE
r-devel-linux-x86_64-fedora-gcc 1.2.1 21.53 NOTE
r-devel-osx-x86_64-clang 1.2.1 28.50 NOTE
r-devel-windows-ix86+x86_64 1.2.1 4.00 24.00 28.00 NOTE
r-patched-linux-x86_64 1.2.1 0.66 11.41 12.07 NOTE
r-patched-solaris-sparc 1.2.1 167.80 NOTE
r-patched-solaris-x86 1.2.1 35.00 NOTE
r-release-linux-x86_64 1.2.1 0.67 11.98 12.65 NOTE
r-release-osx-x86_64-mavericks 1.2.1 NOTE
r-release-osx-x86_64-snowleopard 1.2.1 NOTE
r-release-windows-ix86+x86_64 1.2.1 1.00 19.00 20.00 NOTE
r-oldrel-windows-ix86+x86_64 1.2.1 3.00 23.00 26.00 NOTE

Check Details

Version: 1.2.1
Check: dependencies in R code
Result: NOTE
    Packages in Depends field not imported from:
     ‘boot’ ‘survrec’
     These packages need to be imported from (in the NAMESPACE file)
     for when this namespace is loaded but not attached.
Flavors: r-devel-linux-x86_64-debian-clang, r-devel-linux-x86_64-debian-gcc, r-devel-linux-x86_64-fedora-clang, r-devel-linux-x86_64-fedora-gcc, r-devel-osx-x86_64-clang, r-devel-windows-ix86+x86_64, r-patched-linux-x86_64, r-patched-solaris-sparc, r-patched-solaris-x86, r-release-linux-x86_64, r-release-osx-x86_64-mavericks, r-release-osx-x86_64-snowleopard, r-release-windows-ix86+x86_64, r-oldrel-windows-ix86+x86_64

Version: 1.2.1
Check: R code for possible problems
Result: NOTE
    Dif.Surv.Rec: no visible global function definition for ‘survfitr’
    Plot.Event.Rec: no visible global function definition for ‘survfitr’
    Plot.Surv.Rec: no visible global function definition for ‘survfitr’
    Plot.Surv.Rec: no visible global function definition for ‘q.search’
    Print.Summary: no visible global function definition for ‘survfitr’
Flavors: r-devel-linux-x86_64-debian-clang, r-devel-linux-x86_64-debian-gcc, r-devel-linux-x86_64-fedora-clang, r-devel-linux-x86_64-fedora-gcc, r-devel-osx-x86_64-clang, r-devel-windows-ix86+x86_64, r-patched-linux-x86_64, r-patched-solaris-sparc, r-patched-solaris-x86, r-release-linux-x86_64, r-release-osx-x86_64-mavericks, r-release-osx-x86_64-snowleopard, r-release-windows-ix86+x86_64, r-oldrel-windows-ix86+x86_64