CRAN Package Check Results for Package TestSurvRec

Last updated on 2014-07-24 15:52:28.

Flavor Version Tinstall Tcheck Ttotal Status Flags
r-devel-linux-x86_64-debian-clang 1.2.1 0.78 12.52 13.30 NOTE
r-devel-linux-x86_64-debian-gcc 1.2.1 0.72 12.52 13.25 NOTE
r-devel-linux-x86_64-fedora-clang 1.2.1 27.12 NOTE
r-devel-linux-x86_64-fedora-gcc 1.2.1 26.02 NOTE
r-devel-osx-x86_64-clang 1.2.1 28.59 NOTE
r-devel-windows-ix86+x86_64 1.2.1 3.00 23.00 26.00 NOTE
r-patched-linux-x86_64 1.2.1 0.74 12.63 13.38 NOTE
r-patched-solaris-sparc 1.2.1 153.10 NOTE
r-patched-solaris-x86 1.2.1 37.40 NOTE
r-release-linux-ix86 1.2.1 1.10 19.60 20.69 NOTE
r-release-linux-x86_64 1.2.1 0.76 12.99 13.75 NOTE
r-release-osx-x86_64-mavericks 1.2.1 NOTE
r-release-osx-x86_64-snowleopard 1.2.1 WARN
r-release-windows-ix86+x86_64 1.2.1 2.00 21.00 23.00 NOTE
r-oldrel-windows-ix86+x86_64 1.2.1 4.00 25.00 29.00 NOTE

Check Details

Version: 1.2.1
Check: dependencies in R code
Result: NOTE
    Packages in Depends field not imported from:
     ‘boot’ ‘survrec’
     These packages need to be imported from (in the NAMESPACE file)
     for when this namespace is loaded but not attached.
    See the information on DESCRIPTION files in the chapter ‘Creating R
    packages’ of the ‘Writing R Extensions’ manual.
Flavors: r-devel-linux-x86_64-debian-clang, r-devel-linux-x86_64-debian-gcc, r-devel-linux-x86_64-fedora-clang, r-devel-linux-x86_64-fedora-gcc, r-devel-osx-x86_64-clang, r-devel-windows-ix86+x86_64, r-patched-linux-x86_64, r-patched-solaris-sparc, r-patched-solaris-x86, r-release-linux-ix86, r-release-linux-x86_64, r-release-osx-x86_64-mavericks, r-release-windows-ix86+x86_64, r-oldrel-windows-ix86+x86_64

Version: 1.2.1
Check: examples
Result: WARNING
    checking a package with encoding 'latin1' in an ASCII locale
    
     OK
Flavor: r-release-osx-x86_64-snowleopard