CRAN Package Check Results for Package TestSurvRec

Last updated on 2014-12-21 11:46:48.

Flavor Version Tinstall Tcheck Ttotal Status Flags
r-devel-linux-x86_64-debian-clang 1.2.1 0.76 13.32 14.07 NOTE
r-devel-linux-x86_64-debian-gcc 1.2.1 0.74 12.93 13.67 NOTE
r-devel-linux-x86_64-fedora-clang 1.2.1 28.29 NOTE
r-devel-linux-x86_64-fedora-gcc 1.2.1 25.58 NOTE
r-devel-osx-x86_64-clang 1.2.1 29.37 NOTE
r-devel-windows-ix86+x86_64 1.2.1 4.00 23.00 27.00 NOTE
r-patched-linux-x86_64 1.2.1 0.77 13.01 13.78 NOTE
r-patched-solaris-sparc 1.2.1 155.00 NOTE
r-patched-solaris-x86 1.2.1 39.50 NOTE
r-release-linux-ix86 1.2.1 1.06 18.96 20.02 NOTE
r-release-linux-x86_64 1.2.1 0.78 13.02 13.80 NOTE
r-release-osx-x86_64-mavericks 1.2.1 NOTE
r-release-osx-x86_64-snowleopard 1.2.1 WARN
r-release-windows-ix86+x86_64 1.2.1 3.00 24.00 27.00 NOTE
r-oldrel-windows-ix86+x86_64 1.2.1 3.00 28.00 31.00 NOTE

Check Details

Version: 1.2.1
Check: dependencies in R code
Result: NOTE
    Packages in Depends field not imported from:
     ‘boot’ ‘survrec’
     These packages need to be imported from (in the NAMESPACE file)
     for when this namespace is loaded but not attached.
    See the information on DESCRIPTION files in the chapter ‘Creating R
    packages’ of the ‘Writing R Extensions’ manual.
Flavors: r-devel-linux-x86_64-debian-clang, r-devel-linux-x86_64-debian-gcc, r-devel-linux-x86_64-fedora-clang, r-devel-linux-x86_64-fedora-gcc, r-devel-osx-x86_64-clang, r-devel-windows-ix86+x86_64, r-patched-linux-x86_64, r-patched-solaris-sparc, r-patched-solaris-x86, r-release-linux-ix86, r-release-linux-x86_64, r-release-osx-x86_64-mavericks, r-release-windows-ix86+x86_64, r-oldrel-windows-ix86+x86_64

Version: 1.2.1
Check: R code for possible problems
Result: NOTE
    Dif.Surv.Rec: no visible global function definition for ‘survfitr’
    Plot.Event.Rec: no visible global function definition for ‘survfitr’
    Plot.Surv.Rec: no visible global function definition for ‘survfitr’
    Plot.Surv.Rec: no visible global function definition for ‘q.search’
    Print.Summary: no visible global function definition for ‘survfitr’
Flavors: r-devel-linux-x86_64-debian-clang, r-devel-linux-x86_64-debian-gcc, r-devel-linux-x86_64-fedora-clang, r-devel-linux-x86_64-fedora-gcc, r-devel-osx-x86_64-clang, r-devel-windows-ix86+x86_64, r-patched-linux-x86_64, r-patched-solaris-sparc, r-patched-solaris-x86, r-release-linux-ix86, r-release-linux-x86_64, r-release-windows-ix86+x86_64

Version: 1.2.1
Check: examples
Result: WARN
    checking a package with encoding 'latin1' in an ASCII locale
    
     OK
Flavor: r-release-osx-x86_64-snowleopard