CRAN Package Check Results for Package TestSurvRec

Last updated on 2014-04-18 20:48:09.

Flavor Version Tinstall Tcheck Ttotal Status Flags
r-devel-linux-x86_64-debian-clang 1.2.1 2.78 12.91 15.70 NOTE
r-devel-linux-x86_64-debian-gcc NOTE
r-devel-linux-x86_64-fedora-clang 1.2.1 27.69 NOTE
r-devel-linux-x86_64-fedora-gcc 1.2.1 24.79 NOTE
r-devel-macosx-x86_64-clang 1.2.1 29.69 NOTE
r-devel-macosx-x86_64-gcc 1.2.1 NOTE
r-devel-windows-ix86+x86_64 1.2.1 3.00 22.00 25.00 NOTE
r-patched-linux-x86_64 1.2.1 0.79 13.08 13.88 NOTE
r-patched-solaris-sparc 1.2.1 153.10 NOTE
r-patched-solaris-x86 1.2.1 39.00 NOTE
r-release-linux-ix86 1.2.1 3.00 27.00 30.00 NOTE
r-release-linux-x86_64 1.2.1 0.87 12.90 13.77 NOTE
r-release-macosx-x86_64 1.2.1 WARN
r-release-windows-ix86+x86_64 1.2.1 3.00 23.00 26.00 NOTE
r-oldrel-windows-ix86+x86_64 1.2.1 3.00 23.00 26.00 NOTE

Check Details

Version: 1.2.1
Check: dependencies in R code
Result: NOTE
    Packages in Depends field not imported from:
     ‘boot’ ‘survrec’
     These packages need to be imported from (in the NAMESPACE file)
     for when this namespace is loaded but not attached.
    See the information on DESCRIPTION files in the chapter ‘Creating R
    packages’ of the ‘Writing R Extensions’ manual.
Flavors: r-devel-linux-x86_64-debian-clang, r-devel-linux-x86_64-debian-gcc, r-devel-linux-x86_64-fedora-clang, r-devel-linux-x86_64-fedora-gcc, r-devel-macosx-x86_64-clang, r-devel-macosx-x86_64-gcc, r-devel-windows-ix86+x86_64, r-patched-linux-x86_64, r-patched-solaris-sparc, r-patched-solaris-x86, r-release-linux-ix86, r-release-linux-x86_64, r-release-windows-ix86+x86_64, r-oldrel-windows-ix86+x86_64

Version: 1.2.1
Check: examples
Result: WARNING
    checking a package with encoding 'latin1' in an ASCII locale
    
     OK
Flavor: r-release-macosx-x86_64