CRAN Package Check Results for Package TestSurvRec

Last updated on 2015-08-29 10:47:09.

Flavor Version Tinstall Tcheck Ttotal Status Flags
r-devel-linux-x86_64-debian-clang 1.2.1 0.84 11.20 12.03 NOTE
r-devel-linux-x86_64-debian-gcc 1.2.1 0.64 11.18 11.82 NOTE
r-devel-linux-x86_64-fedora-clang 1.2.1 22.18 NOTE
r-devel-linux-x86_64-fedora-gcc 1.2.1 21.66 NOTE
r-devel-osx-x86_64-clang 1.2.1 23.42 NOTE
r-devel-windows-ix86+x86_64 1.2.1 4.00 25.00 29.00 NOTE
r-patched-linux-x86_64 1.2.1 0.80 11.60 12.40 NOTE
r-patched-solaris-sparc 1.2.1 150.90 NOTE
r-patched-solaris-x86 1.2.1 35.00 NOTE
r-release-linux-x86_64 1.2.1 0.66 12.01 12.66 NOTE
r-release-osx-x86_64-mavericks 1.2.1 NOTE
r-release-windows-ix86+x86_64 1.2.1 4.00 34.00 38.00 NOTE
r-oldrel-windows-ix86+x86_64 1.2.1 5.00 27.00 32.00 NOTE

Check Details

Version: 1.2.1
Check: dependencies in R code
Result: NOTE
    Packages in Depends field not imported from:
     ‘boot’ ‘survrec’
     These packages need to be imported from (in the NAMESPACE file)
     for when this namespace is loaded but not attached.
Flavors: r-devel-linux-x86_64-debian-clang, r-devel-linux-x86_64-debian-gcc, r-devel-linux-x86_64-fedora-clang, r-devel-linux-x86_64-fedora-gcc, r-devel-osx-x86_64-clang, r-devel-windows-ix86+x86_64, r-patched-linux-x86_64, r-patched-solaris-sparc, r-patched-solaris-x86, r-release-linux-x86_64, r-release-osx-x86_64-mavericks, r-release-windows-ix86+x86_64, r-oldrel-windows-ix86+x86_64

Version: 1.2.1
Check: R code for possible problems
Result: NOTE
    Dif.Surv.Rec: no visible global function definition for ‘survfitr’
    Dif.Surv.Rec: no visible global function definition for ‘pchisq’
    Plot.Data.Events: no visible global function definition for ‘dev.new’
    Plot.Data.Events: no visible global function definition for ‘par’
    Plot.Data.Events: no visible global function definition for ‘plot’
    Plot.Data.Events: no visible global function definition for ‘title’
    Plot.Data.Events: no visible global function definition for ‘mtext’
    Plot.Data.Events: no visible global function definition for ‘legend’
    Plot.Data.Events: no visible global function definition for ‘segments’
    Plot.Data.Events: no visible global function definition for ‘points’
    Plot.Event.Rec: no visible global function definition for ‘survfitr’
    Plot.Event.Rec: no visible global function definition for ‘plot’
    Plot.Event.Rec: no visible global function definition for ‘title’
    Plot.Event.Rec: no visible global function definition for ‘abline’
    Plot.Event.Rec: no visible global function definition for ‘gray’
    Plot.Event.Rec: no visible global function definition for ‘segments’
    Plot.Event.Rec: no visible global function definition for ‘text’
    Plot.Surv.Rec: no visible global function definition for ‘survfitr’
    Plot.Surv.Rec: no visible global function definition for ‘q.search’
    Plot.Surv.Rec: no visible global function definition for ‘dev.new’
    Plot.Surv.Rec: no visible global function definition for ‘plot’
    Plot.Surv.Rec: no visible global function definition for ‘lines’
    Plot.Surv.Rec: no visible global function definition for ‘legend’
    Print.Summary: no visible global function definition for ‘survfitr’
    Undefined global functions or variables:
     abline dev.new gray legend lines mtext par pchisq plot points
     q.search segments survfitr text title
    Consider adding
     importFrom("grDevices", "dev.new", "gray")
     importFrom("graphics", "abline", "legend", "lines", "mtext", "par",
     "plot", "points", "segments", "text", "title")
     importFrom("stats", "pchisq")
    to your NAMESPACE.
Flavors: r-devel-linux-x86_64-debian-clang, r-devel-linux-x86_64-debian-gcc, r-devel-linux-x86_64-fedora-clang, r-devel-linux-x86_64-fedora-gcc, r-devel-windows-ix86+x86_64

Version: 1.2.1
Check: R code for possible problems
Result: NOTE
    Dif.Surv.Rec: no visible global function definition for ‘survfitr’
    Plot.Event.Rec: no visible global function definition for ‘survfitr’
    Plot.Surv.Rec: no visible global function definition for ‘survfitr’
    Plot.Surv.Rec: no visible global function definition for ‘q.search’
    Print.Summary: no visible global function definition for ‘survfitr’
    Undefined global functions or variables:
     q.search survfitr
Flavor: r-devel-osx-x86_64-clang

Version: 1.2.1
Check: R code for possible problems
Result: NOTE
    Dif.Surv.Rec: no visible global function definition for ‘survfitr’
    Plot.Event.Rec: no visible global function definition for ‘survfitr’
    Plot.Surv.Rec: no visible global function definition for ‘survfitr’
    Plot.Surv.Rec: no visible global function definition for ‘q.search’
    Print.Summary: no visible global function definition for ‘survfitr’
Flavors: r-patched-linux-x86_64, r-patched-solaris-sparc, r-patched-solaris-x86, r-release-linux-x86_64, r-release-osx-x86_64-mavericks, r-release-windows-ix86+x86_64, r-oldrel-windows-ix86+x86_64