CRAN Package Check Results for Package TextForecast

Last updated on 2019-09-18 09:50:41 CEST.

Flavor Version Tinstall Tcheck Ttotal Status Flags
r-devel-linux-x86_64-debian-clang 0.1.1 12.76 107.25 120.01 NOTE
r-devel-linux-x86_64-debian-gcc 0.1.1 8.83 85.93 94.76 NOTE
r-devel-linux-x86_64-fedora-clang 0.1.1 142.65 NOTE
r-devel-linux-x86_64-fedora-gcc 0.1.1 140.67 NOTE
r-devel-windows-ix86+x86_64 0.1.1 50.00 194.00 244.00 OK
r-patched-linux-x86_64 0.1.1 10.12 106.67 116.79 OK
r-patched-solaris-x86 0.1.1 234.00 NOTE
r-release-linux-x86_64 0.1.1 10.98 108.18 119.16 OK
r-release-windows-ix86+x86_64 0.1.1 19.00 117.00 136.00 OK
r-release-osx-x86_64 0.1.1 NOTE
r-oldrel-windows-ix86+x86_64 0.1.1 14.00 124.00 138.00 OK
r-oldrel-osx-x86_64 0.1.1 NOTE

Check Details

Version: 0.1.1
Check: for non-standard things in the check directory
Result: NOTE
    Found the following files/directories:
     'english-ewt-ud-2.4-190531.udpipe'
Flavors: r-devel-linux-x86_64-debian-clang, r-devel-linux-x86_64-debian-gcc, r-devel-linux-x86_64-fedora-clang, r-devel-linux-x86_64-fedora-gcc

Version: 0.1.1
Check: dependencies in R code
Result: NOTE
    Namespaces in Imports field not imported from:
     ‘doParallel’ ‘forecast’ ‘lars’ ‘parallel’ ‘tau’ ‘tsDyn’
     All declared Imports should be used.
Flavors: r-devel-linux-x86_64-fedora-clang, r-devel-linux-x86_64-fedora-gcc, r-patched-solaris-x86, r-release-osx-x86_64, r-oldrel-osx-x86_64

Version: 0.1.1
Check: data for non-ASCII characters
Result: NOTE
     Note: found 40 marked UTF-8 strings
Flavors: r-devel-linux-x86_64-fedora-clang, r-devel-linux-x86_64-fedora-gcc, r-patched-solaris-x86, r-release-osx-x86_64, r-oldrel-osx-x86_64