CRAN Package Check Results for Package TextForecast

Last updated on 2020-02-18 01:52:11 CET.

Flavor Version Tinstall Tcheck Ttotal Status Flags
r-devel-linux-x86_64-debian-clang 0.1.2 11.95 108.14 120.09 OK
r-devel-linux-x86_64-debian-gcc 0.1.2 9.77 81.92 91.69 OK
r-devel-linux-x86_64-fedora-clang 0.1.2 141.94 NOTE
r-devel-linux-x86_64-fedora-gcc 0.1.2 145.48 NOTE
r-devel-windows-ix86+x86_64 0.1.2 27.00 108.00 135.00 OK
r-devel-windows-ix86+x86_64-gcc8 0.1.2 42.00 163.00 205.00 OK
r-patched-linux-x86_64 0.1.2 9.15 93.45 102.60 OK
r-patched-solaris-x86 0.1.2 211.80 NOTE
r-release-linux-x86_64 0.1.2 9.94 92.72 102.66 OK
r-release-windows-ix86+x86_64 0.1.2 18.00 108.00 126.00 OK
r-release-osx-x86_64 0.1.2 NOTE
r-oldrel-windows-ix86+x86_64 0.1.2 12.00 108.00 120.00 OK
r-oldrel-osx-x86_64 0.1.2 NOTE

Check Details

Version: 0.1.2
Check: dependencies in R code
Result: NOTE
    Namespaces in Imports field not imported from:
     ‘doParallel’ ‘parallel’ ‘tidyr’
     All declared Imports should be used.
Flavors: r-devel-linux-x86_64-fedora-clang, r-devel-linux-x86_64-fedora-gcc, r-patched-solaris-x86, r-release-osx-x86_64, r-oldrel-osx-x86_64

Version: 0.1.2
Check: data for non-ASCII characters
Result: NOTE
     Note: found 40 marked UTF-8 strings
Flavors: r-devel-linux-x86_64-fedora-clang, r-devel-linux-x86_64-fedora-gcc, r-patched-solaris-x86, r-release-osx-x86_64, r-oldrel-osx-x86_64