CRAN Package Check Results for Package Thinknum

Last updated on 2017-01-20 19:47:28.

Flavor Version Tinstall Tcheck Ttotal Status Flags
r-devel-linux-x86_64-debian-clang 1.3.0 0.85 13.15 14.00 NOTE
r-devel-linux-x86_64-debian-gcc 1.3.0 0.86 13.18 14.04 NOTE
r-devel-linux-x86_64-fedora-clang 1.3.0 24.48 NOTE --no-stop-on-test-error
r-devel-linux-x86_64-fedora-gcc 1.3.0 23.09 NOTE --no-stop-on-test-error
r-devel-macos-x86_64-clang 1.3.0 20.53 NOTE --no-stop-on-test-error
r-devel-windows-ix86+x86_64 1.3.0 4.00 32.00 36.00 NOTE
r-patched-linux-x86_64 1.3.0 0.77 11.68 12.45 NOTE
r-patched-solaris-sparc 1.3.0 134.10 NOTE
r-patched-solaris-x86 1.3.0 32.20 NOTE
r-release-linux-x86_64 1.3.0 0.85 11.55 12.40 NOTE
r-release-osx-x86_64-mavericks 1.3.0 NOTE
r-release-windows-ix86+x86_64 1.3.0 7.00 49.00 56.00 NOTE
r-oldrel-windows-ix86+x86_64 1.3.0 9.00 31.00 40.00 NOTE

Check Details

Version: 1.3.0
Check: DESCRIPTION meta-information
Result: NOTE
    Malformed Description field: should contain one or more complete sentences.
Flavors: r-devel-linux-x86_64-debian-clang, r-devel-linux-x86_64-debian-gcc, r-devel-windows-ix86+x86_64, r-patched-linux-x86_64, r-patched-solaris-sparc, r-patched-solaris-x86, r-release-linux-x86_64, r-release-osx-x86_64-mavericks, r-release-windows-ix86+x86_64, r-oldrel-windows-ix86+x86_64

Version: 1.3.0
Check: R code for possible problems
Result: NOTE
    Thinknum: no visible global function definition for ‘URLencode’
    Undefined global functions or variables:
     URLencode
    Consider adding
     importFrom("utils", "URLencode")
    to your NAMESPACE file.
Flavors: r-devel-linux-x86_64-debian-clang, r-devel-linux-x86_64-debian-gcc, r-devel-windows-ix86+x86_64, r-patched-linux-x86_64, r-patched-solaris-sparc, r-patched-solaris-x86, r-release-linux-x86_64, r-release-osx-x86_64-mavericks, r-release-windows-ix86+x86_64

Version: 1.3.0
Flags: --no-stop-on-test-error
Check: DESCRIPTION meta-information
Result: NOTE
    Malformed Description field: should contain one or more complete sentences.
Flavors: r-devel-linux-x86_64-fedora-clang, r-devel-linux-x86_64-fedora-gcc, r-devel-macos-x86_64-clang

Version: 1.3.0
Flags: --no-stop-on-test-error
Check: R code for possible problems
Result: NOTE
    Thinknum: no visible global function definition for ‘URLencode’
    Undefined global functions or variables:
     URLencode
    Consider adding
     importFrom("utils", "URLencode")
    to your NAMESPACE file.
Flavors: r-devel-linux-x86_64-fedora-clang, r-devel-linux-x86_64-fedora-gcc, r-devel-macos-x86_64-clang