CRAN Package Check Results for Package Thinknum

Last updated on 2016-09-28 18:50:15.

Flavor Version Tinstall Tcheck Ttotal Status Flags
r-devel-linux-x86_64-debian-clang 1.3.0 0.84 11.97 12.82 NOTE
r-devel-linux-x86_64-debian-gcc 1.3.0 0.80 12.14 12.94 NOTE
r-devel-linux-x86_64-fedora-clang 1.3.0 21.46 NOTE
r-devel-linux-x86_64-fedora-gcc 1.3.0 20.63 NOTE
r-devel-macos-x86_64-clang 1.3.0 18.10 NOTE
r-devel-windows-ix86+x86_64 1.3.0 3.00 47.00 50.00 NOTE
r-patched-linux-x86_64 1.3.0 0.78 12.07 12.84 NOTE
r-patched-solaris-sparc 1.3.0 129.30 NOTE
r-patched-solaris-x86 1.3.0 30.70 NOTE
r-release-linux-x86_64 1.3.0 0.74 11.85 12.59 NOTE
r-release-osx-x86_64-mavericks 1.3.0 NOTE
r-release-windows-ix86+x86_64 1.3.0 2.00 55.00 57.00 NOTE
r-oldrel-windows-ix86+x86_64 1.3.0 3.00 26.00 29.00 NOTE

Check Details

Version: 1.3.0
Check: DESCRIPTION meta-information
Result: NOTE
    Malformed Description field: should contain one or more complete sentences.
Flavors: r-devel-linux-x86_64-debian-clang, r-devel-linux-x86_64-debian-gcc, r-devel-linux-x86_64-fedora-clang, r-devel-linux-x86_64-fedora-gcc, r-devel-macos-x86_64-clang, r-devel-windows-ix86+x86_64, r-patched-linux-x86_64, r-patched-solaris-sparc, r-patched-solaris-x86, r-release-linux-x86_64, r-release-osx-x86_64-mavericks, r-release-windows-ix86+x86_64, r-oldrel-windows-ix86+x86_64

Version: 1.3.0
Check: R code for possible problems
Result: NOTE
    Thinknum: no visible global function definition for ‘URLencode’
    Undefined global functions or variables:
     URLencode
    Consider adding
     importFrom("utils", "URLencode")
    to your NAMESPACE file.
Flavors: r-devel-linux-x86_64-debian-clang, r-devel-linux-x86_64-debian-gcc, r-devel-linux-x86_64-fedora-clang, r-devel-linux-x86_64-fedora-gcc, r-devel-macos-x86_64-clang, r-devel-windows-ix86+x86_64, r-patched-linux-x86_64, r-patched-solaris-sparc, r-patched-solaris-x86, r-release-linux-x86_64, r-release-osx-x86_64-mavericks, r-release-windows-ix86+x86_64