CRAN Package Check Results for Package Thinknum

Last updated on 2015-08-04 03:48:26.

Flavor Version Tinstall Tcheck Ttotal Status Flags
r-devel-linux-x86_64-debian-clang 1.3.0 0.74 12.38 13.13 NOTE
r-devel-linux-x86_64-debian-gcc 1.3.0 0.90 11.58 12.48 NOTE
r-devel-linux-x86_64-fedora-clang 1.3.0 24.81 NOTE
r-devel-linux-x86_64-fedora-gcc 1.3.0 23.20 NOTE
r-devel-osx-x86_64-clang 1.3.0 23.65 NOTE
r-devel-windows-ix86+x86_64 1.3.0 3.00 23.00 26.00 NOTE
r-patched-linux-x86_64 1.3.0 0.74 11.88 12.62 NOTE
r-patched-solaris-sparc 1.3.0 147.90 NOTE
r-patched-solaris-x86 1.3.0 39.70 NOTE
r-release-linux-x86_64 1.3.0 0.79 11.80 12.59 NOTE
r-release-osx-x86_64-mavericks 1.3.0 NOTE
r-release-windows-ix86+x86_64 1.3.0 3.00 21.00 24.00 NOTE
r-oldrel-windows-ix86+x86_64 1.3.0 5.00 26.00 31.00 OK

Check Details

Version: 1.3.0
Check: DESCRIPTION meta-information
Result: NOTE
    Malformed Description field: should contain one or more complete sentences.
Flavors: r-devel-linux-x86_64-debian-clang, r-devel-linux-x86_64-debian-gcc, r-devel-linux-x86_64-fedora-clang, r-devel-linux-x86_64-fedora-gcc, r-devel-osx-x86_64-clang, r-devel-windows-ix86+x86_64, r-patched-linux-x86_64, r-patched-solaris-sparc, r-patched-solaris-x86, r-release-linux-x86_64, r-release-osx-x86_64-mavericks, r-release-windows-ix86+x86_64

Version: 1.3.0
Check: R code for possible problems
Result: NOTE
    Thinknum: no visible global function definition for ‘URLencode’
    Undefined global functions or variables:
     URLencode
    Consider adding
     importFrom("utils", "URLencode")
    to your NAMESPACE.
Flavors: r-devel-linux-x86_64-debian-clang, r-devel-linux-x86_64-debian-gcc, r-devel-linux-x86_64-fedora-clang, r-devel-linux-x86_64-fedora-gcc, r-devel-windows-ix86+x86_64