CRAN Package Check Results for Package Thinknum

Last updated on 2020-02-17 16:47:07 CET.

Flavor Version Tinstall Tcheck Ttotal Status Flags
r-devel-linux-x86_64-debian-clang 1.3.0 2.77 24.95 27.72 NOTE
r-devel-linux-x86_64-debian-gcc 1.3.0 2.27 20.18 22.45 NOTE
r-devel-linux-x86_64-fedora-clang 1.3.0 33.85 NOTE
r-devel-linux-x86_64-fedora-gcc 1.3.0 34.43 NOTE
r-devel-windows-ix86+x86_64 1.3.0 6.00 39.00 45.00 NOTE
r-devel-windows-ix86+x86_64-gcc8 1.3.0 11.00 51.00 62.00 NOTE
r-patched-linux-x86_64 1.3.0 2.02 21.90 23.92 NOTE
r-patched-solaris-x86 1.3.0 47.80 NOTE
r-release-linux-x86_64 1.3.0 1.67 21.47 23.14 NOTE
r-release-windows-ix86+x86_64 1.3.0 4.00 35.00 39.00 NOTE
r-release-osx-x86_64 1.3.0 NOTE
r-oldrel-windows-ix86+x86_64 1.3.0 2.00 33.00 35.00 NOTE
r-oldrel-osx-x86_64 1.3.0 NOTE

Check Details

Version: 1.3.0
Check: DESCRIPTION meta-information
Result: NOTE
    Malformed Description field: should contain one or more complete sentences.
Flavors: r-devel-linux-x86_64-debian-clang, r-devel-linux-x86_64-debian-gcc, r-devel-linux-x86_64-fedora-clang, r-devel-linux-x86_64-fedora-gcc, r-devel-windows-ix86+x86_64, r-devel-windows-ix86+x86_64-gcc8, r-patched-linux-x86_64, r-patched-solaris-x86, r-release-linux-x86_64, r-release-windows-ix86+x86_64, r-release-osx-x86_64, r-oldrel-windows-ix86+x86_64, r-oldrel-osx-x86_64

Version: 1.3.0
Check: R code for possible problems
Result: NOTE
    Thinknum: no visible global function definition for 'URLencode'
    Undefined global functions or variables:
     URLencode
    Consider adding
     importFrom("utils", "URLencode")
    to your NAMESPACE file.
Flavors: r-devel-linux-x86_64-debian-clang, r-devel-linux-x86_64-debian-gcc, r-devel-linux-x86_64-fedora-clang, r-devel-linux-x86_64-fedora-gcc, r-devel-windows-ix86+x86_64, r-devel-windows-ix86+x86_64-gcc8, r-patched-linux-x86_64, r-patched-solaris-x86, r-release-linux-x86_64, r-release-windows-ix86+x86_64, r-release-osx-x86_64, r-oldrel-windows-ix86+x86_64, r-oldrel-osx-x86_64