CRAN Package Check Results for Package Thinknum

Last updated on 2015-07-04 17:47:46.

Flavor Version Tinstall Tcheck Ttotal Status Flags
r-devel-linux-x86_64-debian-clang 1.3.0 0.82 11.87 12.69 NOTE
r-devel-linux-x86_64-debian-gcc 1.3.0 0.75 11.62 12.36 NOTE
r-devel-linux-x86_64-fedora-clang 1.3.0 23.99 NOTE
r-devel-linux-x86_64-fedora-gcc 1.3.0 23.45 NOTE
r-devel-osx-x86_64-clang 1.3.0 23.40 NOTE
r-devel-windows-ix86+x86_64 1.3.0 3.00 21.00 24.00 NOTE
r-patched-linux-x86_64 1.3.0 0.76 11.76 12.52 NOTE
r-patched-solaris-sparc 1.3.0 150.80 NOTE
r-patched-solaris-x86 1.3.0 38.50 NOTE
r-release-linux-x86_64 1.3.0 0.77 12.28 13.04 NOTE
r-release-osx-x86_64-mavericks 1.3.0 NOTE
r-release-windows-ix86+x86_64 1.3.0 3.00 21.00 24.00 NOTE
r-oldrel-windows-ix86+x86_64 1.3.0 5.00 26.00 31.00 OK

Check Details

Version: 1.3.0
Check: DESCRIPTION meta-information
Result: NOTE
    Malformed Description field: should contain one or more complete sentences.
Flavors: r-devel-linux-x86_64-debian-clang, r-devel-linux-x86_64-debian-gcc, r-devel-linux-x86_64-fedora-clang, r-devel-linux-x86_64-fedora-gcc, r-devel-osx-x86_64-clang, r-devel-windows-ix86+x86_64, r-patched-linux-x86_64, r-patched-solaris-sparc, r-patched-solaris-x86, r-release-linux-x86_64, r-release-osx-x86_64-mavericks, r-release-windows-ix86+x86_64

Version: 1.3.0
Check: R code for possible problems
Result: NOTE
    Thinknum: no visible global function definition for ‘URLencode’
    Undefined global functions or variables:
     URLencode
Flavors: r-devel-linux-x86_64-debian-clang, r-devel-linux-x86_64-debian-gcc, r-devel-linux-x86_64-fedora-clang, r-devel-linux-x86_64-fedora-gcc

Version: 1.3.0
Check: R code for possible problems
Result: NOTE
    Thinknum: no visible global function definition for 'URLencode'
Flavor: r-devel-windows-ix86+x86_64