CRAN Package Check Results for Package Thinknum

Last updated on 2016-04-29 19:50:04.

Flavor Version Tinstall Tcheck Ttotal Status Flags
r-devel-linux-x86_64-debian-gcc 1.3.0 0.78 11.56 12.34 NOTE
r-devel-linux-x86_64-fedora-clang 1.3.0 21.32 NOTE
r-devel-linux-x86_64-fedora-gcc 1.3.0 20.00 NOTE
r-devel-osx-x86_64-clang 1.3.0 24.81 NOTE
r-devel-windows-ix86+x86_64 1.3.0 3.00 28.00 31.00 NOTE
r-patched-linux-x86_64 1.3.0 0.96 11.47 12.44 NOTE
r-patched-solaris-sparc 1.3.0 128.10 NOTE
r-patched-solaris-x86 1.3.0 30.80 NOTE
r-release-linux-x86_64 1.3.0 0.79 12.73 13.52 NOTE
r-release-osx-x86_64-mavericks 1.3.0 NOTE
r-release-windows-ix86+x86_64 1.3.0 3.00 26.00 29.00 NOTE
r-oldrel-windows-ix86+x86_64 1.3.0 7.00 29.00 36.00 OK

Check Details

Version: 1.3.0
Check: DESCRIPTION meta-information
Result: NOTE
    Malformed Description field: should contain one or more complete sentences.
Flavors: r-devel-linux-x86_64-debian-gcc, r-devel-linux-x86_64-fedora-clang, r-devel-linux-x86_64-fedora-gcc, r-devel-osx-x86_64-clang, r-devel-windows-ix86+x86_64, r-patched-linux-x86_64, r-patched-solaris-sparc, r-patched-solaris-x86, r-release-linux-x86_64, r-release-osx-x86_64-mavericks, r-release-windows-ix86+x86_64

Version: 1.3.0
Check: R code for possible problems
Result: NOTE
    Thinknum: no visible global function definition for ‘URLencode’
    Undefined global functions or variables:
     URLencode
    Consider adding
     importFrom("utils", "URLencode")
    to your NAMESPACE file.
Flavors: r-devel-linux-x86_64-debian-gcc, r-devel-linux-x86_64-fedora-clang, r-devel-linux-x86_64-fedora-gcc, r-devel-osx-x86_64-clang, r-devel-windows-ix86+x86_64, r-patched-linux-x86_64, r-patched-solaris-sparc, r-patched-solaris-x86