CRAN Package Check Results for Package Thinknum

Last updated on 2018-04-25 01:47:19 CEST.

Flavor Version Tinstall Tcheck Ttotal Status Flags
r-devel-linux-x86_64-debian-clang 1.3.0 1.06 20.75 21.81 NOTE
r-devel-linux-x86_64-debian-gcc 1.3.0 0.95 16.93 17.88 NOTE
r-devel-linux-x86_64-fedora-clang 1.3.0 26.49 NOTE
r-devel-linux-x86_64-fedora-gcc 1.3.0 25.25 NOTE
r-devel-windows-ix86+x86_64 1.3.0 4.00 32.00 36.00 NOTE
r-patched-linux-x86_64 1.3.0 0.99 20.62 21.61 NOTE
r-patched-solaris-x86 1.3.0 43.20 NOTE
r-release-linux-x86_64 1.3.0 0.98 20.52 21.50 NOTE
r-release-windows-ix86+x86_64 1.3.0 4.00 32.00 36.00 NOTE
r-release-osx-x86_64 1.3.0 NOTE
r-oldrel-windows-ix86+x86_64 1.3.0 4.00 40.00 44.00 NOTE
r-oldrel-osx-x86_64 1.3.0 NOTE

Check Details

Version: 1.3.0
Check: DESCRIPTION meta-information
Result: NOTE
    Malformed Description field: should contain one or more complete sentences.
Flavors: r-devel-linux-x86_64-debian-clang, r-devel-linux-x86_64-debian-gcc, r-devel-linux-x86_64-fedora-clang, r-devel-linux-x86_64-fedora-gcc, r-devel-windows-ix86+x86_64, r-patched-linux-x86_64, r-patched-solaris-x86, r-release-linux-x86_64, r-release-windows-ix86+x86_64, r-release-osx-x86_64, r-oldrel-windows-ix86+x86_64, r-oldrel-osx-x86_64

Version: 1.3.0
Check: R code for possible problems
Result: NOTE
    Thinknum: no visible global function definition for ‘URLencode’
    Undefined global functions or variables:
     URLencode
    Consider adding
     importFrom("utils", "URLencode")
    to your NAMESPACE file.
Flavors: r-devel-linux-x86_64-debian-clang, r-devel-linux-x86_64-debian-gcc, r-devel-linux-x86_64-fedora-clang, r-devel-linux-x86_64-fedora-gcc, r-devel-windows-ix86+x86_64, r-patched-linux-x86_64, r-patched-solaris-x86, r-release-linux-x86_64, r-release-windows-ix86+x86_64, r-release-osx-x86_64, r-oldrel-windows-ix86+x86_64, r-oldrel-osx-x86_64