CRAN Package Check Results for Package Thinknum

Last updated on 2015-09-04 14:47:22.

Flavor Version Tinstall Tcheck Ttotal Status Flags
r-devel-linux-x86_64-debian-clang 1.3.0 0.70 11.61 12.31 NOTE
r-devel-linux-x86_64-debian-gcc 1.3.0 0.69 11.60 12.29 NOTE
r-devel-linux-x86_64-fedora-clang 1.3.0 23.55 NOTE
r-devel-linux-x86_64-fedora-gcc 1.3.0 21.93 NOTE
r-devel-osx-x86_64-clang 1.3.0 20.75 NOTE
r-devel-windows-ix86+x86_64 1.3.0 3.00 24.00 27.00 NOTE
r-patched-linux-x86_64 1.3.0 0.76 11.71 12.47 NOTE
r-patched-solaris-sparc 1.3.0 147.90 NOTE
r-patched-solaris-x86 1.3.0 39.30 NOTE
r-release-linux-x86_64 1.3.0 0.77 11.70 12.47 NOTE
r-release-osx-x86_64-mavericks 1.3.0 NOTE
r-release-windows-ix86+x86_64 1.3.0 3.00 28.00 31.00 NOTE
r-oldrel-windows-ix86+x86_64 1.3.0 5.00 26.00 31.00 OK

Check Details

Version: 1.3.0
Check: DESCRIPTION meta-information
Result: NOTE
    Malformed Description field: should contain one or more complete sentences.
Flavors: r-devel-linux-x86_64-debian-clang, r-devel-linux-x86_64-debian-gcc, r-devel-linux-x86_64-fedora-clang, r-devel-linux-x86_64-fedora-gcc, r-devel-osx-x86_64-clang, r-devel-windows-ix86+x86_64, r-patched-linux-x86_64, r-patched-solaris-sparc, r-patched-solaris-x86, r-release-linux-x86_64, r-release-osx-x86_64-mavericks, r-release-windows-ix86+x86_64

Version: 1.3.0
Check: R code for possible problems
Result: NOTE
    Thinknum: no visible global function definition for ‘URLencode’
    Undefined global functions or variables:
     URLencode
    Consider adding
     importFrom("utils", "URLencode")
    to your NAMESPACE.
Flavors: r-devel-linux-x86_64-debian-clang, r-devel-linux-x86_64-debian-gcc, r-devel-linux-x86_64-fedora-clang, r-devel-linux-x86_64-fedora-gcc, r-devel-windows-ix86+x86_64