CRAN Package Check Results for Package Thinknum

Last updated on 2015-04-27 06:46:55.

Flavor Version Tinstall Tcheck Ttotal Status Flags
r-devel-linux-x86_64-debian-clang 1.3.0 0.81 11.94 12.75 NOTE
r-devel-linux-x86_64-debian-gcc 1.3.0 0.77 11.92 12.69 NOTE
r-devel-linux-x86_64-fedora-clang 1.3.0 25.07 NOTE
r-devel-linux-x86_64-fedora-gcc 1.3.0 22.57 NOTE
r-devel-osx-x86_64-clang 1.3.0 26.61 NOTE
r-devel-windows-ix86+x86_64 1.3.0 2.00 20.00 22.00 NOTE
r-patched-linux-x86_64 1.3.0 0.78 11.84 12.63 NOTE
r-patched-solaris-sparc 1.3.0 163.20 NOTE
r-patched-solaris-x86 1.3.0 38.80 NOTE
r-release-linux-x86_64 1.3.0 0.77 11.75 12.52 NOTE
r-release-osx-x86_64-mavericks 1.3.0 NOTE
r-release-osx-x86_64-snowleopard 1.3.0 NOTE
r-release-windows-ix86+x86_64 1.3.0 3.00 22.00 25.00 NOTE
r-oldrel-windows-ix86+x86_64 1.3.0 4.00 22.00 26.00 OK

Check Details

Version: 1.3.0
Check: DESCRIPTION meta-information
Result: NOTE
    Malformed Description field: should contain one or more complete sentences.
Flavors: r-devel-linux-x86_64-debian-clang, r-devel-linux-x86_64-debian-gcc, r-devel-linux-x86_64-fedora-clang, r-devel-linux-x86_64-fedora-gcc, r-devel-osx-x86_64-clang, r-devel-windows-ix86+x86_64, r-patched-solaris-sparc, r-patched-solaris-x86, r-release-osx-x86_64-mavericks, r-release-osx-x86_64-snowleopard, r-release-windows-ix86+x86_64