CRAN Package Check Results for Package Thinknum

Last updated on 2018-02-24 12:48:23 CET.

Flavor Version Tinstall Tcheck Ttotal Status Flags
r-devel-linux-x86_64-debian-clang 1.3.0 1.29 20.71 22.00 NOTE
r-devel-linux-x86_64-debian-gcc 1.3.0 0.98 16.62 17.60 NOTE
r-devel-linux-x86_64-fedora-clang 1.3.0 26.04 NOTE
r-devel-linux-x86_64-fedora-gcc 1.3.0 24.89 NOTE
r-devel-windows-ix86+x86_64 1.3.0 3.00 44.00 47.00 NOTE
r-patched-linux-x86_64 1.3.0 1.28 19.92 21.20 NOTE
r-patched-solaris-x86 1.3.0 38.30 NOTE
r-release-linux-x86_64 1.3.0 1.32 19.76 21.08 NOTE
r-release-windows-ix86+x86_64 1.3.0 3.00 48.00 51.00 NOTE
r-release-osx-x86_64 1.3.0 NOTE
r-oldrel-windows-ix86+x86_64 1.3.0 3.00 30.00 33.00 NOTE
r-oldrel-osx-x86_64 1.3.0 NOTE

Check Details

Version: 1.3.0
Check: DESCRIPTION meta-information
Result: NOTE
    Malformed Description field: should contain one or more complete sentences.
Flavors: r-devel-linux-x86_64-debian-clang, r-devel-linux-x86_64-debian-gcc, r-devel-linux-x86_64-fedora-clang, r-devel-linux-x86_64-fedora-gcc, r-devel-windows-ix86+x86_64, r-patched-linux-x86_64, r-patched-solaris-x86, r-release-linux-x86_64, r-release-windows-ix86+x86_64, r-release-osx-x86_64, r-oldrel-windows-ix86+x86_64, r-oldrel-osx-x86_64

Version: 1.3.0
Check: R code for possible problems
Result: NOTE
    Thinknum: no visible global function definition for ‘URLencode’
    Undefined global functions or variables:
     URLencode
    Consider adding
     importFrom("utils", "URLencode")
    to your NAMESPACE file.
Flavors: r-devel-linux-x86_64-debian-clang, r-devel-linux-x86_64-debian-gcc, r-devel-linux-x86_64-fedora-clang, r-devel-linux-x86_64-fedora-gcc, r-devel-windows-ix86+x86_64, r-patched-linux-x86_64, r-patched-solaris-x86, r-release-linux-x86_64, r-release-windows-ix86+x86_64, r-release-osx-x86_64, r-oldrel-windows-ix86+x86_64, r-oldrel-osx-x86_64