CRAN Package Check Results for Package Thinknum

Last updated on 2015-03-28 00:54:32.

Flavor Version Tinstall Tcheck Ttotal Status Flags
r-devel-linux-x86_64-debian-clang 1.3.0 0.78 11.98 12.77 NOTE
r-devel-linux-x86_64-debian-gcc 1.3.0 0.76 11.66 12.41 NOTE
r-devel-linux-x86_64-fedora-clang 1.3.0 25.20 NOTE
r-devel-linux-x86_64-fedora-gcc 1.3.0 22.92 NOTE
r-devel-osx-x86_64-clang 1.3.0 29.67 NOTE
r-prerel-windows-ix86+x86_64 1.3.0 3.00 21.00 24.00 NOTE
r-prerel-linux-x86_64 1.3.0 0.89 11.66 12.55 NOTE
r-prerel-solaris-sparc 1.3.0 163.20 NOTE
r-prerel-solaris-x86 1.3.0 34.90 NOTE
r-release-linux-x86_64 1.3.0 1.02 14.29 15.31 OK
r-release-osx-x86_64-mavericks 1.3.0 OK
r-release-osx-x86_64-snowleopard 1.3.0 OK
r-release-windows-ix86+x86_64 1.3.0 4.00 22.00 26.00 OK
r-oldrel-windows-ix86+x86_64 1.3.0 5.00 23.00 28.00 OK

Check Details

Version: 1.3.0
Check: DESCRIPTION meta-information
Result: NOTE
    Malformed Description field: should contain one or more complete sentences.
Flavors: r-devel-linux-x86_64-debian-clang, r-devel-linux-x86_64-debian-gcc, r-devel-linux-x86_64-fedora-clang, r-devel-linux-x86_64-fedora-gcc, r-devel-osx-x86_64-clang, r-prerel-windows-ix86+x86_64, r-prerel-linux-x86_64, r-prerel-solaris-sparc, r-prerel-solaris-x86