CRAN Package Check Results for Package Thinknum

Last updated on 2019-07-19 03:47:02 CEST.

Flavor Version Tinstall Tcheck Ttotal Status Flags
r-devel-linux-x86_64-debian-clang 1.3.0 2.16 22.18 24.34 NOTE
r-devel-linux-x86_64-debian-gcc 1.3.0 1.72 18.52 20.24 NOTE
r-devel-linux-x86_64-fedora-clang 1.3.0 29.27 NOTE
r-devel-linux-x86_64-fedora-gcc 1.3.0 27.95 NOTE
r-devel-windows-ix86+x86_64 1.3.0 5.00 39.00 44.00 NOTE
r-patched-linux-x86_64 1.3.0 1.98 22.24 24.22 NOTE
r-patched-solaris-x86 1.3.0 50.80 NOTE
r-release-linux-x86_64 1.3.0 2.14 22.12 24.26 NOTE
r-release-windows-ix86+x86_64 1.3.0 9.00 34.00 43.00 NOTE
r-release-osx-x86_64 1.3.0 NOTE
r-oldrel-windows-ix86+x86_64 1.3.0 3.00 46.00 49.00 NOTE
r-oldrel-osx-x86_64 1.3.0 NOTE

Check Details

Version: 1.3.0
Check: DESCRIPTION meta-information
Result: NOTE
    Malformed Description field: should contain one or more complete sentences.
Flavors: r-devel-linux-x86_64-debian-clang, r-devel-linux-x86_64-debian-gcc, r-devel-linux-x86_64-fedora-clang, r-devel-linux-x86_64-fedora-gcc, r-devel-windows-ix86+x86_64, r-patched-linux-x86_64, r-patched-solaris-x86, r-release-linux-x86_64, r-release-windows-ix86+x86_64, r-release-osx-x86_64, r-oldrel-windows-ix86+x86_64, r-oldrel-osx-x86_64

Version: 1.3.0
Check: R code for possible problems
Result: NOTE
    Thinknum: no visible global function definition for 'URLencode'
    Undefined global functions or variables:
     URLencode
    Consider adding
     importFrom("utils", "URLencode")
    to your NAMESPACE file.
Flavors: r-devel-linux-x86_64-debian-clang, r-devel-linux-x86_64-debian-gcc, r-devel-linux-x86_64-fedora-clang, r-devel-linux-x86_64-fedora-gcc, r-devel-windows-ix86+x86_64, r-patched-linux-x86_64, r-patched-solaris-x86, r-release-linux-x86_64, r-release-windows-ix86+x86_64, r-release-osx-x86_64, r-oldrel-windows-ix86+x86_64, r-oldrel-osx-x86_64