CRAN Package Check Results for Package Thinknum

Last updated on 2016-08-24 10:49:47.

Flavor Version Tinstall Tcheck Ttotal Status Flags
r-devel-linux-x86_64-debian-clang 1.3.0 0.73 11.73 12.45 NOTE
r-devel-linux-x86_64-debian-gcc 1.3.0 0.76 11.63 12.39 NOTE
r-devel-linux-x86_64-fedora-clang 1.3.0 21.67 NOTE
r-devel-linux-x86_64-fedora-gcc 1.3.0 20.62 NOTE
r-devel-osx-x86_64-clang 1.3.0 18.84 NOTE
r-devel-windows-ix86+x86_64 1.3.0 4.00 42.00 46.00 NOTE
r-patched-linux-x86_64 1.3.0 0.72 11.43 12.15 NOTE
r-patched-solaris-sparc 1.3.0 129.30 NOTE
r-patched-solaris-x86 1.3.0 31.00 NOTE
r-release-linux-x86_64 1.3.0 0.89 11.64 12.53 NOTE
r-release-osx-x86_64-mavericks 1.3.0 NOTE
r-release-windows-ix86+x86_64 1.3.0 3.00 38.00 41.00 NOTE
r-oldrel-windows-ix86+x86_64 1.3.0 3.00 26.00 29.00 NOTE

Check Details

Version: 1.3.0
Check: DESCRIPTION meta-information
Result: NOTE
    Malformed Description field: should contain one or more complete sentences.
Flavors: r-devel-linux-x86_64-debian-clang, r-devel-linux-x86_64-debian-gcc, r-devel-linux-x86_64-fedora-clang, r-devel-linux-x86_64-fedora-gcc, r-devel-osx-x86_64-clang, r-devel-windows-ix86+x86_64, r-patched-linux-x86_64, r-patched-solaris-sparc, r-patched-solaris-x86, r-release-linux-x86_64, r-release-osx-x86_64-mavericks, r-release-windows-ix86+x86_64, r-oldrel-windows-ix86+x86_64

Version: 1.3.0
Check: R code for possible problems
Result: NOTE
    Thinknum: no visible global function definition for ‘URLencode’
    Undefined global functions or variables:
     URLencode
    Consider adding
     importFrom("utils", "URLencode")
    to your NAMESPACE file.
Flavors: r-devel-linux-x86_64-debian-clang, r-devel-linux-x86_64-debian-gcc, r-devel-linux-x86_64-fedora-clang, r-devel-linux-x86_64-fedora-gcc, r-devel-osx-x86_64-clang, r-devel-windows-ix86+x86_64, r-patched-linux-x86_64, r-patched-solaris-sparc, r-patched-solaris-x86, r-release-linux-x86_64, r-release-osx-x86_64-mavericks, r-release-windows-ix86+x86_64