CRAN Package Check Results for Package Thinknum

Last updated on 2017-10-17 14:46:56.

Flavor Version Tinstall Tcheck Ttotal Status Flags
r-devel-linux-x86_64-debian-clang 1.3.0 0.84 14.05 14.88 NOTE
r-devel-linux-x86_64-debian-gcc 1.3.0 0.91 15.73 16.64 NOTE
r-devel-linux-x86_64-fedora-clang 1.3.0 25.43 NOTE
r-devel-linux-x86_64-fedora-gcc 1.3.0 24.62 NOTE
r-devel-windows-ix86+x86_64 1.3.0 3.00 30.00 33.00 NOTE
r-patched-linux-x86_64 1.3.0 0.88 13.57 14.45 NOTE
r-patched-solaris-x86 1.3.0 38.60 NOTE
r-release-linux-x86_64 1.3.0 0.91 13.71 14.61 NOTE
r-release-windows-ix86+x86_64 1.3.0 3.00 32.00 35.00 NOTE
r-release-osx-x86_64 1.3.0 NOTE
r-oldrel-windows-ix86+x86_64 1.3.0 4.00 37.00 41.00 NOTE
r-oldrel-osx-x86_64 1.3.0 NOTE

Check Details

Version: 1.3.0
Check: DESCRIPTION meta-information
Result: NOTE
    Malformed Description field: should contain one or more complete sentences.
Flavors: r-devel-linux-x86_64-debian-clang, r-devel-linux-x86_64-debian-gcc, r-devel-linux-x86_64-fedora-clang, r-devel-linux-x86_64-fedora-gcc, r-devel-windows-ix86+x86_64, r-patched-linux-x86_64, r-patched-solaris-x86, r-release-linux-x86_64, r-release-windows-ix86+x86_64, r-release-osx-x86_64, r-oldrel-windows-ix86+x86_64, r-oldrel-osx-x86_64

Version: 1.3.0
Check: R code for possible problems
Result: NOTE
    Thinknum: no visible global function definition for ‘URLencode’
    Undefined global functions or variables:
     URLencode
    Consider adding
     importFrom("utils", "URLencode")
    to your NAMESPACE file.
Flavors: r-devel-linux-x86_64-debian-clang, r-devel-linux-x86_64-debian-gcc, r-devel-linux-x86_64-fedora-clang, r-devel-linux-x86_64-fedora-gcc, r-devel-windows-ix86+x86_64, r-patched-linux-x86_64, r-patched-solaris-x86, r-release-linux-x86_64, r-release-windows-ix86+x86_64, r-release-osx-x86_64, r-oldrel-windows-ix86+x86_64, r-oldrel-osx-x86_64