CRAN Package Check Results for Package ThreeWay

Last updated on 2015-04-27 17:48:36.

Flavor Version Tinstall Tcheck Ttotal Status Flags
r-devel-linux-x86_64-debian-clang 1.1.2 1.25 42.33 43.58 NOTE
r-devel-linux-x86_64-debian-gcc 1.1.2 1.35 39.92 41.28 NOTE
r-devel-linux-x86_64-fedora-clang 1.1.2 80.18 NOTE
r-devel-linux-x86_64-fedora-gcc 1.1.2 73.85 NOTE
r-devel-osx-x86_64-clang 1.1.2 69.92 NOTE
r-devel-windows-ix86+x86_64 1.1.2 5.00 59.00 64.00 NOTE
r-patched-linux-x86_64 1.1.2 1.22 40.55 41.76 NOTE
r-patched-solaris-sparc 1.1.2 481.10 NOTE
r-patched-solaris-x86 1.1.2 93.30 NOTE
r-release-linux-x86_64 1.1.2 1.22 40.03 41.24 NOTE
r-release-osx-x86_64-mavericks 1.1.2 NOTE
r-release-osx-x86_64-snowleopard 1.1.2 NOTE
r-release-windows-ix86+x86_64 1.1.2 3.00 75.00 78.00 NOTE
r-oldrel-windows-ix86+x86_64 1.1.2 7.00 68.00 75.00 OK

Check Details

Version: 1.1.2
Check: DESCRIPTION meta-information
Result: NOTE
    Malformed Description field: should contain one or more complete sentences.
Flavors: r-devel-linux-x86_64-debian-clang, r-devel-linux-x86_64-debian-gcc, r-devel-linux-x86_64-fedora-clang, r-devel-linux-x86_64-fedora-gcc, r-devel-osx-x86_64-clang, r-devel-windows-ix86+x86_64, r-patched-solaris-sparc, r-patched-solaris-x86, r-release-linux-x86_64, r-release-osx-x86_64-mavericks, r-release-osx-x86_64-snowleopard, r-release-windows-ix86+x86_64