CRAN Package Check Results for Package ThreeWay

Last updated on 2015-07-29 17:48:22.

Flavor Version Tinstall Tcheck Ttotal Status Flags
r-devel-linux-x86_64-debian-clang 1.1.2 1.26 37.32 38.58 NOTE
r-devel-linux-x86_64-debian-gcc 1.1.2 1.50 37.13 38.64 NOTE
r-devel-linux-x86_64-fedora-clang 1.1.2 73.95 NOTE
r-devel-linux-x86_64-fedora-gcc 1.1.2 67.62 NOTE
r-devel-osx-x86_64-clang 1.1.2 64.79 NOTE
r-devel-windows-ix86+x86_64 1.1.2 5.00 59.00 64.00 NOTE
r-patched-linux-x86_64 1.1.2 1.21 39.74 40.95 NOTE
r-patched-solaris-sparc 1.1.2 462.80 NOTE
r-patched-solaris-x86 1.1.2 92.20 NOTE
r-release-linux-x86_64 1.1.2 1.21 40.06 41.27 NOTE
r-release-osx-x86_64-mavericks 1.1.2 NOTE
r-release-windows-ix86+x86_64 1.1.2 5.00 62.00 67.00 NOTE
r-oldrel-windows-ix86+x86_64 1.1.2 7.00 68.00 75.00 OK

Check Details

Version: 1.1.2
Check: DESCRIPTION meta-information
Result: NOTE
    Malformed Description field: should contain one or more complete sentences.
Flavors: r-devel-linux-x86_64-debian-clang, r-devel-linux-x86_64-debian-gcc, r-devel-linux-x86_64-fedora-clang, r-devel-linux-x86_64-fedora-gcc, r-devel-osx-x86_64-clang, r-devel-windows-ix86+x86_64, r-patched-linux-x86_64, r-patched-solaris-sparc, r-patched-solaris-x86, r-release-linux-x86_64, r-release-osx-x86_64-mavericks, r-release-windows-ix86+x86_64

Version: 1.1.2
Check: R code for possible problems
Result: NOTE
    CP: no visible global function definition for ‘rnorm’
    CPdimensionalityplot: no visible global function definition for ‘plot’
    CPdimensionalityplot: no visible global function definition for ‘text’
    CPdimensionalityplot: no visible global function definition for
     ‘dev.new’
    CPfunc: no visible global function definition for ‘runif’
    CPfuncrep: no visible global function definition for ‘runif’
    CPrunsFit: no visible global function definition for ‘rnorm’
    T2func: no visible global function definition for ‘runif’
    T2funcrep: no visible global function definition for ‘runif’
    T3dimensionalityplot: no visible global function definition for ‘plot’
    T3dimensionalityplot: no visible global function definition for ‘text’
    T3dimensionalityplot: no visible global function definition for
     ‘dev.new’
    T3func: no visible global function definition for ‘runif’
    T3funcrep: no visible global function definition for ‘runif’
    bootstrapCP: no visible global function definition for ‘runif’
    bootstrapCP: no visible global function definition for ‘var’
    bootstrapCP: no visible global function definition for ‘quantile’
    bootstrapT3: no visible global function definition for ‘runif’
    bootstrapT3: no visible global function definition for ‘var’
    bootstrapT3: no visible global function definition for ‘quantile’
    jointplotgen: no visible global function definition for ‘plot’
    jointplotgen: no visible global function definition for ‘text’
    pcamean: no visible global function definition for ‘plot’
    percentile95: no visible global function definition for ‘quantile’
    splithalfCP: no visible global function definition for ‘runif’
    splithalfT3: no visible global function definition for ‘runif’
    varimcoco: no visible global function definition for ‘runif’
    Undefined global functions or variables:
     dev.new plot quantile rnorm runif text var
    Consider adding
     importFrom("grDevices", "dev.new")
     importFrom("graphics", "plot", "text")
     importFrom("stats", "quantile", "rnorm", "runif", "var")
    to your NAMESPACE.
Flavors: r-devel-linux-x86_64-debian-clang, r-devel-linux-x86_64-debian-gcc, r-devel-linux-x86_64-fedora-clang, r-devel-linux-x86_64-fedora-gcc, r-devel-windows-ix86+x86_64