CRAN Package Check Results for Package ThreeWay

Last updated on 2015-08-29 20:48:22.

Flavor Version Tinstall Tcheck Ttotal Status Flags
r-devel-linux-x86_64-debian-clang 1.1.2 1.15 36.93 38.08 NOTE
r-devel-linux-x86_64-debian-gcc 1.1.2 1.13 36.76 37.89 NOTE
r-devel-linux-x86_64-fedora-clang 1.1.2 73.56 NOTE
r-devel-linux-x86_64-fedora-gcc 1.1.2 67.60 NOTE
r-devel-osx-x86_64-clang 1.1.2 63.54 NOTE
r-devel-windows-ix86+x86_64 1.1.2 7.00 83.00 90.00 NOTE
r-patched-linux-x86_64 1.1.2 1.60 39.36 40.96 NOTE
r-patched-solaris-sparc 1.1.2 462.80 NOTE
r-patched-solaris-x86 1.1.2 89.60 NOTE
r-release-linux-x86_64 1.1.2 1.20 39.86 41.06 NOTE
r-release-osx-x86_64-mavericks 1.1.2 NOTE
r-release-windows-ix86+x86_64 1.1.2 5.00 84.00 89.00 NOTE
r-oldrel-windows-ix86+x86_64 1.1.2 7.00 68.00 75.00 OK

Check Details

Version: 1.1.2
Check: DESCRIPTION meta-information
Result: NOTE
    Malformed Description field: should contain one or more complete sentences.
Flavors: r-devel-linux-x86_64-debian-clang, r-devel-linux-x86_64-debian-gcc, r-devel-linux-x86_64-fedora-clang, r-devel-linux-x86_64-fedora-gcc, r-devel-osx-x86_64-clang, r-devel-windows-ix86+x86_64, r-patched-linux-x86_64, r-patched-solaris-sparc, r-patched-solaris-x86, r-release-linux-x86_64, r-release-osx-x86_64-mavericks, r-release-windows-ix86+x86_64

Version: 1.1.2
Check: R code for possible problems
Result: NOTE
    CP: no visible global function definition for ‘rnorm’
    CPdimensionalityplot: no visible global function definition for ‘plot’
    CPdimensionalityplot: no visible global function definition for ‘text’
    CPdimensionalityplot: no visible global function definition for
     ‘dev.new’
    CPfunc: no visible global function definition for ‘runif’
    CPfuncrep: no visible global function definition for ‘runif’
    CPrunsFit: no visible global function definition for ‘rnorm’
    T2func: no visible global function definition for ‘runif’
    T2funcrep: no visible global function definition for ‘runif’
    T3dimensionalityplot: no visible global function definition for ‘plot’
    T3dimensionalityplot: no visible global function definition for ‘text’
    T3dimensionalityplot: no visible global function definition for
     ‘dev.new’
    T3func: no visible global function definition for ‘runif’
    T3funcrep: no visible global function definition for ‘runif’
    bootstrapCP: no visible global function definition for ‘runif’
    bootstrapCP: no visible global function definition for ‘var’
    bootstrapCP: no visible global function definition for ‘quantile’
    bootstrapT3: no visible global function definition for ‘runif’
    bootstrapT3: no visible global function definition for ‘var’
    bootstrapT3: no visible global function definition for ‘quantile’
    jointplotgen: no visible global function definition for ‘plot’
    jointplotgen: no visible global function definition for ‘text’
    pcamean: no visible global function definition for ‘plot’
    percentile95: no visible global function definition for ‘quantile’
    splithalfCP: no visible global function definition for ‘runif’
    splithalfT3: no visible global function definition for ‘runif’
    varimcoco: no visible global function definition for ‘runif’
    Undefined global functions or variables:
     dev.new plot quantile rnorm runif text var
    Consider adding
     importFrom("grDevices", "dev.new")
     importFrom("graphics", "plot", "text")
     importFrom("stats", "quantile", "rnorm", "runif", "var")
    to your NAMESPACE.
Flavors: r-devel-linux-x86_64-debian-clang, r-devel-linux-x86_64-debian-gcc, r-devel-linux-x86_64-fedora-clang, r-devel-linux-x86_64-fedora-gcc, r-devel-windows-ix86+x86_64