CRAN Package Check Results for Package ThreeWay

Last updated on 2015-05-23 08:47:18.

Flavor Version Tinstall Tcheck Ttotal Status Flags
r-devel-linux-x86_64-debian-clang 1.1.2 1.25 41.02 42.27 NOTE
r-devel-linux-x86_64-debian-gcc 1.1.2 1.22 39.74 40.96 NOTE
r-devel-linux-x86_64-fedora-clang 1.1.2 78.91 NOTE
r-devel-linux-x86_64-fedora-gcc 1.1.2 75.05 NOTE
r-devel-osx-x86_64-clang 1.1.2 70.17 NOTE
r-devel-windows-ix86+x86_64 1.1.2 7.00 54.00 61.00 NOTE
r-patched-linux-x86_64 1.1.2 1.21 41.27 42.48 NOTE
r-patched-solaris-sparc 1.1.2 474.00 NOTE
r-patched-solaris-x86 1.1.2 93.50 NOTE
r-release-linux-x86_64 1.1.2 1.22 40.18 41.40 NOTE
r-release-osx-x86_64-mavericks 1.1.2 NOTE
r-release-osx-x86_64-snowleopard 1.1.2 NOTE
r-release-windows-ix86+x86_64 1.1.2 3.00 75.00 78.00 NOTE
r-oldrel-windows-ix86+x86_64 1.1.2 7.00 68.00 75.00 OK

Check Details

Version: 1.1.2
Check: DESCRIPTION meta-information
Result: NOTE
    Malformed Description field: should contain one or more complete sentences.
Flavors: r-devel-linux-x86_64-debian-clang, r-devel-linux-x86_64-debian-gcc, r-devel-linux-x86_64-fedora-clang, r-devel-linux-x86_64-fedora-gcc, r-devel-osx-x86_64-clang, r-devel-windows-ix86+x86_64, r-patched-linux-x86_64, r-patched-solaris-sparc, r-patched-solaris-x86, r-release-linux-x86_64, r-release-osx-x86_64-mavericks, r-release-osx-x86_64-snowleopard, r-release-windows-ix86+x86_64