CRAN Package Check Results for Package ThreeWay

Last updated on 2015-03-04 19:50:34.

Flavor Version Tinstall Tcheck Ttotal Status Flags
r-devel-linux-x86_64-debian-clang 1.1.2 1.24 41.10 42.35 NOTE
r-devel-linux-x86_64-debian-gcc 1.1.2 1.25 40.58 41.83 NOTE
r-devel-linux-x86_64-fedora-clang 1.1.2 80.02 NOTE
r-devel-linux-x86_64-fedora-gcc 1.1.2 74.13 NOTE
r-devel-osx-x86_64-clang 1.1.2 73.74 NOTE
r-devel-windows-ix86+x86_64 1.1.2 8.00 58.00 66.00 NOTE
r-patched-linux-x86_64 1.1.2 1.41 43.01 44.42 OK
r-patched-solaris-sparc 1.1.2 527.10 OK
r-patched-solaris-x86 1.1.2 99.80 OK
r-release-linux-ix86 1.1.2 1.71 50.74 52.45 OK
r-release-linux-x86_64 1.1.2 1.35 42.97 44.32 OK
r-release-osx-x86_64-mavericks 1.1.2 OK
r-release-osx-x86_64-snowleopard 1.1.2 OK
r-release-windows-ix86+x86_64 1.1.2 4.00 60.00 64.00 OK
r-oldrel-windows-ix86+x86_64 1.1.2 3.00 60.00 63.00 OK

Check Details

Version: 1.1.2
Check: DESCRIPTION meta-information
Result: NOTE
    Malformed Description field: should contain one or more complete sentences.
Flavors: r-devel-linux-x86_64-debian-clang, r-devel-linux-x86_64-debian-gcc, r-devel-linux-x86_64-fedora-clang, r-devel-linux-x86_64-fedora-gcc, r-devel-osx-x86_64-clang, r-devel-windows-ix86+x86_64