CRAN Package Check Results for Package Tides

Last updated on 2014-09-18 11:48:54.

Flavor Version Tinstall Tcheck Ttotal Status Flags
r-devel-linux-x86_64-debian-clang 1.0 0.82 10.07 10.89 NOTE
r-devel-linux-x86_64-debian-gcc 1.0 0.72 10.04 10.75 NOTE
r-devel-linux-x86_64-fedora-clang 1.0 19.83 NOTE
r-devel-linux-x86_64-fedora-gcc 1.0 19.35 NOTE
r-devel-osx-x86_64-clang 1.0 24.04 OK
r-devel-windows-ix86+x86_64 1.0 2.00 16.00 18.00 OK
r-patched-linux-x86_64 1.0 0.70 9.76 10.45 NOTE
r-patched-solaris-sparc 1.0 116.40 OK
r-patched-solaris-x86 1.0 29.60 OK
r-release-linux-ix86 1.0 1.08 16.10 17.19 OK
r-release-linux-x86_64 1.0 0.84 10.12 10.96 NOTE
r-release-osx-x86_64-mavericks 1.0 OK
r-release-windows-ix86+x86_64 1.0 3.00 17.00 20.00 OK
r-oldrel-windows-ix86+x86_64 1.0 2.00 18.00 20.00 OK

Check Details

Version: 1.0
Check: top-level files
Result: NOTE
    Non-standard file/directory found at top level:
     ‘doc’
Flavors: r-devel-linux-x86_64-debian-clang, r-devel-linux-x86_64-debian-gcc, r-devel-linux-x86_64-fedora-clang, r-devel-linux-x86_64-fedora-gcc, r-patched-linux-x86_64, r-release-linux-x86_64