CRAN Package Check Results for Package Tides

Last updated on 2015-09-02 03:48:48.

Flavor Version Tinstall Tcheck Ttotal Status Flags
r-devel-linux-x86_64-debian-clang 1.1 0.66 14.15 14.80 NOTE
r-devel-linux-x86_64-debian-gcc 1.1 0.59 13.71 14.30 NOTE
r-devel-linux-x86_64-fedora-clang 1.1 27.51 NOTE
r-devel-linux-x86_64-fedora-gcc 1.1 25.44 NOTE
r-devel-osx-x86_64-clang 1.1 34.33 OK
r-devel-windows-ix86+x86_64 1.1 2.00 29.00 31.00 NOTE
r-patched-linux-x86_64 1.1 0.63 14.08 14.71 OK
r-patched-solaris-sparc 1.1 179.00 OK
r-patched-solaris-x86 1.1 45.10 OK
r-release-linux-x86_64 1.1 0.64 14.28 14.92 OK
r-release-osx-x86_64-mavericks 1.1 OK
r-release-windows-ix86+x86_64 1.1 3.00 33.00 36.00 OK
r-oldrel-windows-ix86+x86_64 1.1 5.00 29.00 34.00 OK

Check Details

Version: 1.1
Check: R code for possible problems
Result: NOTE
    extrema: no visible global function definition for ‘filter’
    extrema: no visible global function definition for ‘approx’
    plot.Tides: no visible global function definition for ‘plot’
    plot.Tides: no visible global function definition for ‘lines’
    plot.Tides: no visible global function definition for ‘points’
    Undefined global functions or variables:
     approx filter lines plot points
    Consider adding
     importFrom("graphics", "lines", "plot", "points")
     importFrom("stats", "approx", "filter")
    to your NAMESPACE.
Flavors: r-devel-linux-x86_64-debian-clang, r-devel-linux-x86_64-debian-gcc, r-devel-linux-x86_64-fedora-clang, r-devel-linux-x86_64-fedora-gcc, r-devel-windows-ix86+x86_64