CRAN Package Check Results for Package Tides

Last updated on 2016-07-27 02:47:20.

Flavor Version Tinstall Tcheck Ttotal Status Flags
r-devel-linux-x86_64-debian-clang 1.1 0.94 17.19 18.13 NOTE
r-devel-linux-x86_64-debian-gcc 1.1 0.74 18.03 18.77 NOTE
r-devel-linux-x86_64-fedora-clang 1.1 24.60 NOTE
r-devel-linux-x86_64-fedora-gcc 1.1 23.21 NOTE
r-devel-osx-x86_64-clang 1.1 31.76 NOTE
r-devel-windows-ix86+x86_64 1.1 3.00 35.00 38.00 NOTE
r-patched-linux-x86_64 1.1 0.81 17.19 18.00 NOTE
r-patched-solaris-sparc 1.1 161.90 NOTE
r-patched-solaris-x86 1.1 34.70 NOTE
r-release-linux-x86_64 1.1 0.86 17.77 18.63 NOTE
r-release-osx-x86_64-mavericks 1.1 NOTE
r-release-windows-ix86+x86_64 1.1 3.00 46.00 49.00 NOTE
r-oldrel-windows-ix86+x86_64 1.1 3.00 26.00 29.00 OK

Check Details

Version: 1.1
Check: R code for possible problems
Result: NOTE
    extrema: no visible global function definition for ‘filter’
    extrema: no visible global function definition for ‘approx’
    plot.Tides: no visible global function definition for ‘plot’
    plot.Tides: no visible global function definition for ‘lines’
    plot.Tides: no visible global function definition for ‘points’
    Undefined global functions or variables:
     approx filter lines plot points
    Consider adding
     importFrom("graphics", "lines", "plot", "points")
     importFrom("stats", "approx", "filter")
    to your NAMESPACE file.
Flavors: r-devel-linux-x86_64-debian-clang, r-devel-linux-x86_64-debian-gcc, r-devel-linux-x86_64-fedora-clang, r-devel-linux-x86_64-fedora-gcc, r-devel-osx-x86_64-clang, r-devel-windows-ix86+x86_64, r-patched-linux-x86_64, r-patched-solaris-sparc, r-patched-solaris-x86, r-release-linux-x86_64, r-release-osx-x86_64-mavericks, r-release-windows-ix86+x86_64