CRAN Package Check Results for Package Tides

Last updated on 2014-07-25 01:48:53.

Flavor Version Tinstall Tcheck Ttotal Status Flags
r-devel-linux-x86_64-debian-clang 1.0 0.69 9.64 10.32 OK
r-devel-linux-x86_64-debian-gcc 1.0 0.68 9.46 10.14 OK
r-devel-linux-x86_64-fedora-clang 1.0 20.94 NOTE
r-devel-linux-x86_64-fedora-gcc 1.0 19.23 NOTE
r-devel-osx-x86_64-clang 1.0 24.61 OK
r-devel-windows-ix86+x86_64 1.0 2.00 16.00 18.00 OK
r-patched-linux-x86_64 1.0 0.69 9.63 10.32 OK
r-patched-solaris-sparc 1.0 118.70 OK
r-patched-solaris-x86 1.0 30.70 OK
r-release-linux-ix86 1.0 1.09 16.03 17.12 OK
r-release-linux-x86_64 1.0 0.84 9.84 10.67 OK
r-release-osx-x86_64-mavericks 1.0 OK
r-release-windows-ix86+x86_64 1.0 3.00 17.00 20.00 OK
r-oldrel-windows-ix86+x86_64 1.0 2.00 18.00 20.00 OK

Check Details

Version: 1.0
Check: top-level files
Result: NOTE
    Non-standard file/directory found at top level:
     ‘doc’
Flavors: r-devel-linux-x86_64-fedora-clang, r-devel-linux-x86_64-fedora-gcc