CRAN Package Check Results for Package Tides

Last updated on 2014-12-20 14:48:07.

Flavor Version Tinstall Tcheck Ttotal Status Flags
r-devel-linux-x86_64-debian-clang 1.0 0.78 10.32 11.10 NOTE
r-devel-linux-x86_64-debian-gcc 1.0 0.72 9.89 10.60 NOTE
r-devel-linux-x86_64-fedora-clang 1.0 22.02 NOTE
r-devel-linux-x86_64-fedora-gcc 1.0 19.82 NOTE
r-devel-osx-x86_64-clang 1.0 25.66 OK
r-devel-windows-ix86+x86_64 1.0 6.00 24.00 30.00 OK
r-patched-linux-x86_64 1.0 0.99 10.40 11.38 NOTE
r-patched-solaris-sparc 1.0 116.40 OK
r-patched-solaris-x86 1.0 32.60 OK
r-release-linux-ix86 1.0 1.10 15.80 16.91 OK
r-release-linux-x86_64 1.0 0.74 10.33 11.07 NOTE
r-release-osx-x86_64-mavericks 1.0 OK
r-release-windows-ix86+x86_64 1.0 2.00 17.00 19.00 OK
r-oldrel-windows-ix86+x86_64 1.0 2.00 18.00 20.00 OK

Check Details

Version: 1.0
Check: top-level files
Result: NOTE
    Non-standard file/directory found at top level:
     ‘doc’
Flavors: r-devel-linux-x86_64-debian-clang, r-devel-linux-x86_64-debian-gcc, r-devel-linux-x86_64-fedora-clang, r-devel-linux-x86_64-fedora-gcc, r-patched-linux-x86_64, r-release-linux-x86_64