CRAN Package Check Results for Package Tides

Last updated on 2017-06-28 01:55:21.

Flavor Version Tinstall Tcheck Ttotal Status Flags
r-devel-linux-x86_64-debian-clang 1.2 0.68 16.81 17.49 OK
r-devel-linux-x86_64-debian-gcc 1.2 0.71 16.21 16.92 OK
r-devel-linux-x86_64-fedora-clang 1.2 27.76 OK
r-devel-linux-x86_64-fedora-gcc 1.2 27.03 OK
r-devel-windows-ix86+x86_64 1.2 4.00 51.00 55.00 OK
r-patched-linux-x86_64 1.2 0.66 16.74 17.40 OK
r-patched-solaris-sparc 1.2 192.50 OK
r-patched-solaris-x86 1.2 39.10 OK
r-release-linux-x86_64 1.2 0.66 16.64 17.30 OK
r-release-windows-ix86+x86_64 1.2 3.00 37.00 40.00 OK
r-release-osx-x86_64 1.2 NOTE
r-oldrel-windows-ix86+x86_64 1.2 3.00 37.00 40.00 OK
r-oldrel-osx-x86_64 1.2 OK

Check Details

Version: 1.2
Check: re-building of vignette outputs
Result: NOTE
    Error in re-building vignettes:
     ...
    Loading required package: Tides
    Warning in gapsts(dry$time, dtMax, unit = unit, shiftbegin = TRUE) :
     First data point is beginning of gap. To shift t0, dt is estimated from next continuous series
    Warning in gapsts(dry$time, dtMax, unit = unit, shiftbegin = TRUE) :
     First data point is beginning of gap. To shift t0, dt is estimated from next continuous series
    Warning in gapsts(dry$time, dtMax, unit = unit, shiftbegin = TRUE) :
     First data point is beginning of gap. To shift t0, dt is estimated from next continuous series
    Warning in gapsts(dry$time, dtMax, unit = unit, shiftbegin = TRUE) :
     First data point is beginning of gap. To shift t0, dt is estimated from next continuous series
    Error in texi2dvi(file = file, pdf = TRUE, clean = clean, quiet = quiet, :
     Running 'texi2dvi' on 'Tides.tex' failed.
    BibTeX errors:
    The top-level auxiliary file: Tides.aux
    I couldn't open style file apalike2.bst
    ---line 14 of file Tides.aux
     : \bibstyle{apalike2
     : }
    I'm skipping whatever remains of this command
    I found no style file---while reading file Tides.aux
    Calls: buildVignettes -> texi2pdf -> texi2dvi
    Execution halted
Flavor: r-release-osx-x86_64