CRAN Package Check Results for Package Tides

Last updated on 2014-08-22 03:48:11.

Flavor Version Tinstall Tcheck Ttotal Status Flags
r-devel-linux-x86_64-debian-clang 1.0 0.71 9.61 10.32 OK
r-devel-linux-x86_64-debian-gcc 1.0 0.66 9.20 9.86 OK
r-devel-linux-x86_64-fedora-clang 1.0 20.18 NOTE
r-devel-linux-x86_64-fedora-gcc 1.0 18.22 NOTE
r-devel-osx-x86_64-clang 1.0 24.49 OK
r-devel-windows-ix86+x86_64 1.0 2.00 16.00 18.00 OK
r-patched-linux-x86_64 1.0 0.70 9.91 10.61 OK
r-patched-solaris-sparc 1.0 116.40 OK
r-patched-solaris-x86 1.0 30.40 OK
r-release-linux-ix86 1.0 1.08 15.99 17.08 OK
r-release-linux-x86_64 1.0 0.74 9.88 10.61 OK
r-release-osx-x86_64-mavericks 1.0 OK
r-release-windows-ix86+x86_64 1.0 3.00 17.00 20.00 OK
r-oldrel-windows-ix86+x86_64 1.0 2.00 18.00 20.00 OK

Check Details

Version: 1.0
Check: top-level files
Result: NOTE
    Non-standard file/directory found at top level:
     ‘doc’
Flavors: r-devel-linux-x86_64-fedora-clang, r-devel-linux-x86_64-fedora-gcc