CRAN Package Check Results for Package Tides

Last updated on 2018-04-26 16:49:43 CEST.

Flavor Version Tinstall Tcheck Ttotal Status Flags
r-devel-linux-x86_64-debian-clang 2.0 1.38 22.66 24.04 OK
r-devel-linux-x86_64-debian-gcc 2.0 1.18 19.40 20.58 OK
r-devel-linux-x86_64-fedora-clang 2.0 31.55 OK
r-devel-linux-x86_64-fedora-gcc 2.0 29.73 OK
r-devel-windows-ix86+x86_64 2.0 4.00 40.00 44.00 OK
r-patched-linux-x86_64 2.0 1.06 23.77 24.83 OK
r-patched-solaris-x86 2.0 47.20 OK
r-release-linux-x86_64 2.0 1.41 24.06 25.47 OK
r-release-windows-ix86+x86_64 2.0 4.00 40.00 44.00 OK
r-release-osx-x86_64 2.0 OK
r-oldrel-windows-ix86+x86_64 2.0 2.00 38.00 40.00 OK
r-oldrel-osx-x86_64 2.0 NOTE

Check Details

Version: 2.0
Check: re-building of vignette outputs
Result: NOTE
    Error in re-building vignettes:
     ...
    Loading required package: Tides
    Warning in gapsts(dry$time, dtMax, unit = unit, shiftbegin = TRUE) :
     First data point is beginning of gap. To shift t0, dt is estimated from next continuous series
    Warning in gapsts(dry$time, dtMax, unit = unit, shiftbegin = TRUE) :
     First data point is beginning of gap. To shift t0, dt is estimated from next continuous series
    Warning in gapsts(wet$time, dtMax, unit = unit, shiftbegin = TRUE) :
     First data point is beginning of gap. To shift t0, dt is estimated from next continuous series
    Warning in gapsts(wet$time, dtMax, unit = unit, shiftbegin = TRUE) :
     First data point is beginning of gap. To shift t0, dt is estimated from next continuous series
    Error in texi2dvi(file = file, pdf = TRUE, clean = clean, quiet = quiet, :
     Running 'texi2dvi' on 'Tides.tex' failed.
    BibTeX errors:
    The top-level auxiliary file: Tides.aux
    I couldn't open style file apalike2.bst
    ---line 14 of file Tides.aux
     : \bibstyle{apalike2
     : }
    I'm skipping whatever remains of this command
    I found no style file---while reading file Tides.aux
    Calls: buildVignettes -> texi2pdf -> texi2dvi
    Execution halted
Flavor: r-oldrel-osx-x86_64