CRAN Package Check Results for Package Tides

Last updated on 2015-08-02 23:48:26.

Flavor Version Tinstall Tcheck Ttotal Status Flags
r-devel-linux-x86_64-debian-clang 1.1 0.64 14.02 14.67 NOTE
r-devel-linux-x86_64-debian-gcc 1.1 0.60 13.76 14.36 NOTE
r-devel-linux-x86_64-fedora-clang 1.1 28.09 NOTE
r-devel-linux-x86_64-fedora-gcc 1.1 26.44 NOTE
r-devel-osx-x86_64-clang 1.1 37.26 OK
r-devel-windows-ix86+x86_64 1.1 3.00 28.00 31.00 NOTE
r-patched-linux-x86_64 1.1 0.63 14.16 14.80 OK
r-patched-solaris-sparc 1.1 179.00 OK
r-patched-solaris-x86 1.1 45.60 OK
r-release-linux-x86_64 1.1 0.61 14.02 14.63 OK
r-release-osx-x86_64-mavericks 1.1 OK
r-release-windows-ix86+x86_64 1.1 3.00 26.00 29.00 OK
r-oldrel-windows-ix86+x86_64 1.1 5.00 29.00 34.00 OK

Check Details

Version: 1.1
Check: R code for possible problems
Result: NOTE
    extrema: no visible global function definition for ‘filter’
    extrema: no visible global function definition for ‘approx’
    plot.Tides: no visible global function definition for ‘plot’
    plot.Tides: no visible global function definition for ‘lines’
    plot.Tides: no visible global function definition for ‘points’
    Undefined global functions or variables:
     approx filter lines plot points
    Consider adding
     importFrom("graphics", "lines", "plot", "points")
     importFrom("stats", "approx", "filter")
    to your NAMESPACE.
Flavors: r-devel-linux-x86_64-debian-clang, r-devel-linux-x86_64-debian-gcc, r-devel-linux-x86_64-fedora-clang, r-devel-linux-x86_64-fedora-gcc, r-devel-windows-ix86+x86_64