CRAN Package Check Results for Package Tides

Last updated on 2014-11-29 03:52:07.

Flavor Version Tinstall Tcheck Ttotal Status Flags
r-devel-linux-x86_64-debian-clang 1.0 0.74 10.10 10.84 NOTE
r-devel-linux-x86_64-debian-gcc 1.0 0.72 10.04 10.76 NOTE
r-devel-linux-x86_64-fedora-clang 1.0 22.18 NOTE
r-devel-linux-x86_64-fedora-gcc 1.0 23.77 NOTE
r-devel-osx-x86_64-clang 1.0 25.74 OK
r-devel-windows-ix86+x86_64 1.0 2.00 18.00 20.00 OK
r-patched-linux-x86_64 1.0 0.74 10.28 11.02 NOTE
r-patched-solaris-sparc 1.0 116.40 OK
r-patched-solaris-x86 1.0 33.80 OK
r-release-linux-ix86 1.0 1.09 15.93 17.02 OK
r-release-linux-x86_64 1.0 0.75 10.40 11.15 NOTE
r-release-osx-x86_64-mavericks 1.0 OK
r-release-windows-ix86+x86_64 1.0 2.00 17.00 19.00 OK
r-oldrel-windows-ix86+x86_64 1.0 2.00 18.00 20.00 OK

Check Details

Version: 1.0
Check: top-level files
Result: NOTE
    Non-standard file/directory found at top level:
     ‘doc’
Flavors: r-devel-linux-x86_64-debian-clang, r-devel-linux-x86_64-debian-gcc, r-devel-linux-x86_64-fedora-clang, r-devel-linux-x86_64-fedora-gcc, r-patched-linux-x86_64, r-release-linux-x86_64