CRAN Package Check Results for Package Tides

Last updated on 2015-01-30 01:48:19.

Flavor Version Tinstall Tcheck Ttotal Status Flags
r-devel-linux-x86_64-debian-clang 1.0 0.75 9.65 10.40 NOTE
r-devel-linux-x86_64-debian-gcc 1.0 0.83 10.57 11.40 NOTE
r-devel-linux-x86_64-fedora-clang 1.0 21.53 NOTE
r-devel-linux-x86_64-fedora-gcc 1.0 21.36 NOTE
r-devel-osx-x86_64-clang 1.0 26.49 OK
r-devel-windows-ix86+x86_64 1.0 3.00 17.00 20.00 OK
r-patched-linux-x86_64 1.0 0.76 10.53 11.29 NOTE
r-patched-solaris-sparc 1.0 124.40 OK
r-patched-solaris-x86 1.0 33.40 OK
r-release-linux-ix86 1.0 1.11 15.92 17.02 OK
r-release-linux-x86_64 1.0 0.75 10.89 11.64 NOTE
r-release-osx-x86_64-mavericks 1.0 OK
r-release-windows-ix86+x86_64 1.0 2.00 17.00 19.00 OK
r-oldrel-windows-ix86+x86_64 1.0 2.00 18.00 20.00 OK

Check Details

Version: 1.0
Check: top-level files
Result: NOTE
    Non-standard file/directory found at top level:
     ‘doc’
Flavors: r-devel-linux-x86_64-debian-clang, r-devel-linux-x86_64-debian-gcc, r-devel-linux-x86_64-fedora-clang, r-devel-linux-x86_64-fedora-gcc, r-patched-linux-x86_64, r-release-linux-x86_64