CRAN Package Check Results for Package Tides

Last updated on 2016-02-08 06:47:35.

Flavor Version Tinstall Tcheck Ttotal Status Flags
r-devel-linux-x86_64-debian-gcc 1.1 0.71 13.03 13.74 NOTE
r-devel-linux-x86_64-fedora-clang 1.1 24.64 NOTE
r-devel-linux-x86_64-fedora-gcc 1.1 23.38 NOTE
r-devel-osx-x86_64-clang 1.1 42.99 NOTE
r-devel-windows-ix86+x86_64 1.1 4.00 38.00 42.00 NOTE
r-patched-linux-x86_64 1.1 0.70 14.05 14.75 OK
r-patched-solaris-sparc 1.1 168.90 OK
r-patched-solaris-x86 1.1 39.80 OK
r-release-linux-x86_64 1.1 0.76 13.84 14.60 OK
r-release-osx-x86_64-mavericks 1.1 OK
r-release-windows-ix86+x86_64 1.1 3.00 26.00 29.00 OK
r-oldrel-windows-ix86+x86_64 1.1 5.00 29.00 34.00 OK

Check Details

Version: 1.1
Check: R code for possible problems
Result: NOTE
    extrema: no visible global function definition for ‘filter’
    extrema: no visible global function definition for ‘approx’
    plot.Tides: no visible global function definition for ‘plot’
    plot.Tides: no visible global function definition for ‘lines’
    plot.Tides: no visible global function definition for ‘points’
    Undefined global functions or variables:
     approx filter lines plot points
    Consider adding
     importFrom("graphics", "lines", "plot", "points")
     importFrom("stats", "approx", "filter")
    to your NAMESPACE file.
Flavors: r-devel-linux-x86_64-debian-gcc, r-devel-linux-x86_64-fedora-clang, r-devel-linux-x86_64-fedora-gcc, r-devel-osx-x86_64-clang, r-devel-windows-ix86+x86_64