CRAN Package Check Results for Package Tides

Last updated on 2014-04-23 12:48:29.

Flavor Version Tinstall Tcheck Ttotal Status Flags
r-devel-linux-x86_64-debian-clang 1.0 0.76 9.84 10.60 OK
r-devel-linux-x86_64-debian-gcc 1.0 0.76 9.98 10.74 OK
r-devel-linux-x86_64-fedora-clang 1.0 21.52 NOTE
r-devel-linux-x86_64-fedora-gcc 1.0 19.64 NOTE
r-devel-osx-x86_64-clang 1.0 22.73 OK
r-devel-osx-x86_64-gcc 1.0 OK
r-devel-windows-ix86+x86_64 1.0 2.00 17.00 19.00 OK
r-patched-linux-x86_64 1.0 0.72 9.85 10.57 OK
r-patched-solaris-sparc 1.0 118.70 OK
r-patched-solaris-x86 1.0 32.20 OK
r-release-linux-ix86 1.0 1.00 22.00 23.00 OK
r-release-linux-x86_64 1.0 0.74 10.02 10.76 OK
r-release-osx-x86_64-mavericks 1.0 OK
r-release-windows-ix86+x86_64 1.0 4.00 22.00 26.00 OK
r-oldrel-windows-ix86+x86_64 1.0 2.00 18.00 20.00 OK

Check Details

Version: 1.0
Check: top-level files
Result: NOTE
    Non-standard file/directory found at top level:
     ‘doc’
Flavors: r-devel-linux-x86_64-fedora-clang, r-devel-linux-x86_64-fedora-gcc