CRAN Package Check Results for Package TimeMachine

Last updated on 2014-04-23 12:48:30.

Flavor Version Tinstall Tcheck Ttotal Status Flags
r-devel-linux-x86_64-debian-clang 1.2 1.12 27.18 28.30 NOTE
r-devel-linux-x86_64-debian-gcc 1.2 1.19 25.79 26.98 NOTE
r-devel-linux-x86_64-fedora-clang 1.2 61.62 NOTE
r-devel-linux-x86_64-fedora-gcc 1.2 58.76 NOTE
r-devel-osx-x86_64-clang 1.2 50.61 NOTE
r-devel-osx-x86_64-gcc 1.2 NOTE
r-devel-windows-ix86+x86_64 1.2 6.00 73.00 79.00 NOTE
r-patched-linux-x86_64 1.2 1.18 25.99 27.17 NOTE
r-patched-solaris-sparc 1.2 131.70 ERROR
r-patched-solaris-x86 1.2 109.30 NOTE
r-release-linux-ix86 1.2 2.00 66.00 68.00 NOTE
r-release-linux-x86_64 1.2 1.26 26.54 27.80 NOTE
r-release-osx-x86_64-mavericks 1.2 NOTE
r-release-osx-x86_64-snowleopard 1.2 NOTE
r-release-windows-ix86+x86_64 1.2 14.00 90.00 104.00 NOTE
r-oldrel-windows-ix86+x86_64 1.2 7.00 69.00 76.00 NOTE

Check Details

Version: 1.2
Check: dependencies in R code
Result: NOTE
    Package in Depends field not imported from: ‘methods’
     These packages need to be imported from (in the NAMESPACE file)
     for when this namespace is loaded but not attached.
    See the information on DESCRIPTION files in the chapter ‘Creating R
    packages’ of the ‘Writing R Extensions’ manual.
Flavors: r-devel-linux-x86_64-debian-clang, r-devel-linux-x86_64-debian-gcc, r-devel-linux-x86_64-fedora-clang, r-devel-linux-x86_64-fedora-gcc, r-devel-osx-x86_64-clang, r-devel-osx-x86_64-gcc, r-devel-windows-ix86+x86_64, r-patched-linux-x86_64, r-patched-solaris-sparc, r-patched-solaris-x86, r-release-linux-ix86, r-release-linux-x86_64, r-release-osx-x86_64-mavericks, r-release-windows-ix86+x86_64, r-oldrel-windows-ix86+x86_64

Version: 1.2
Check: examples
Result: ERROR
    Running examples in ‘TimeMachine-Ex.R’ failed
    The error most likely occurred in:
    
    > ### Name: mu.mle
    > ### Title: Maximum-Likelihood Estimation of the Mutation Rate
    > ### Aliases: mu.mle
    >
    > ### ** Examples
    >
    > # Load example dataset
    > data(pdm)
    > transitions <- full.transitions(pdm$unitary.transitions, pdm$loci)
    > pi <- stationary.dist(transitions)
    >
    > mu.int <- c(0.1, 10)
    > samples <- 10
    >
    > # MLE of the mutation rate for a single target population size
    > n <- 10
    > mle.res <- mu.mle(transitions, pi, pdm$population, n, mu.int, samples)
    Error: C stack usage 58724476 is too close to the limit
    Execution halted
Flavor: r-patched-solaris-sparc

Version: 1.2
Check: dependencies in R code
Result: NOTE
    Package in Depends field not imported from: ‘methods’
     These packages need to be imported from for the case when
     this namespace is loaded but not attached.
    See the information on DESCRIPTION files in the chapter ‘Creating R
    packages’ of the ‘Writing R Extensions’ manual.
Flavor: r-release-osx-x86_64-snowleopard