CRAN Package Check Results for Package TimeMachine

Last updated on 2015-08-29 20:48:22.

Flavor Version Tinstall Tcheck Ttotal Status Flags
r-devel-linux-x86_64-debian-clang 1.2 0.97 25.53 26.50 NOTE
r-devel-linux-x86_64-debian-gcc 1.2 1.09 25.14 26.23 NOTE
r-devel-linux-x86_64-fedora-clang 1.2 57.73 NOTE
r-devel-linux-x86_64-fedora-gcc 1.2 55.66 NOTE
r-devel-osx-x86_64-clang 1.2 48.69 NOTE
r-devel-windows-ix86+x86_64 1.2 14.00 105.00 119.00 NOTE
r-patched-linux-x86_64 1.2 1.08 25.19 26.27 NOTE
r-patched-solaris-sparc 1.2 159.40 ERROR
r-patched-solaris-x86 1.2 107.40 NOTE
r-release-linux-x86_64 1.2 1.13 24.85 25.98 NOTE
r-release-osx-x86_64-mavericks 1.2 NOTE
r-release-windows-ix86+x86_64 1.2 7.00 94.00 101.00 NOTE
r-oldrel-windows-ix86+x86_64 1.2 12.00 73.00 85.00 NOTE

Check Details

Version: 1.2
Check: dependencies in R code
Result: NOTE
    Package in Depends field not imported from: ‘methods’
     These packages need to be imported from (in the NAMESPACE file)
     for when this namespace is loaded but not attached.
Flavors: r-devel-linux-x86_64-debian-clang, r-devel-linux-x86_64-debian-gcc, r-devel-linux-x86_64-fedora-clang, r-devel-linux-x86_64-fedora-gcc, r-devel-osx-x86_64-clang, r-devel-windows-ix86+x86_64, r-patched-linux-x86_64, r-patched-solaris-sparc, r-patched-solaris-x86, r-release-linux-x86_64, r-release-osx-x86_64-mavericks, r-release-windows-ix86+x86_64, r-oldrel-windows-ix86+x86_64

Version: 1.2
Check: S3 generic/method consistency
Result: NOTE
    Found the following apparent S3 methods exported but not registered:
     density.tm mean.tm print.tm quantile.tm summary.tm
    See section ‘Registering S3 methods’ in the ‘Writing R Extensions’
    manual.
Flavors: r-devel-linux-x86_64-debian-clang, r-devel-linux-x86_64-debian-gcc, r-devel-linux-x86_64-fedora-clang, r-devel-linux-x86_64-fedora-gcc, r-devel-osx-x86_64-clang, r-patched-linux-x86_64, r-patched-solaris-sparc, r-patched-solaris-x86, r-release-linux-x86_64

Version: 1.2
Check: R code for possible problems
Result: NOTE
    density.tm: no visible global function definition for ‘density’
    mu.mle: no visible global function definition for ‘optimize’
    pophistory.tm: no visible binding for global variable ‘quantile’
    quantile.tm: no visible global function definition for ‘quantile’
    sample.pop: no visible global function definition for ‘runif’
    summary.tm: no visible global function definition for ‘quantile’
    Undefined global functions or variables:
     density optimize quantile runif
    Consider adding
     importFrom("stats", "density", "optimize", "quantile", "runif")
    to your NAMESPACE.
Flavors: r-devel-linux-x86_64-debian-clang, r-devel-linux-x86_64-debian-gcc, r-devel-linux-x86_64-fedora-clang, r-devel-linux-x86_64-fedora-gcc, r-devel-windows-ix86+x86_64

Version: 1.2
Check: examples
Result: ERROR
    Running examples in ‘TimeMachine-Ex.R’ failed
    The error most likely occurred in:
    
    > ### Name: mu.mle
    > ### Title: Maximum-Likelihood Estimation of the Mutation Rate
    > ### Aliases: mu.mle
    >
    > ### ** Examples
    >
    > # Load example dataset
    > data(pdm)
    > transitions <- full.transitions(pdm$unitary.transitions, pdm$loci)
    > pi <- stationary.dist(transitions)
    >
    > mu.int <- c(0.1, 10)
    > samples <- 10
    >
    > # MLE of the mutation rate for a single target population size
    > n <- 10
    > mle.res <- mu.mle(transitions, pi, pdm$population, n, mu.int, samples)
    Error: C stack usage 75501900 is too close to the limit
    Execution halted
Flavor: r-patched-solaris-sparc