CRAN Package Check Results for Package TimeMachine

Last updated on 2014-07-31 15:47:11.

Flavor Version Tinstall Tcheck Ttotal Status Flags
r-devel-linux-x86_64-debian-clang 1.2 1.08 26.18 27.26 NOTE
r-devel-linux-x86_64-debian-gcc 1.2 1.14 24.92 26.06 NOTE
r-devel-linux-x86_64-fedora-clang 1.2 58.98 NOTE
r-devel-linux-x86_64-fedora-gcc 1.2 56.47 NOTE
r-devel-osx-x86_64-clang 1.2 55.28 NOTE
r-devel-windows-ix86+x86_64 1.2 6.00 72.00 78.00 NOTE
r-patched-linux-x86_64 1.2 1.26 25.71 26.98 NOTE
r-patched-solaris-sparc 1.2 127.90 ERROR
r-patched-solaris-x86 1.2 116.90 NOTE
r-release-linux-ix86 1.2 1.64 40.24 41.88 NOTE
r-release-linux-x86_64 1.2 1.24 25.64 26.88 NOTE
r-release-osx-x86_64-mavericks 1.2 NOTE
r-release-osx-x86_64-snowleopard 1.2 NOTE
r-release-windows-ix86+x86_64 1.2 9.00 68.00 77.00 NOTE
r-oldrel-windows-ix86+x86_64 1.2 7.00 69.00 76.00 NOTE

Check Details

Version: 1.2
Check: dependencies in R code
Result: NOTE
    Package in Depends field not imported from: methods
     These packages need to be imported from (in the NAMESPACE file)
     for when this namespace is loaded but not attached.
    See the information on DESCRIPTION files in the chapter Creating R
    packages of the Writing R Extensions manual.
Flavors: r-devel-linux-x86_64-debian-clang, r-devel-linux-x86_64-debian-gcc, r-devel-linux-x86_64-fedora-clang, r-devel-linux-x86_64-fedora-gcc, r-devel-osx-x86_64-clang, r-devel-windows-ix86+x86_64, r-patched-linux-x86_64, r-patched-solaris-sparc, r-patched-solaris-x86, r-release-linux-ix86, r-release-linux-x86_64, r-release-osx-x86_64-mavericks, r-release-windows-ix86+x86_64, r-oldrel-windows-ix86+x86_64

Version: 1.2
Check: examples
Result: ERROR
    Running examples in TimeMachine-Ex.R failed
    The error most likely occurred in:
    
    > ### Name: mu.mle
    > ### Title: Maximum-Likelihood Estimation of the Mutation Rate
    > ### Aliases: mu.mle
    >
    > ### ** Examples
    >
    > # Load example dataset
    > data(pdm)
    > transitions <- full.transitions(pdm$unitary.transitions, pdm$loci)
    > pi <- stationary.dist(transitions)
    >
    > mu.int <- c(0.1, 10)
    > samples <- 10
    >
    > # MLE of the mutation rate for a single target population size
    > n <- 10
    > mle.res <- mu.mle(transitions, pi, pdm$population, n, mu.int, samples)
    Error: C stack usage 58724492 is too close to the limit
    Execution halted
Flavor: r-patched-solaris-sparc

Version: 1.2
Check: dependencies in R code
Result: NOTE
    Package in Depends field not imported from: methods
     These packages need to be imported from for the case when
     this namespace is loaded but not attached.
    See the information on DESCRIPTION files in the chapter Creating R
    packages of the Writing R Extensions manual.
Flavor: r-release-osx-x86_64-snowleopard