CRAN Package Check Results for Package TimeProjection

Last updated on 2014-07-30 03:48:29.

Flavor Version Tinstall Tcheck Ttotal Status Flags
r-devel-linux-x86_64-debian-clang 0.2.0 4.58 45.92 50.50 NOTE
r-devel-linux-x86_64-debian-gcc 0.2.0 4.32 45.43 49.76 NOTE
r-devel-linux-x86_64-fedora-clang 0.2.0 122.80 NOTE
r-devel-linux-x86_64-fedora-gcc 0.2.0 114.09 NOTE
r-devel-osx-x86_64-clang 0.2.0 94.94 NOTE
r-devel-windows-ix86+x86_64 0.2.0 11.00 66.00 77.00 NOTE
r-patched-linux-x86_64 0.2.0 5.79 34.27 40.06 NOTE
r-patched-solaris-sparc 0.2.0 637.40 NOTE
r-patched-solaris-x86 0.2.0 159.10 NOTE
r-release-linux-ix86 0.2.0 5.04 55.19 60.23 NOTE
r-release-linux-x86_64 0.2.0 4.44 46.68 51.12 NOTE
r-release-osx-x86_64-mavericks 0.2.0 NOTE
r-release-osx-x86_64-snowleopard 0.2.0 NOTE
r-release-windows-ix86+x86_64 0.2.0 10.00 70.00 80.00 NOTE
r-oldrel-windows-ix86+x86_64 0.2.0 12.00 66.00 78.00 NOTE

Check Details

Version: 0.2.0
Check: dependencies in R code
Result: NOTE
    Packages in Depends field not imported from:
     Matrix lubridate timeDate
     These packages need to be imported from (in the NAMESPACE file)
     for when this namespace is loaded but not attached.
    See the information on DESCRIPTION files in the chapter Creating R
    packages of the Writing R Extensions manual.
Flavors: r-devel-linux-x86_64-debian-clang, r-devel-linux-x86_64-debian-gcc, r-devel-linux-x86_64-fedora-clang, r-devel-linux-x86_64-fedora-gcc, r-devel-osx-x86_64-clang, r-devel-windows-ix86+x86_64, r-patched-linux-x86_64, r-patched-solaris-sparc, r-patched-solaris-x86, r-release-linux-ix86, r-release-linux-x86_64, r-release-osx-x86_64-mavericks, r-release-windows-ix86+x86_64, r-oldrel-windows-ix86+x86_64

Version: 0.2.0
Check: R code for possible problems
Result: NOTE
    plotCalendarHeatmap: no visible binding for global variable monthweek
    plotCalendarHeatmap: no visible binding for global variable weekday
Flavors: r-devel-linux-x86_64-debian-clang, r-devel-linux-x86_64-debian-gcc, r-devel-linux-x86_64-fedora-clang, r-devel-linux-x86_64-fedora-gcc, r-devel-osx-x86_64-clang, r-devel-windows-ix86+x86_64, r-patched-linux-x86_64, r-patched-solaris-sparc, r-patched-solaris-x86, r-release-linux-ix86, r-release-linux-x86_64, r-release-osx-x86_64-mavericks, r-release-osx-x86_64-snowleopard, r-release-windows-ix86+x86_64, r-oldrel-windows-ix86+x86_64