CRAN Package Check Results for Package TimeProjection

Last updated on 2015-05-29 13:49:25.

Flavor Version Tinstall Tcheck Ttotal Status Flags
r-devel-linux-x86_64-debian-clang 0.2.0 3.79 33.44 37.24 NOTE
r-devel-linux-x86_64-debian-gcc 0.2.0 3.02 32.42 35.44 NOTE
r-devel-linux-x86_64-fedora-clang 0.2.0 85.94 NOTE
r-devel-linux-x86_64-fedora-gcc 0.2.0 75.39 NOTE
r-devel-osx-x86_64-clang 0.2.0 68.19 NOTE
r-devel-windows-ix86+x86_64 0.2.0 10.00 50.00 60.00 NOTE
r-patched-linux-x86_64 0.2.0 3.07 33.62 36.69 NOTE
r-patched-solaris-sparc 0.2.0 482.90 NOTE
r-patched-solaris-x86 0.2.0 110.20 NOTE
r-release-linux-x86_64 0.2.0 3.14 32.28 35.42 NOTE
r-release-osx-x86_64-mavericks 0.2.0 NOTE
r-release-osx-x86_64-snowleopard 0.2.0 ERROR
r-release-windows-ix86+x86_64 0.2.0 10.00 56.00 66.00 NOTE
r-oldrel-windows-ix86+x86_64 0.2.0 16.00 66.00 82.00 NOTE

Check Details

Version: 0.2.0
Check: dependencies in R code
Result: NOTE
    'library' or 'require' calls in package code:
     ‘ggplot2’ ‘plyr’
     Please use :: or requireNamespace() instead.
     See section 'Suggested packages' in the 'Writing R Extensions' manual.
    Packages in Depends field not imported from:
     ‘Matrix’ ‘lubridate’ ‘timeDate’
     These packages need to be imported from (in the NAMESPACE file)
     for when this namespace is loaded but not attached.
Flavors: r-devel-linux-x86_64-debian-clang, r-devel-linux-x86_64-debian-gcc, r-devel-linux-x86_64-fedora-clang, r-devel-linux-x86_64-fedora-gcc, r-devel-osx-x86_64-clang, r-devel-windows-ix86+x86_64, r-patched-linux-x86_64, r-patched-solaris-sparc, r-patched-solaris-x86, r-release-linux-x86_64, r-release-osx-x86_64-mavericks, r-release-osx-x86_64-snowleopard, r-release-windows-ix86+x86_64, r-oldrel-windows-ix86+x86_64

Version: 0.2.0
Check: R code for possible problems
Result: NOTE
    is.Bizday: no visible global function definition for ‘isWeekday’
    plotCalendarHeatmap: no visible global function definition for ‘ddply’
    plotCalendarHeatmap: no visible global function definition for ‘.’
    plotCalendarHeatmap: no visible binding for global variable ‘year’
    plotCalendarHeatmap: no visible binding for global variable ‘month’
    plotCalendarHeatmap: no visible binding for global variable ‘week’
    plotCalendarHeatmap: no visible global function definition for ‘ggplot’
    plotCalendarHeatmap: no visible global function definition for ‘aes’
    plotCalendarHeatmap: no visible binding for global variable ‘monthweek’
    plotCalendarHeatmap: no visible binding for global variable ‘weekday’
    plotCalendarHeatmap: no visible global function definition for
     ‘geom_tile’
    plotCalendarHeatmap: no visible global function definition for
     ‘facet_grid’
    plotCalendarHeatmap: no visible global function definition for
     ‘scale_fill_gradientn’
    projectDate: no visible global function definition for ‘holidayNYSE’
    projectDate: no visible global function definition for
     ‘sparse.model.matrix’
Flavors: r-devel-linux-x86_64-debian-clang, r-devel-linux-x86_64-debian-gcc, r-devel-linux-x86_64-fedora-clang, r-devel-linux-x86_64-fedora-gcc, r-devel-osx-x86_64-clang, r-devel-windows-ix86+x86_64, r-patched-linux-x86_64, r-patched-solaris-sparc, r-patched-solaris-x86, r-release-linux-x86_64, r-release-osx-x86_64-mavericks, r-release-osx-x86_64-snowleopard, r-release-windows-ix86+x86_64, r-oldrel-windows-ix86+x86_64

Version: 0.2.0
Check: package dependencies
Result: NOTE
    Package suggested but not available for checking: ‘ggplot2’
Flavor: r-release-osx-x86_64-snowleopard

Version: 0.2.0
Check: examples
Result: ERROR
    Running examples in ‘TimeProjection-Ex.R’ failed
    The error most likely occurred in:
    
    > ### Name: plotCalendarHeatmap
    > ### Title: Calendar Heatmap
    > ### Aliases: plotCalendarHeatmap
    >
    > ### ** Examples
    >
    > dates = timeSequence(from = '2012-01-01', to = '2012-12-31', by = 'day')
    > plotCalendarHeatmap(as.Date(dates), 1:366)
    Loading required package: ggplot2
    Warning in library(package, lib.loc = lib.loc, character.only = TRUE, logical.return = TRUE, :
     there is no package called ‘ggplot2’
    Loading required package: plyr
    
    Attaching package: ‘plyr’
    
    The following object is masked from ‘package:lubridate’:
    
     here
    
    Error in plotCalendarHeatmap(as.Date(dates), 1:366) :
     could not find function "ggplot"
    Execution halted
Flavor: r-release-osx-x86_64-snowleopard