CRAN Package Check Results for Package TimeProjection

Last updated on 2017-03-26 11:54:12.

Flavor Version Tinstall Tcheck Ttotal Status Flags
r-devel-linux-x86_64-debian-clang 0.2.0 2.82 34.28 37.11 NOTE
r-devel-linux-x86_64-debian-gcc 0.2.0 2.80 35.29 38.09 NOTE
r-devel-linux-x86_64-fedora-clang 0.2.0 79.15 NOTE --no-stop-on-test-error
r-devel-linux-x86_64-fedora-gcc 0.2.0 81.29 NOTE --no-stop-on-test-error
r-devel-macos-x86_64-clang 0.2.0 61.23 NOTE --no-stop-on-test-error
r-patched-linux-x86_64 0.2.0 2.91 34.56 37.47 NOTE
r-patched-solaris-sparc 0.2.0 474.70 NOTE
r-patched-solaris-x86 0.2.0 112.50 NOTE
r-release-linux-x86_64 0.2.0 2.59 28.56 31.15 NOTE
r-release-osx-x86_64-mavericks 0.2.0 NOTE
r-release-windows-ix86+x86_64 0.2.0 12.00 59.00 71.00 NOTE
r-oldrel-windows-ix86+x86_64 0.2.0 8.00 56.00 64.00 NOTE

Check Details

Version: 0.2.0
Check: dependencies in R code
Result: NOTE
    'library' or 'require' calls in package code:
     ‘ggplot2’ ‘plyr’
     Please use :: or requireNamespace() instead.
     See section 'Suggested packages' in the 'Writing R Extensions' manual.
    Packages in Depends field not imported from:
     ‘Matrix’ ‘lubridate’ ‘timeDate’
     These packages need to be imported from (in the NAMESPACE file)
     for when this namespace is loaded but not attached.
Flavors: r-devel-linux-x86_64-debian-clang, r-devel-linux-x86_64-debian-gcc, r-patched-linux-x86_64, r-patched-solaris-sparc, r-patched-solaris-x86, r-release-linux-x86_64, r-release-osx-x86_64-mavericks, r-release-windows-ix86+x86_64, r-oldrel-windows-ix86+x86_64

Version: 0.2.0
Check: R code for possible problems
Result: NOTE
    is.Bizday: no visible global function definition for ‘isWeekday’
    plotCalendarHeatmap: no visible global function definition for ‘ddply’
    plotCalendarHeatmap: no visible global function definition for ‘.’
    plotCalendarHeatmap: no visible binding for global variable ‘year’
    plotCalendarHeatmap: no visible binding for global variable ‘month’
    plotCalendarHeatmap: no visible binding for global variable ‘week’
    plotCalendarHeatmap: no visible global function definition for ‘ggplot’
    plotCalendarHeatmap: no visible global function definition for ‘aes’
    plotCalendarHeatmap: no visible binding for global variable ‘monthweek’
    plotCalendarHeatmap: no visible binding for global variable ‘weekday’
    plotCalendarHeatmap: no visible global function definition for
     ‘geom_tile’
    plotCalendarHeatmap: no visible global function definition for
     ‘facet_grid’
    plotCalendarHeatmap: no visible global function definition for
     ‘scale_fill_gradientn’
    projectDate: no visible global function definition for ‘holidayNYSE’
    projectDate: no visible global function definition for
     ‘sparse.model.matrix’
    Undefined global functions or variables:
     . aes ddply facet_grid geom_tile ggplot holidayNYSE isWeekday month
     monthweek scale_fill_gradientn sparse.model.matrix week weekday year
Flavors: r-devel-linux-x86_64-debian-clang, r-devel-linux-x86_64-debian-gcc, r-patched-linux-x86_64, r-patched-solaris-sparc, r-patched-solaris-x86, r-release-linux-x86_64, r-release-osx-x86_64-mavericks, r-release-windows-ix86+x86_64

Version: 0.2.0
Flags: --no-stop-on-test-error
Check: dependencies in R code
Result: NOTE
    'library' or 'require' calls in package code:
     ‘ggplot2’ ‘plyr’
     Please use :: or requireNamespace() instead.
     See section 'Suggested packages' in the 'Writing R Extensions' manual.
    Packages in Depends field not imported from:
     ‘Matrix’ ‘lubridate’ ‘timeDate’
     These packages need to be imported from (in the NAMESPACE file)
     for when this namespace is loaded but not attached.
Flavors: r-devel-linux-x86_64-fedora-clang, r-devel-linux-x86_64-fedora-gcc, r-devel-macos-x86_64-clang

Version: 0.2.0
Flags: --no-stop-on-test-error
Check: R code for possible problems
Result: NOTE
    is.Bizday: no visible global function definition for ‘isWeekday’
    plotCalendarHeatmap: no visible global function definition for ‘ddply’
    plotCalendarHeatmap: no visible global function definition for ‘.’
    plotCalendarHeatmap: no visible binding for global variable ‘year’
    plotCalendarHeatmap: no visible binding for global variable ‘month’
    plotCalendarHeatmap: no visible binding for global variable ‘week’
    plotCalendarHeatmap: no visible global function definition for ‘ggplot’
    plotCalendarHeatmap: no visible global function definition for ‘aes’
    plotCalendarHeatmap: no visible binding for global variable ‘monthweek’
    plotCalendarHeatmap: no visible binding for global variable ‘weekday’
    plotCalendarHeatmap: no visible global function definition for
     ‘geom_tile’
    plotCalendarHeatmap: no visible global function definition for
     ‘facet_grid’
    plotCalendarHeatmap: no visible global function definition for
     ‘scale_fill_gradientn’
    projectDate: no visible global function definition for ‘holidayNYSE’
    projectDate: no visible global function definition for
     ‘sparse.model.matrix’
    Undefined global functions or variables:
     . aes ddply facet_grid geom_tile ggplot holidayNYSE isWeekday month
     monthweek scale_fill_gradientn sparse.model.matrix week weekday year
Flavors: r-devel-linux-x86_64-fedora-clang, r-devel-linux-x86_64-fedora-gcc, r-devel-macos-x86_64-clang

Version: 0.2.0
Check: R code for possible problems
Result: NOTE
    is.Bizday: no visible global function definition for 'isWeekday'
    plotCalendarHeatmap: no visible global function definition for 'ddply'
    plotCalendarHeatmap: no visible global function definition for '.'
    plotCalendarHeatmap: no visible binding for global variable 'year'
    plotCalendarHeatmap: no visible binding for global variable 'month'
    plotCalendarHeatmap: no visible binding for global variable 'week'
    plotCalendarHeatmap: no visible global function definition for 'ggplot'
    plotCalendarHeatmap: no visible global function definition for 'aes'
    plotCalendarHeatmap: no visible binding for global variable 'monthweek'
    plotCalendarHeatmap: no visible binding for global variable 'weekday'
    plotCalendarHeatmap: no visible global function definition for
     'geom_tile'
    plotCalendarHeatmap: no visible global function definition for
     'facet_grid'
    plotCalendarHeatmap: no visible global function definition for
     'scale_fill_gradientn'
    projectDate: no visible global function definition for 'holidayNYSE'
    projectDate: no visible global function definition for
     'sparse.model.matrix'
Flavor: r-oldrel-windows-ix86+x86_64