CRAN Package Check Results for Package TimeProjection

Last updated on 2014-04-24 11:48:57.

Flavor Version Tinstall Tcheck Ttotal Status Flags
r-devel-linux-x86_64-debian-clang 0.2.0 4.83 48.29 53.12 NOTE
r-devel-linux-x86_64-debian-gcc 0.2.0 4.51 47.94 52.45 NOTE
r-devel-linux-x86_64-fedora-clang 0.2.0 122.78 NOTE
r-devel-linux-x86_64-fedora-gcc 0.2.0 119.05 NOTE
r-devel-osx-x86_64-clang 0.2.0 91.52 NOTE
r-devel-osx-x86_64-gcc 0.2.0 ERROR
r-devel-windows-ix86+x86_64 0.2.0 11.00 62.00 73.00 NOTE
r-patched-linux-x86_64 0.2.0 4.49 48.09 52.58 NOTE
r-patched-solaris-sparc 0.2.0 637.40 NOTE
r-patched-solaris-x86 0.2.0 157.30 NOTE
r-release-linux-ix86 0.2.0 6.00 78.00 84.00 NOTE
r-release-linux-x86_64 0.2.0 4.89 48.74 53.63 NOTE
r-release-osx-x86_64-mavericks 0.2.0 WARN
r-release-osx-x86_64-snowleopard 0.2.0 NOTE
r-release-windows-ix86+x86_64 0.2.0 13.00 65.00 78.00 NOTE
r-oldrel-windows-ix86+x86_64 0.2.0 11.00 68.00 79.00 NOTE

Check Details

Version: 0.2.0
Check: dependencies in R code
Result: NOTE
    Packages in Depends field not imported from:
     ‘Matrix’ ‘lubridate’ ‘timeDate’
     These packages need to be imported from (in the NAMESPACE file)
     for when this namespace is loaded but not attached.
    See the information on DESCRIPTION files in the chapter ‘Creating R
    packages’ of the ‘Writing R Extensions’ manual.
Flavors: r-devel-linux-x86_64-debian-clang, r-devel-linux-x86_64-debian-gcc, r-devel-linux-x86_64-fedora-clang, r-devel-linux-x86_64-fedora-gcc, r-devel-osx-x86_64-clang, r-devel-osx-x86_64-gcc, r-devel-windows-ix86+x86_64, r-patched-linux-x86_64, r-patched-solaris-sparc, r-patched-solaris-x86, r-release-linux-ix86, r-release-linux-x86_64, r-release-osx-x86_64-mavericks, r-release-windows-ix86+x86_64, r-oldrel-windows-ix86+x86_64

Version: 0.2.0
Check: R code for possible problems
Result: NOTE
    plotCalendarHeatmap: no visible binding for global variable ‘monthweek’
    plotCalendarHeatmap: no visible binding for global variable ‘weekday’
Flavors: r-devel-linux-x86_64-debian-clang, r-devel-linux-x86_64-debian-gcc, r-devel-linux-x86_64-fedora-clang, r-devel-linux-x86_64-fedora-gcc, r-devel-osx-x86_64-clang, r-devel-windows-ix86+x86_64, r-patched-linux-x86_64, r-patched-solaris-sparc, r-patched-solaris-x86, r-release-linux-ix86, r-release-linux-x86_64, r-release-osx-x86_64-mavericks, r-release-osx-x86_64-snowleopard, r-release-windows-ix86+x86_64, r-oldrel-windows-ix86+x86_64

Version: 0.2.0
Check: package dependencies
Result: NOTE
    Package suggested but not available for checking: ‘ggplot2’
Flavor: r-devel-osx-x86_64-gcc

Version: 0.2.0
Check: R code for possible problems
Result: NOTE
    plotCalendarHeatmap: no visible global function definition for ‘ggplot’
    plotCalendarHeatmap: no visible global function definition for ‘aes’
    plotCalendarHeatmap: no visible binding for global variable ‘monthweek’
    plotCalendarHeatmap: no visible binding for global variable ‘weekday’
    plotCalendarHeatmap: no visible global function definition for
     ‘geom_tile’
    plotCalendarHeatmap: no visible global function definition for
     ‘facet_grid’
    plotCalendarHeatmap: no visible global function definition for
     ‘scale_fill_gradientn’
Flavor: r-devel-osx-x86_64-gcc

Version: 0.2.0
Check: examples
Result: ERROR
    Running examples in ‘TimeProjection-Ex.R’ failed
    The error most likely occurred in:
    
    > ### Name: plotCalendarHeatmap
    > ### Title: Calendar Heatmap
    > ### Aliases: plotCalendarHeatmap
    >
    > ### ** Examples
    >
    > dates = timeSequence(from = '2012-01-01', to = '2012-12-31', by = 'day')
    > plotCalendarHeatmap(as.Date(dates), 1:366)
    Loading required package: ggplot2
    Warning in library(package, lib.loc = lib.loc, character.only = TRUE, logical.return = TRUE, :
     there is no package called ‘ggplot2’
    Loading required package: plyr
    
    Attaching package: ‘plyr’
    
    The following object is masked from ‘package:lubridate’:
    
     here
    
    Error in plotCalendarHeatmap(as.Date(dates), 1:366) :
     could not find function "ggplot"
    Execution halted
Flavor: r-devel-osx-x86_64-gcc

Version: 0.2.0
Check: PDF version of manual
Result: WARNING
    LaTeX errors when creating PDF version.
    This typically indicates Rd problems.
    LaTeX errors found:
    ! LaTeX Error: File `upquote.sty' not found.
    
    Type X to quit or <RETURN> to proceed,
    or enter new name. (Default extension: sty)
    
    40b96ee/Rd2.tex:8: ==> Fatal error occurred, no output PDF file produced!
Flavor: r-release-osx-x86_64-mavericks