CRAN Package Check Results for Package TimeProjection

Last updated on 2014-09-02 10:52:01.

Flavor Version Tinstall Tcheck Ttotal Status Flags
r-devel-linux-x86_64-debian-clang 0.2.0 4.24 42.79 47.03 NOTE
r-devel-linux-x86_64-debian-gcc 0.2.0 4.30 41.70 46.00 NOTE
r-devel-linux-x86_64-fedora-clang 0.2.0 119.70 NOTE
r-devel-linux-x86_64-fedora-gcc 0.2.0 106.45 NOTE
r-devel-osx-x86_64-clang 0.2.0 87.15 NOTE
r-devel-windows-ix86+x86_64 0.2.0 12.00 62.00 74.00 NOTE
r-patched-linux-x86_64 0.2.0 4.62 45.62 50.24 NOTE
r-patched-solaris-sparc 0.2.0 652.30 NOTE
r-patched-solaris-x86 0.2.0 155.00 NOTE
r-release-linux-ix86 0.2.0 5.14 55.41 60.55 NOTE
r-release-linux-x86_64 0.2.0 4.38 47.15 51.53 NOTE
r-release-osx-x86_64-mavericks 0.2.0 NOTE
r-release-osx-x86_64-snowleopard 0.2.0 NOTE
r-release-windows-ix86+x86_64 0.2.0 12.00 72.00 84.00 NOTE
r-oldrel-windows-ix86+x86_64 0.2.0 15.00 70.00 85.00 NOTE

Check Details

Version: 0.2.0
Check: dependencies in R code
Result: NOTE
    Packages in Depends field not imported from:
     ‘Matrix’ ‘lubridate’ ‘timeDate’
     These packages need to be imported from (in the NAMESPACE file)
     for when this namespace is loaded but not attached.
    See the information on DESCRIPTION files in the chapter ‘Creating R
    packages’ of the ‘Writing R Extensions’ manual.
Flavors: r-devel-linux-x86_64-debian-clang, r-devel-linux-x86_64-debian-gcc, r-devel-linux-x86_64-fedora-clang, r-devel-linux-x86_64-fedora-gcc, r-devel-osx-x86_64-clang, r-devel-windows-ix86+x86_64, r-patched-linux-x86_64, r-patched-solaris-sparc, r-patched-solaris-x86, r-release-linux-ix86, r-release-linux-x86_64, r-release-osx-x86_64-mavericks, r-release-windows-ix86+x86_64, r-oldrel-windows-ix86+x86_64

Version: 0.2.0
Check: R code for possible problems
Result: NOTE
    is.Bizday: no visible global function definition for ‘isWeekday’
    plotCalendarHeatmap: no visible global function definition for ‘ddply’
    plotCalendarHeatmap: no visible global function definition for ‘.’
    plotCalendarHeatmap: no visible binding for global variable ‘year’
    plotCalendarHeatmap: no visible binding for global variable ‘month’
    plotCalendarHeatmap: no visible binding for global variable ‘week’
    plotCalendarHeatmap: no visible global function definition for ‘ggplot’
    plotCalendarHeatmap: no visible global function definition for ‘aes’
    plotCalendarHeatmap: no visible binding for global variable ‘monthweek’
    plotCalendarHeatmap: no visible binding for global variable ‘weekday’
    plotCalendarHeatmap: no visible global function definition for
     ‘geom_tile’
    plotCalendarHeatmap: no visible global function definition for
     ‘facet_grid’
    plotCalendarHeatmap: no visible global function definition for
     ‘scale_fill_gradientn’
    projectDate: no visible global function definition for ‘holidayNYSE’
    projectDate: no visible global function definition for
     ‘sparse.model.matrix’
Flavors: r-devel-linux-x86_64-debian-clang, r-devel-linux-x86_64-debian-gcc, r-devel-linux-x86_64-fedora-clang, r-devel-linux-x86_64-fedora-gcc, r-devel-osx-x86_64-clang, r-devel-windows-ix86+x86_64

Version: 0.2.0
Check: R code for possible problems
Result: NOTE
    plotCalendarHeatmap: no visible binding for global variable ‘monthweek’
    plotCalendarHeatmap: no visible binding for global variable ‘weekday’
Flavors: r-patched-linux-x86_64, r-patched-solaris-sparc, r-patched-solaris-x86, r-release-linux-ix86, r-release-linux-x86_64, r-release-osx-x86_64-mavericks, r-release-osx-x86_64-snowleopard, r-release-windows-ix86+x86_64, r-oldrel-windows-ix86+x86_64