CRAN Package Check Results for Package Tinflex

Last updated on 2017-05-29 14:50:34.

Flavor Version Tinstall Tcheck Ttotal Status Flags
r-devel-linux-x86_64-debian-clang 1.1 1.10 20.55 21.65 NOTE
r-devel-linux-x86_64-debian-gcc 1.1 1.08 19.76 20.84 NOTE
r-devel-linux-x86_64-fedora-clang 1.1 38.34 NOTE
r-devel-linux-x86_64-fedora-gcc 1.1 36.74 NOTE
r-devel-windows-ix86+x86_64 1.1 7.00 72.00 79.00 OK
r-patched-linux-x86_64 1.1 1.10 20.19 21.28 NOTE
r-patched-solaris-sparc 1.1 250.30 OK
r-patched-solaris-x86 1.1 47.80 OK
r-release-linux-x86_64 1.1 1.20 21.01 22.21 NOTE
r-release-windows-ix86+x86_64 1.1 8.00 54.00 62.00 OK
r-release-osx-x86_64 1.1 OK
r-oldrel-windows-ix86+x86_64 1.1 6.00 57.00 63.00 OK
r-oldrel-osx-x86_64 1.1 OK

Check Details

Version: 1.1
Check: compiled code
Result: NOTE
    File ‘Tinflex/libs/Tinflex.so’:
     Found no calls to: ‘R_registerRoutines’, ‘R_useDynamicSymbols’
    
    It is good practice to register native routines and to disable symbol
    search.
    
    See ‘Writing portable packages’ in the ‘Writing R Extensions’ manual.
Flavors: r-devel-linux-x86_64-debian-clang, r-devel-linux-x86_64-debian-gcc, r-devel-linux-x86_64-fedora-clang, r-devel-linux-x86_64-fedora-gcc, r-patched-linux-x86_64, r-release-linux-x86_64