CRAN Package Check Results for Package Tinflex

Last updated on 2017-04-23 23:51:32.

Flavor Version Tinstall Tcheck Ttotal Status Flags
r-devel-linux-x86_64-debian-clang 1.1 1.08 20.28 21.36 NOTE
r-devel-linux-x86_64-debian-gcc 1.1 0.96 19.90 20.86 NOTE
r-devel-linux-x86_64-fedora-clang 1.1 38.28 NOTE --no-stop-on-test-error
r-devel-linux-x86_64-fedora-gcc 1.1 36.31 NOTE --no-stop-on-test-error
r-devel-windows-ix86+x86_64 1.1 8.00 57.00 65.00 OK
r-patched-linux-x86_64 1.1 0.95 20.11 21.06 NOTE
r-patched-solaris-sparc 1.1 250.30 OK
r-patched-solaris-x86 1.1 47.20 OK
r-release-linux-x86_64 1.1 0.99 20.79 21.78 NOTE
r-release-windows-ix86+x86_64 1.1 7.00 50.00 57.00 OK
r-release-osx-x86_64 1.1 OK
r-oldrel-windows-ix86+x86_64 1.1 5.00 57.00 62.00 OK
r-oldrel-osx-x86_64 1.1 OK

Check Details

Version: 1.1
Check: compiled code
Result: NOTE
    File ‘Tinflex/libs/Tinflex.so’:
     Found no calls to: ‘R_registerRoutines’, ‘R_useDynamicSymbols’
    
    It is good practice to register native routines and to disable symbol
    search.
    
    See ‘Writing portable packages’ in the ‘Writing R Extensions’ manual.
Flavors: r-devel-linux-x86_64-debian-clang, r-devel-linux-x86_64-debian-gcc, r-patched-linux-x86_64, r-release-linux-x86_64

Version: 1.1
Flags: --no-stop-on-test-error
Check: compiled code
Result: NOTE
    File ‘Tinflex/libs/Tinflex.so’:
     Found no calls to: ‘R_registerRoutines’, ‘R_useDynamicSymbols’
    
    It is good practice to register native routines and to disable symbol
    search.
    
    See ‘Writing portable packages’ in the ‘Writing R Extensions’ manual.
Flavors: r-devel-linux-x86_64-fedora-clang, r-devel-linux-x86_64-fedora-gcc