CRAN Package Check Results for Package Tinflex

Last updated on 2017-02-19 14:52:27.

Flavor Version Tinstall Tcheck Ttotal Status Flags
r-devel-linux-x86_64-debian-clang 1.1 1.00 19.51 20.50 NOTE
r-devel-linux-x86_64-debian-gcc 1.1 1.07 19.97 21.03 NOTE
r-devel-linux-x86_64-fedora-clang 1.1 37.23 NOTE --no-stop-on-test-error
r-devel-linux-x86_64-fedora-gcc 1.1 36.91 NOTE --no-stop-on-test-error
r-devel-macos-x86_64-clang 1.1 30.52 NOTE --no-stop-on-test-error
r-devel-windows-ix86+x86_64 1.1 5.00 68.00 73.00 OK
r-patched-linux-x86_64 1.1 0.98 18.82 19.81 OK
r-patched-solaris-sparc 1.1 260.70 OK
r-patched-solaris-x86 1.1 44.10 OK
r-release-linux-x86_64 1.1 1.04 19.12 20.17 OK
r-release-osx-x86_64-mavericks 1.1 OK
r-release-windows-ix86+x86_64 1.1 4.00 54.00 58.00 OK
r-oldrel-windows-ix86+x86_64 1.1 11.00 69.00 80.00 OK

Check Details

Version: 1.1
Check: compiled code
Result: NOTE
    File ‘Tinflex/libs/Tinflex.so’:
     Found no calls to: ‘R_registerRoutines’, ‘R_useDynamicSymbols’
    
    It is good practice to register native routines and to disable symbol
    search.
    
    See ‘Writing portable packages’ in the ‘Writing R Extensions’ manual.
Flavors: r-devel-linux-x86_64-debian-clang, r-devel-linux-x86_64-debian-gcc

Version: 1.1
Flags: --no-stop-on-test-error
Check: compiled code
Result: NOTE
    File ‘Tinflex/libs/Tinflex.so’:
     Found no calls to: ‘R_registerRoutines’, ‘R_useDynamicSymbols’
    
    It is good practice to register native routines and to disable symbol
    search.
    
    See ‘Writing portable packages’ in the ‘Writing R Extensions’ manual.
Flavors: r-devel-linux-x86_64-fedora-clang, r-devel-linux-x86_64-fedora-gcc, r-devel-macos-x86_64-clang