CRAN Package Check Results for Package Tinflex

Last updated on 2015-07-08 05:48:02.

Flavor Version Tinstall Tcheck Ttotal Status Flags
r-devel-linux-x86_64-debian-clang 1.0 0.90 18.19 19.09 NOTE
r-devel-linux-x86_64-debian-gcc 1.0 0.90 17.76 18.66 NOTE
r-devel-linux-x86_64-fedora-clang 1.0 37.34 NOTE
r-devel-linux-x86_64-fedora-gcc 1.0 33.24 NOTE
r-devel-osx-x86_64-clang 1.0 33.32 OK
r-devel-windows-ix86+x86_64 1.0 8.00 47.00 55.00 NOTE
r-patched-linux-x86_64 1.0 0.88 18.30 19.18 OK
r-patched-solaris-sparc 1.0 275.00 OK
r-patched-solaris-x86 1.0 50.40 OK
r-release-linux-x86_64 1.0 0.88 18.45 19.33 OK
r-release-osx-x86_64-mavericks 1.0 OK
r-release-windows-ix86+x86_64 1.0 7.00 50.00 57.00 OK
r-oldrel-windows-ix86+x86_64 1.0 5.00 71.00 76.00 OK

Check Details

Version: 1.0
Check: R code for possible problems
Result: NOTE
    Tinflex.sample.R: no visible global function definition for ‘runif’
    plot.Tinflex: no visible global function definition for ‘plot’
    plot.Tinflex: no visible global function definition for ‘lines’
    Undefined global functions or variables:
     lines plot runif
Flavors: r-devel-linux-x86_64-debian-clang, r-devel-linux-x86_64-debian-gcc, r-devel-linux-x86_64-fedora-clang, r-devel-linux-x86_64-fedora-gcc, r-devel-windows-ix86+x86_64