CRAN Package Check Results for Package Tinflex

Last updated on 2017-03-23 15:49:01.

Flavor Version Tinstall Tcheck Ttotal Status Flags
r-devel-linux-x86_64-debian-clang 1.1 1.12 19.85 20.97 NOTE
r-devel-linux-x86_64-debian-gcc 1.1 1.03 19.53 20.56 NOTE
r-devel-linux-x86_64-fedora-clang 1.1 37.45 NOTE --no-stop-on-test-error
r-devel-linux-x86_64-fedora-gcc 1.1 36.41 NOTE --no-stop-on-test-error
r-devel-macos-x86_64-clang 1.1 30.06 NOTE --no-stop-on-test-error
r-devel-windows-ix86+x86_64 1.1 6.00 85.00 91.00 OK
r-patched-linux-x86_64 1.1 0.93 18.74 19.67 OK
r-patched-solaris-sparc 1.1 250.30 OK
r-patched-solaris-x86 1.1 48.40 OK
r-release-linux-x86_64 1.1 0.93 19.07 20.01 OK
r-release-osx-x86_64-mavericks 1.1 OK
r-release-windows-ix86+x86_64 1.1 17.00 58.00 75.00 OK
r-oldrel-windows-ix86+x86_64 1.1 9.00 68.00 77.00 OK

Check Details

Version: 1.1
Check: compiled code
Result: NOTE
    File ‘Tinflex/libs/Tinflex.so’:
     Found no calls to: ‘R_registerRoutines’, ‘R_useDynamicSymbols’
    
    It is good practice to register native routines and to disable symbol
    search.
    
    See ‘Writing portable packages’ in the ‘Writing R Extensions’ manual.
Flavors: r-devel-linux-x86_64-debian-clang, r-devel-linux-x86_64-debian-gcc

Version: 1.1
Flags: --no-stop-on-test-error
Check: compiled code
Result: NOTE
    File ‘Tinflex/libs/Tinflex.so’:
     Found no calls to: ‘R_registerRoutines’, ‘R_useDynamicSymbols’
    
    It is good practice to register native routines and to disable symbol
    search.
    
    See ‘Writing portable packages’ in the ‘Writing R Extensions’ manual.
Flavors: r-devel-linux-x86_64-fedora-clang, r-devel-linux-x86_64-fedora-gcc, r-devel-macos-x86_64-clang