CRAN Package Check Results for Package Tinflex

Last updated on 2017-01-16 22:55:33.

Flavor Version Tinstall Tcheck Ttotal Status Flags
r-devel-linux-x86_64-debian-clang 1.1 1.02 20.13 21.16 OK
r-devel-linux-x86_64-debian-gcc 1.1 1.02 19.81 20.83 OK
r-devel-linux-x86_64-fedora-clang 1.1 37.58 OK --no-stop-on-test-error
r-devel-linux-x86_64-fedora-gcc 1.1 36.40 NOTE --no-stop-on-test-error
r-devel-macos-x86_64-clang 1.1 29.93 OK --no-stop-on-test-error
r-devel-windows-ix86+x86_64 1.1 11.00 57.00 68.00 OK
r-patched-linux-x86_64 1.1 0.90 19.07 19.98 OK
r-patched-solaris-sparc 1.1 260.70 OK
r-patched-solaris-x86 1.1 45.20 OK
r-release-linux-x86_64 1.1 0.97 18.86 19.83 OK
r-release-osx-x86_64-mavericks 1.1 OK
r-release-windows-ix86+x86_64 1.1 8.00 70.00 78.00 OK
r-oldrel-windows-ix86+x86_64 1.1 6.00 69.00 75.00 OK

Check Details

Version: 1.1
Flags: --no-stop-on-test-error
Check: compiled code
Result: NOTE
    File ‘Tinflex/libs/Tinflex.so’:
     Found no calls to: ‘R_registerRoutines’, ‘R_useDynamicSymbols’
    
    It is good practice to use registered native symbols and disable symbol
    search.
    
    See ‘Writing portable packages’ in the ‘Writing R Extensions’ manual.
Flavor: r-devel-linux-x86_64-fedora-gcc