CRAN Package Check Results for Package TopKLists

Last updated on 2020-10-01 20:47:42 CEST.

Flavor Version Tinstall Tcheck Ttotal Status Flags
r-devel-linux-x86_64-debian-clang 1.0.7 14.57 185.00 199.57 OK
r-devel-linux-x86_64-debian-gcc 1.0.7 10.56 151.38 161.94 OK
r-devel-linux-x86_64-fedora-clang 1.0.7 256.64 OK
r-devel-linux-x86_64-fedora-gcc 1.0.7 245.76 OK
r-devel-windows-ix86+x86_64 1.0.7 33.00 266.00 299.00 OK
r-patched-linux-x86_64 1.0.7 8.60 186.16 194.76 OK
r-patched-solaris-x86 1.0.7 425.00 OK
r-release-linux-x86_64 1.0.7 10.43 186.17 196.60 OK
r-release-macos-x86_64 1.0.7 OK
r-release-windows-ix86+x86_64 1.0.7 33.00 272.00 305.00 OK
r-oldrel-macos-x86_64 1.0.7 NOTE
r-oldrel-windows-ix86+x86_64 1.0.7 28.00 261.00 289.00 OK

Check Details

Version: 1.0.7
Check: package dependencies
Result: NOTE
    Package suggested but not available for checking: ‘gWidgets2RGtk2’
Flavor: r-oldrel-macos-x86_64

Version: 1.0.7
Check: dependencies in R code
Result: NOTE
    No protocol specified
Flavor: r-oldrel-macos-x86_64