CRAN Package Check Results for Package TopKLists

Last updated on 2018-10-16 11:48:46 CEST.

Flavor Version Tinstall Tcheck Ttotal Status Flags
r-devel-linux-x86_64-debian-clang 1.0.6 9.32 176.90 186.22 OK
r-devel-linux-x86_64-debian-gcc 1.0.6 7.66 144.62 152.28 OK
r-devel-linux-x86_64-fedora-clang 1.0.6 219.54 NOTE
r-devel-linux-x86_64-fedora-gcc 1.0.6 231.36 NOTE
r-devel-windows-ix86+x86_64 1.0.6 28.00 299.00 327.00 OK
r-patched-linux-x86_64 1.0.6 7.50 167.69 175.19 OK
r-patched-solaris-x86 1.0.6 379.90 OK
r-release-linux-x86_64 1.0.6 7.92 169.38 177.30 OK
r-release-windows-ix86+x86_64 1.0.6 24.00 276.00 300.00 OK
r-release-osx-x86_64 1.0.6 NOTE
r-oldrel-windows-ix86+x86_64 1.0.6 28.00 294.00 322.00 OK
r-oldrel-osx-x86_64 1.0.6 NOTE

Check Details

Version: 1.0.6
Check: compiled code
Result: NOTE
    File ‘TopKLists/libs/TopKLists.so’:
     Found no calls to: ‘R_registerRoutines’, ‘R_useDynamicSymbols’
    
    It is good practice to register native routines and to disable symbol
    search.
    
    See ‘Writing portable packages’ in the ‘Writing R Extensions’ manual.
Flavors: r-devel-linux-x86_64-fedora-clang, r-devel-linux-x86_64-fedora-gcc

Version: 1.0.6
Check: package dependencies
Result: NOTE
    Packages suggested but not available for checking: ‘RGtk2’ ‘gWidgetsRGtk2’
Flavors: r-release-osx-x86_64, r-oldrel-osx-x86_64