CRAN Package Check Results for Package TopKLists

Last updated on 2020-07-16 15:49:58 CEST.

Flavor Version Tinstall Tcheck Ttotal Status Flags
r-devel-linux-x86_64-debian-clang 1.0.7 15.41 179.29 194.70 OK
r-devel-linux-x86_64-debian-gcc 1.0.7 11.09 144.40 155.49 OK
r-devel-linux-x86_64-fedora-clang 1.0.7 238.07 OK
r-devel-linux-x86_64-fedora-gcc 1.0.7 258.93 OK
r-devel-windows-ix86+x86_64 1.0.7 45.00 249.00 294.00 OK
r-patched-linux-x86_64 1.0.7 9.89 183.71 193.60 OK
r-patched-solaris-x86 1.0.7 430.70 OK
r-release-linux-x86_64 1.0.7 12.08 183.70 195.78 OK
r-release-windows-ix86+x86_64 1.0.7 47.00 311.00 358.00 OK
r-oldrel-macos-x86_64 1.0.7 NOTE
r-oldrel-windows-ix86+x86_64 1.0.7 54.00 300.00 354.00 OK

Check Details

Version: 1.0.7
Check: package dependencies
Result: NOTE
    Package suggested but not available for checking: ‘gWidgets2RGtk2’
Flavor: r-oldrel-macos-x86_64

Version: 1.0.7
Check: dependencies in R code
Result: NOTE
    No protocol specified
Flavor: r-oldrel-macos-x86_64