CRAN Package Check Results for Package TopKLists

Last updated on 2018-06-22 20:47:22 CEST.

Flavor Version Tinstall Tcheck Ttotal Status Flags
r-devel-linux-x86_64-debian-clang 1.0.6 6.96 171.26 178.22 NOTE
r-devel-linux-x86_64-debian-gcc 1.0.6 7.45 140.46 147.91 NOTE
r-devel-linux-x86_64-fedora-clang 1.0.6 212.28 NOTE
r-devel-linux-x86_64-fedora-gcc 1.0.6 219.98 NOTE
r-devel-windows-ix86+x86_64 1.0.6 20.00 200.00 220.00 OK
r-patched-linux-x86_64 1.0.6 9.14 166.69 175.83 NOTE
r-patched-solaris-x86 1.0.6 365.10 OK
r-release-linux-x86_64 1.0.6 8.63 166.79 175.42 NOTE
r-release-windows-ix86+x86_64 1.0.6 16.00 203.00 219.00 OK
r-release-osx-x86_64 1.0.6 NOTE
r-oldrel-windows-ix86+x86_64 1.0.6 14.00 197.00 211.00 OK
r-oldrel-osx-x86_64 1.0.6 NOTE

Check Details

Version: 1.0.6
Check: compiled code
Result: NOTE
    File ‘TopKLists/libs/TopKLists.so’:
     Found no calls to: ‘R_registerRoutines’, ‘R_useDynamicSymbols’
    
    It is good practice to register native routines and to disable symbol
    search.
    
    See ‘Writing portable packages’ in the ‘Writing R Extensions’ manual.
Flavors: r-devel-linux-x86_64-debian-clang, r-devel-linux-x86_64-debian-gcc, r-devel-linux-x86_64-fedora-clang, r-devel-linux-x86_64-fedora-gcc, r-patched-linux-x86_64, r-release-linux-x86_64

Version: 1.0.6
Check: package dependencies
Result: NOTE
    Packages suggested but not available for checking: ‘RGtk2’ ‘gWidgetsRGtk2’
Flavors: r-release-osx-x86_64, r-oldrel-osx-x86_64