CRAN Package Check Results for Package TopKLists

Last updated on 2019-05-24 13:48:44 CEST.

Flavor Version Tinstall Tcheck Ttotal Status Flags
r-devel-linux-x86_64-debian-clang 1.0.6 11.86 170.10 181.96 OK
r-devel-linux-x86_64-debian-gcc 1.0.6 9.22 140.00 149.22 OK
r-devel-linux-x86_64-fedora-clang 1.0.6 212.28 NOTE
r-devel-linux-x86_64-fedora-gcc 1.0.6 223.89 NOTE
r-devel-windows-ix86+x86_64 1.0.6 26.00 234.00 260.00 OK
r-patched-linux-x86_64 1.0.6 12.01 177.72 189.73 OK
r-patched-solaris-x86 1.0.6 400.80 OK
r-release-linux-x86_64 1.0.6 10.27 179.02 189.29 OK
r-release-windows-ix86+x86_64 1.0.6 42.00 301.00 343.00 OK
r-release-osx-x86_64 1.0.6 NOTE
r-oldrel-windows-ix86+x86_64 1.0.6 27.00 218.00 245.00 OK
r-oldrel-osx-x86_64 1.0.6 NOTE

Check Details

Version: 1.0.6
Check: compiled code
Result: NOTE
    File ‘TopKLists/libs/TopKLists.so’:
     Found no calls to: ‘R_registerRoutines’, ‘R_useDynamicSymbols’
    
    It is good practice to register native routines and to disable symbol
    search.
    
    See ‘Writing portable packages’ in the ‘Writing R Extensions’ manual.
Flavors: r-devel-linux-x86_64-fedora-clang, r-devel-linux-x86_64-fedora-gcc

Version: 1.0.6
Check: package dependencies
Result: NOTE
    Packages suggested but not available for checking: 'RGtk2', 'gWidgetsRGtk2'
Flavor: r-release-osx-x86_64

Version: 1.0.6
Check: package dependencies
Result: NOTE
    Packages suggested but not available for checking: ‘RGtk2’ ‘gWidgetsRGtk2’
Flavor: r-oldrel-osx-x86_64