CRAN Package Check Results for Package TopKLists

Last updated on 2019-02-18 09:49:14 CET.

Flavor Version Tinstall Tcheck Ttotal Status Flags
r-devel-linux-x86_64-debian-clang 1.0.6 9.85 170.65 180.50 OK
r-devel-linux-x86_64-debian-gcc 1.0.6 7.14 144.17 151.31 OK
r-devel-linux-x86_64-fedora-clang 1.0.6 215.73 NOTE
r-devel-linux-x86_64-fedora-gcc 1.0.6 217.88 NOTE
r-devel-windows-ix86+x86_64 1.0.6 27.00 211.00 238.00 OK
r-patched-linux-x86_64 1.0.6 7.13 173.35 180.48 OK
r-patched-solaris-x86 1.0.6 380.10 OK
r-release-linux-x86_64 1.0.6 OK
r-release-windows-ix86+x86_64 1.0.6 18.00 203.00 221.00 OK
r-release-osx-x86_64 1.0.6 NOTE
r-oldrel-windows-ix86+x86_64 1.0.6 17.00 230.00 247.00 OK
r-oldrel-osx-x86_64 1.0.6 NOTE

Check Details

Version: 1.0.6
Check: compiled code
Result: NOTE
    File ‘TopKLists/libs/TopKLists.so’:
     Found no calls to: ‘R_registerRoutines’, ‘R_useDynamicSymbols’
    
    It is good practice to register native routines and to disable symbol
    search.
    
    See ‘Writing portable packages’ in the ‘Writing R Extensions’ manual.
Flavors: r-devel-linux-x86_64-fedora-clang, r-devel-linux-x86_64-fedora-gcc

Version: 1.0.6
Check: package dependencies
Result: NOTE
    Packages suggested but not available for checking: ‘RGtk2’ ‘gWidgetsRGtk2’
Flavors: r-release-osx-x86_64, r-oldrel-osx-x86_64