CRAN Package Check Results for Package TopKLists

Last updated on 2017-08-19 04:47:08.

Flavor Version Tinstall Tcheck Ttotal Status Flags
r-devel-linux-x86_64-debian-clang 1.0.6 4.08 104.59 108.66 NOTE
r-devel-linux-x86_64-debian-gcc 1.0.6 4.17 109.59 113.76 NOTE
r-devel-linux-x86_64-fedora-clang 1.0.6 207.10 NOTE
r-devel-linux-x86_64-fedora-gcc 1.0.6 226.06 NOTE
r-devel-windows-ix86+x86_64 1.0.6 16.00 193.00 209.00 OK
r-patched-linux-x86_64 1.0.6 4.11 111.82 115.93 NOTE
r-patched-solaris-x86 1.0.6 326.90 OK
r-release-linux-x86_64 1.0.6 4.68 114.76 119.44 NOTE
r-release-windows-ix86+x86_64 1.0.6 24.00 205.00 229.00 OK
r-release-osx-x86_64 1.0.6 NOTE
r-oldrel-windows-ix86+x86_64 1.0.6 15.00 246.00 261.00 OK
r-oldrel-osx-x86_64 1.0.6 NOTE

Check Details

Version: 1.0.6
Check: compiled code
Result: NOTE
    File ‘TopKLists/libs/TopKLists.so’:
     Found no calls to: ‘R_registerRoutines’, ‘R_useDynamicSymbols’
    
    It is good practice to register native routines and to disable symbol
    search.
    
    See ‘Writing portable packages’ in the ‘Writing R Extensions’ manual.
Flavors: r-devel-linux-x86_64-debian-clang, r-devel-linux-x86_64-debian-gcc, r-devel-linux-x86_64-fedora-clang, r-devel-linux-x86_64-fedora-gcc, r-patched-linux-x86_64, r-release-linux-x86_64

Version: 1.0.6
Check: package dependencies
Result: NOTE
    Packages suggested but not available for checking: ‘RGtk2’ ‘gWidgetsRGtk2’
Flavor: r-release-osx-x86_64

Version: 1.0.6
Check: dependencies in R code
Result: NOTE
    Invalid MIT-MAGIC-COOKIE-1 key
Flavor: r-oldrel-osx-x86_64