CRAN Package Check Results for Package TopKLists

Last updated on 2017-06-28 23:55:44.

Flavor Version Tinstall Tcheck Ttotal Status Flags
r-devel-linux-x86_64-debian-clang 1.0.6 3.97 102.61 106.58 NOTE
r-devel-linux-x86_64-debian-gcc 1.0.6 4.22 123.01 127.23 NOTE
r-devel-linux-x86_64-fedora-clang 1.0.6 210.33 NOTE
r-devel-linux-x86_64-fedora-gcc 1.0.6 225.07 NOTE
r-devel-windows-ix86+x86_64 1.0.6 16.00 212.00 228.00 OK
r-patched-linux-x86_64 1.0.6 4.03 109.49 113.52 NOTE
r-patched-solaris-sparc 1.0.6 1392.00 OK
r-patched-solaris-x86 1.0.6 320.30 OK
r-release-linux-x86_64 1.0.6 3.96 108.47 112.44 NOTE
r-release-windows-ix86+x86_64 1.0.6 18.00 262.00 280.00 OK
r-release-osx-x86_64 1.0.6 NOTE
r-oldrel-windows-ix86+x86_64 1.0.6 22.00 256.00 278.00 OK
r-oldrel-osx-x86_64 1.0.6 NOTE

Check Details

Version: 1.0.6
Check: compiled code
Result: NOTE
    File ‘TopKLists/libs/TopKLists.so’:
     Found no calls to: ‘R_registerRoutines’, ‘R_useDynamicSymbols’
    
    It is good practice to register native routines and to disable symbol
    search.
    
    See ‘Writing portable packages’ in the ‘Writing R Extensions’ manual.
Flavors: r-devel-linux-x86_64-debian-clang, r-devel-linux-x86_64-debian-gcc, r-devel-linux-x86_64-fedora-clang, r-devel-linux-x86_64-fedora-gcc, r-patched-linux-x86_64, r-release-linux-x86_64

Version: 1.0.6
Check: package dependencies
Result: NOTE
    Packages suggested but not available for checking: ‘RGtk2’ ‘gWidgetsRGtk2’
Flavor: r-release-osx-x86_64

Version: 1.0.6
Check: dependencies in R code
Result: NOTE
    Invalid MIT-MAGIC-COOKIE-1 key
Flavor: r-oldrel-osx-x86_64