CRAN Package Check Results for Package TopKSignal

Last updated on 2024-06-16 06:59:01 CEST.

Flavor Version Tinstall Tcheck Ttotal Status Flags
r-devel-linux-x86_64-debian-clang 1.0 13.14 109.07 122.21 NOTE
r-devel-linux-x86_64-debian-gcc 1.0 8.95 80.79 89.74 NOTE
r-devel-linux-x86_64-fedora-clang 1.0 150.89 NOTE
r-devel-linux-x86_64-fedora-gcc 1.0 151.96 NOTE
r-devel-windows-x86_64 1.0 10.00 90.00 100.00 NOTE
r-patched-linux-x86_64 1.0 7.34 101.19 108.53 NOTE
r-release-linux-x86_64 1.0 8.16 102.14 110.30 NOTE
r-release-macos-arm64 1.0 50.00 NOTE
r-release-macos-x86_64 1.0 71.00 NOTE
r-release-windows-x86_64 1.0 11.00 95.00 106.00 NOTE
r-oldrel-macos-arm64 1.0 44.00 NOTE
r-oldrel-macos-x86_64 1.0 119.00 NOTE
r-oldrel-windows-x86_64 1.0 14.00 109.00 123.00 NOTE

Check Details

Version: 1.0
Check: package dependencies
Result: NOTE Package suggested but not available for checking: ‘gurobi’ Flavors: r-devel-linux-x86_64-debian-clang, r-devel-linux-x86_64-debian-gcc, r-devel-linux-x86_64-fedora-clang, r-devel-linux-x86_64-fedora-gcc, r-devel-windows-x86_64, r-patched-linux-x86_64, r-release-linux-x86_64, r-release-macos-arm64, r-release-macos-x86_64, r-release-windows-x86_64, r-oldrel-macos-arm64, r-oldrel-macos-x86_64, r-oldrel-windows-x86_64