CRAN Package Check Results for Package TraMineR

Last updated on 2017-03-25 06:48:21.

Flavor Version Tinstall Tcheck Ttotal Status Flags
r-devel-linux-x86_64-debian-clang 1.8-13 11.37 138.98 150.35 NOTE
r-devel-linux-x86_64-debian-gcc 1.8-13 10.32 130.91 141.23 NOTE
r-devel-linux-x86_64-fedora-clang 1.8-13 291.58 NOTE --no-stop-on-test-error
r-devel-linux-x86_64-fedora-gcc 1.8-13 281.34 NOTE --no-stop-on-test-error
r-devel-macos-x86_64-clang 1.8-13 230.40 NOTE --no-stop-on-test-error
r-devel-windows-ix86+x86_64 1.8-13 48.00 245.00 293.00 OK
r-patched-linux-x86_64 1.8-13 9.37 130.50 139.88 OK
r-patched-solaris-sparc 1.8-13 1812.50 OK
r-patched-solaris-x86 1.8-13 384.50 OK
r-release-linux-x86_64 1.8-13 9.99 125.95 135.94 OK
r-release-osx-x86_64-mavericks 1.8-13 NOTE
r-release-windows-ix86+x86_64 1.8-13 70.00 249.00 319.00 OK
r-oldrel-windows-ix86+x86_64 1.8-13 43.00 409.00 452.00 OK

Memtest notes: valgrind

Check Details

Version: 1.8-13
Check: compiled code
Result: NOTE
    File ‘TraMineR/libs/TraMineR.so’:
     Found no calls to: ‘R_registerRoutines’, ‘R_useDynamicSymbols’
    
    It is good practice to register native routines and to disable symbol
    search.
    
    See ‘Writing portable packages’ in the ‘Writing R Extensions’ manual.
Flavors: r-devel-linux-x86_64-debian-clang, r-devel-linux-x86_64-debian-gcc

Version: 1.8-13
Flags: --no-stop-on-test-error
Check: compiled code
Result: NOTE
    File ‘TraMineR/libs/TraMineR.so’:
     Found no calls to: ‘R_registerRoutines’, ‘R_useDynamicSymbols’
    
    It is good practice to register native routines and to disable symbol
    search.
    
    See ‘Writing portable packages’ in the ‘Writing R Extensions’ manual.
Flavors: r-devel-linux-x86_64-fedora-clang, r-devel-linux-x86_64-fedora-gcc, r-devel-macos-x86_64-clang

Version: 1.8-13
Check: re-building of vignette outputs
Result: NOTE
    Error in re-building vignettes:
     ...
    Error in texi2dvi(file = file, pdf = TRUE, clean = clean, quiet = quiet, :
     Running 'texi2dvi' on 'TraMineR-state-sequence.tex' failed.
    LaTeX errors:
    ! Undefined control sequence.
    l.15 x<c2><9c>í\Ï
     k^^[×^^V>^^]÷áêE<c2><99>ñÅ}&ÏA<c2><96>28´`#»^^Hº(¸rÀÝt<c2><91><c2><9d>ÿ<c2><85>nJ¡Yµ<c2><9b><c2><96>.^^J
    The control sequence at the end of the top line
    of your error message was never \def'ed. If you have
    ! LaTeX Error: Missing \begin{document}.
    
    See the LaTeX manual or LaTeX Companion for explanation.
    Type H <return> for immediate help.
     ...
    ! Missing $ inserted.
    <inserted text>
     $
    l.18 ...l4^^Z<c2><89>DBJùÝwßÝ¿^^?_^^H<c2><81>.¼-<c2><96>eMNNîXVrr2pÝ×<c2><88>^
     O$î<c2><99>æa^^Táú©óo³{<c2><81>ë^^RÑ^^[B...
    ! Please use \mathaccent for accents in math mode.
    \add@accent ...@spacefactor \spacefactor }\accent
     #1 #2\egroup \spacefactor ...
    l.23 ^^G^^G^^GRÊ<c2><9b>7oÎÌÌ^^X<c2><86>qæÌ<c2><99>z½n^^X^^F|ù<c2><95><c2><95><c2><95>\.w
    
    Calls: buildVignettes -> texi2pdf -> texi2dvi
    Execution halted
Flavor: r-release-osx-x86_64-mavericks