CRAN Package Check Results for Package TraMineR

Last updated on 2017-10-23 11:48:49.

Flavor Version Tinstall Tcheck Ttotal Status Flags
r-devel-linux-x86_64-debian-clang 2.0-7 12.57 136.05 148.61 OK
r-devel-linux-x86_64-debian-gcc 2.0-7 12.97 145.87 158.83 OK
r-devel-linux-x86_64-fedora-clang 2.0-7 302.70 OK
r-devel-linux-x86_64-fedora-gcc 2.0-7 304.64 OK
r-devel-windows-ix86+x86_64 2.0-7 76.00 266.00 342.00 OK
r-patched-linux-x86_64 2.0-7 11.87 134.42 146.29 OK
r-patched-solaris-x86 2.0-7 380.40 OK
r-release-linux-x86_64 2.0-7 11.96 133.52 145.47 OK
r-release-windows-ix86+x86_64 2.0-7 79.00 254.00 333.00 OK
r-release-osx-x86_64 2.0-7 NOTE
r-oldrel-windows-ix86+x86_64 2.0-7 51.00 243.00 294.00 OK
r-oldrel-osx-x86_64 2.0-7 NOTE

Additional issues

rchk

Check Details

Version: 2.0-7
Check: re-building of vignette outputs
Result: NOTE
    Error in re-building vignettes:
     ...
     [>] max. distance: 139.84
     [>] neighborhood radius: 13.98
     [>] 4 representative(s) selected, coverage=39% (threshold=35%)
     [>] 148 distinct sequence(s)
     [>] number of objects (sum of weights): 99.22
     [>] max. distance: 139.84
     [>] neighborhood radius: 13.98
     [>] 5 representative(s) selected, coverage=38% (threshold=35%)
     [>] 89 distinct sequence(s)
    Error in texi2dvi(file = file, pdf = TRUE, clean = clean, quiet = quiet, :
     Running 'texi2dvi' on 'TraMineR-state-sequence.tex' failed.
    LaTeX errors:
    ! LaTeX Error: File `subfigure.sty' not found.
    
    Type X to quit or <RETURN> to proceed,
    or enter new name. (Default extension: sty)
    
    ! Emergency stop.
    <read *>
    
    l.77 \usepackage
     {afterpage}^^M
    ! ==> Fatal error occurred, no output PDF file produced!
    Calls: buildVignettes -> texi2pdf -> texi2dvi
    Execution halted
Flavor: r-release-osx-x86_64

Version: 2.0-7
Check: re-building of vignette outputs
Result: NOTE
    Error in re-building vignettes:
     ...
     [>] max. distance: 139.84
     [>] neighborhood radius: 13.98
     [>] 1 representative(s) selected, coverage=46% (threshold=35%)
     [>] 88 distinct sequence(s)
     [>] number of objects (sum of weights): 196.82
     [>] max. distance: 139.84
     [>] neighborhood radius: 13.98
     [>] 4 representative(s) selected, coverage=39% (threshold=35%)
     [>] 148 distinct sequence(s)
     [>] number of objects (sum of weights): 99.22
     [>] max. distance: 139.84
     [>] neighborhood radius: 13.98
     [>] 5 representative(s) selected, coverage=38% (threshold=35%)
     [>] 89 distinct sequence(s)
    Warning in readLines(log, warn = FALSE) :
     invalid input found on input connection 'TraMineR-state-sequence.log'
    Warning in readLines(con, warn = FALSE) :
     invalid input found on input connection 'TraMineR-state-sequence.log'
    Error in texi2dvi(file = file, pdf = TRUE, clean = clean, quiet = quiet, :
     Running 'texi2dvi' on 'TraMineR-state-sequence.tex' failed.
    LaTeX errors:
    ! Undefined control sequence.
    l.15 x
    Calls: buildVignettes -> texi2pdf -> texi2dvi
    Execution halted
Flavor: r-oldrel-osx-x86_64