CRAN Package Check Results for Package TraMineR

Last updated on 2014-04-24 15:50:50.

Flavor Version Tinstall Tcheck Ttotal Status Flags
r-devel-linux-x86_64-debian-clang 1.8-8 5.94 113.88 119.81 OK
r-devel-linux-x86_64-debian-gcc 1.8-8 6.78 111.40 118.17 OK
r-devel-linux-x86_64-fedora-clang 1.8-8 244.57 OK
r-devel-linux-x86_64-fedora-gcc 1.8-8 234.59 OK
r-devel-osx-x86_64-clang 1.8-8 205.87 OK
r-devel-osx-x86_64-gcc 1.8-8 OK
r-devel-windows-ix86+x86_64 1.8-8 31.00 180.00 211.00 OK
r-patched-linux-x86_64 1.8-8 6.83 113.38 120.21 OK
r-patched-solaris-sparc 1.8-8 1638.90 OK
r-patched-solaris-x86 1.8-8 322.70 OK
r-release-linux-ix86 1.8-8 12.00 176.00 188.00 OK
r-release-linux-x86_64 1.8-8 6.86 115.31 122.17 OK
r-release-osx-x86_64-mavericks 1.8-8 WARN
r-release-osx-x86_64-snowleopard 1.8-8 OK
r-release-windows-ix86+x86_64 1.8-8 34.00 193.00 227.00 OK
r-oldrel-windows-ix86+x86_64 1.8-8 35.00 211.00 246.00 OK

Memtest notes: valgrind

Check Details

Version: 1.8-8
Check: re-building of vignette outputs
Result: NOTE
    Error in re-building vignettes:
     ...
     [>] neighborhood radius: 13.98
     [>] 1 representative(s) selected, coverage=46% (threshold=35%)
     [>] 88 distinct sequence(s)
     [>] number of objects (sum of weights): 196.82
     [>] max. distance: 139.84
     [>] neighborhood radius: 13.98
     [>] 4 representative(s) selected, coverage=39% (threshold=35%)
     [>] 148 distinct sequence(s)
     [>] number of objects (sum of weights): 99.22
     [>] max. distance: 139.84
     [>] neighborhood radius: 13.98
     [>] 5 representative(s) selected, coverage=38% (threshold=35%)
     [>] 89 distinct sequence(s)
    Error in texi2dvi(file = file, pdf = TRUE, clean = clean, quiet = quiet, :
     Running 'texi2dvi' on 'TraMineR-state-sequence.tex' failed.
    LaTeX errors:
    ! LaTeX Error: File `subfigure.sty' not found.
    
    Type X to quit or <RETURN> to proceed,
    or enter new name. (Default extension: sty)
    
    n_test/TraMineR/vignettes/TraMineR-state-sequence.tex:78: ==> Fatal error occu
    rred, no output PDF file produced!
    Calls: buildVignettes -> texi2pdf -> texi2dvi
    Execution halted
Flavor: r-release-osx-x86_64-mavericks

Version: 1.8-8
Check: PDF version of manual
Result: WARNING
    LaTeX errors when creating PDF version.
    This typically indicates Rd problems.
    LaTeX errors found:
    ! LaTeX Error: File `upquote.sty' not found.
    
    Type X to quit or <RETURN> to proceed,
    or enter new name. (Default extension: sty)
    
    1c4a555b/Rd2.tex:8: ==> Fatal error occurred, no output PDF file produced!
Flavor: r-release-osx-x86_64-mavericks