CRAN Package Check Results for Package TraMineR

Last updated on 2016-07-01 23:47:40.

Flavor Version Tinstall Tcheck Ttotal Status Flags
r-devel-linux-x86_64-debian-gcc 1.8-12 13.63 130.75 144.38 OK
r-devel-linux-x86_64-fedora-clang 1.8-12 257.94 OK
r-devel-linux-x86_64-fedora-gcc 1.8-12 239.07 OK
r-devel-osx-x86_64-clang 1.8-12 208.52 OK
r-devel-windows-ix86+x86_64 1.8-12 36.00 242.00 278.00 OK
r-patched-linux-x86_64 1.8-12 12.70 135.58 148.28 OK
r-patched-solaris-sparc 1.8-12 1574.10 OK
r-patched-solaris-x86 1.8-12 331.50 OK
r-release-linux-x86_64 1.8-12 10.56 126.08 136.64 OK
r-release-osx-x86_64-mavericks 1.8-12 NOTE
r-release-windows-ix86+x86_64 1.8-12 54.00 260.00 314.00 OK
r-oldrel-windows-ix86+x86_64 1.8-12 44.00 279.00 323.00 OK

Memtest notes: valgrind

Check Details

Version: 1.8-12
Check: re-building of vignette outputs
Result: NOTE
    Error in re-building vignettes:
     ...
    Error in texi2dvi(file = file, pdf = TRUE, clean = clean, quiet = quiet, :
     Running 'texi2dvi' on 'TraMineR-state-sequence.tex' failed.
    LaTeX errors:
    ! Undefined control sequence.
    l.15 x<c2><9c>í\Ï
     k^^[×^^V>^^]÷áêE<c2><99>ñÅ}&ÏA<c2><96>28´`#»^^Hº(¸rÀÝt<c2><91><c2><9d>ÿ<c2><85>nJ¡Yµ<c2><9b><c2><96>.^^J
    The control sequence at the end of the top line
    of your error message was never \def'ed. If you have
    ! LaTeX Error: Missing \begin{document}.
    
    See the LaTeX manual or LaTeX Companion for explanation.
    Type H <return> for immediate help.
     ...
    ! Missing $ inserted.
    <inserted text>
     $
    l.18 ...l4^^Z<c2><89>DBJùÝwßÝ¿^^?_^^H<c2><81>.¼-<c2><96>eMNNîXVrr2pÝ×<c2><88>^
     O$î<c2><99>æa^^Táú©óo³{<c2><81>ë^^RÑ^^[B...
    ! Please use \mathaccent for accents in math mode.
    \add@accent ...@spacefactor \spacefactor }\accent
     #1 #2\egroup \spacefactor ...
    l.23 ^^G^^G^^GRÊ<c2><9b>7oÎÌÌ^^X<c2><86>qæÌ<c2><99>z½n^^X^^F|ù<c2><95><c2><95><c2><95>\.w
    
    Calls: buildVignettes -> texi2pdf -> texi2dvi
    Execution halted
Flavor: r-release-osx-x86_64-mavericks