CRAN Package Check Results for Package TraMineR

Last updated on 2016-05-30 13:47:50.

Flavor Version Tinstall Tcheck Ttotal Status Flags
r-devel-linux-x86_64-debian-gcc 1.8-11.1 12.58 125.72 138.30 OK
r-devel-linux-x86_64-fedora-clang 1.8-11.1 282.63 OK
r-devel-linux-x86_64-fedora-gcc 1.8-11.1 248.63 OK
r-devel-osx-x86_64-clang 1.8-11.1 302.24 OK
r-devel-windows-ix86+x86_64 1.8-11.1 37.00 227.00 264.00 OK
r-patched-linux-x86_64 1.8-11.1 9.45 126.51 135.96 OK
r-patched-solaris-sparc 1.8-11.1 1713.00 OK
r-patched-solaris-x86 1.8-11.1 333.30 OK
r-release-linux-x86_64 1.8-11.1 9.89 123.81 133.71 OK
r-release-osx-x86_64-mavericks 1.8-11.1 NOTE
r-release-windows-ix86+x86_64 1.8-11.1 50.00 270.00 320.00 OK
r-oldrel-windows-ix86+x86_64 1.8-11.1 42.00 306.00 348.00 OK

Memtest notes: valgrind

Check Details

Version: 1.8-11.1
Check: re-building of vignette outputs
Result: NOTE
    Error in re-building vignettes:
     ...
    Error in texi2dvi(file = file, pdf = TRUE, clean = clean, quiet = quiet, :
     Running 'texi2dvi' on 'TraMineR-state-sequence.tex' failed.
    LaTeX errors:
    ! Undefined control sequence.
    l.15 x<c2><9c>í\Ï
     k^^[×^^V>^^]÷áêE<c2><99>ñÅ}&ÏA<c2><96>28´`#»^^Hº(¸rÀÝt<c2><91><c2><9d>ÿ<c2><85>nJ¡Yµ<c2><9b><c2><96>.^^J
    The control sequence at the end of the top line
    of your error message was never \def'ed. If you have
    ! LaTeX Error: Missing \begin{document}.
    
    See the LaTeX manual or LaTeX Companion for explanation.
    Type H <return> for immediate help.
     ...
    ! Missing $ inserted.
    <inserted text>
     $
    l.18 ...l4^^Z<c2><89>DBJùÝwßÝ¿^^?_^^H<c2><81>.¼-<c2><96>eMNNîXVrr2pÝ×<c2><88>^
     O$î<c2><99>æa^^Táú©óo³{<c2><81>ë^^RÑ^^[B...
    ! Please use \mathaccent for accents in math mode.
    \add@accent ...@spacefactor \spacefactor }\accent
     #1 #2\egroup \spacefactor ...
    l.23 ^^G^^G^^GRÊ<c2><9b>7oÎÌÌ^^X<c2><86>qæÌ<c2><99>z½n^^X^^F|ù<c2><95><c2><95><c2><95>\.w
    
    Calls: buildVignettes -> texi2pdf -> texi2dvi
    Execution halted
Flavor: r-release-osx-x86_64-mavericks