CRAN Package Check Results for Package TraMineR

Last updated on 2017-06-26 20:48:48.

Flavor Version Tinstall Tcheck Ttotal Status Flags
r-devel-linux-x86_64-debian-clang 2.0-6 13.01 138.17 151.18 OK
r-devel-linux-x86_64-debian-gcc 2.0-6 11.78 121.26 133.04 OK
r-devel-linux-x86_64-fedora-clang 2.0-6 300.31 OK
r-devel-linux-x86_64-fedora-gcc 2.0-6 288.27 OK
r-devel-windows-ix86+x86_64 2.0-6 76.00 358.00 434.00 OK
r-patched-linux-x86_64 2.0-6 11.63 137.42 149.04 OK
r-patched-solaris-sparc 2.0-5 1692.50 OK
r-patched-solaris-x86 2.0-6 368.50 OK
r-release-linux-x86_64 2.0-6 11.86 140.27 152.13 OK
r-release-windows-ix86+x86_64 2.0-6 64.00 344.00 408.00 OK
r-release-osx-x86_64 2.0-6 NOTE
r-oldrel-windows-ix86+x86_64 2.0-6 89.00 347.00 436.00 OK
r-oldrel-osx-x86_64 2.0-6 NOTE

Additional issues

rchk valgrind

Check Details

Version: 2.0-6
Check: re-building of vignette outputs
Result: NOTE
    Error in re-building vignettes:
     ...
     [>] max. distance: 139.84
     [>] neighborhood radius: 13.98
     [>] 4 representative(s) selected, coverage=39% (threshold=35%)
     [>] 148 distinct sequence(s)
     [>] number of objects (sum of weights): 99.22
     [>] max. distance: 139.84
     [>] neighborhood radius: 13.98
     [>] 5 representative(s) selected, coverage=38% (threshold=35%)
     [>] 89 distinct sequence(s)
    Error in texi2dvi(file = file, pdf = TRUE, clean = clean, quiet = quiet, :
     Running 'texi2dvi' on 'TraMineR-state-sequence.tex' failed.
    LaTeX errors:
    ! LaTeX Error: File `subfigure.sty' not found.
    
    Type X to quit or <RETURN> to proceed,
    or enter new name. (Default extension: sty)
    
    ! Emergency stop.
    <read *>
    
    l.77 \usepackage
     {afterpage}^^M
    ! ==> Fatal error occurred, no output PDF file produced!
    Calls: buildVignettes -> texi2pdf -> texi2dvi
    Execution halted
Flavor: r-release-osx-x86_64

Version: 2.0-6
Check: re-building of vignette outputs
Result: NOTE
    Error in re-building vignettes:
     ...
     [>] max. distance: 139.84
     [>] neighborhood radius: 13.98
     [>] 1 representative(s) selected, coverage=46% (threshold=35%)
     [>] 88 distinct sequence(s)
     [>] number of objects (sum of weights): 196.82
     [>] max. distance: 139.84
     [>] neighborhood radius: 13.98
     [>] 4 representative(s) selected, coverage=39% (threshold=35%)
     [>] 148 distinct sequence(s)
     [>] number of objects (sum of weights): 99.22
     [>] max. distance: 139.84
     [>] neighborhood radius: 13.98
     [>] 5 representative(s) selected, coverage=38% (threshold=35%)
     [>] 89 distinct sequence(s)
    Warning in readLines(log, warn = FALSE) :
     invalid input found on input connection 'TraMineR-state-sequence.log'
    Warning in readLines(con, warn = FALSE) :
     invalid input found on input connection 'TraMineR-state-sequence.log'
    Error in texi2dvi(file = file, pdf = TRUE, clean = clean, quiet = quiet, :
     Running 'texi2dvi' on 'TraMineR-state-sequence.tex' failed.
    LaTeX errors:
    ! Undefined control sequence.
    l.15 x
    Calls: buildVignettes -> texi2pdf -> texi2dvi
    Execution halted
Flavor: r-oldrel-osx-x86_64