CRAN Package Check Results for Package TraMineR

Last updated on 2014-10-21 21:47:04.

Flavor Version Tinstall Tcheck Ttotal Status Flags
r-devel-linux-x86_64-debian-clang 1.8-8 6.12 123.38 129.50 OK
r-devel-linux-x86_64-debian-gcc 1.8-8 6.66 111.41 118.07 OK
r-devel-linux-x86_64-fedora-clang 1.8-8 248.21 OK
r-devel-linux-x86_64-fedora-gcc 1.8-8 226.08 OK
r-devel-osx-x86_64-clang 1.8-8 225.84 OK
r-devel-windows-ix86+x86_64 1.8-8 35.00 170.00 205.00 OK
r-patched-linux-x86_64 1.8-8 6.98 118.36 125.34 OK
r-patched-solaris-sparc 1.8-8 1719.30 OK
r-patched-solaris-x86 1.8-8 328.90 OK
r-release-linux-ix86 1.8-8 9.44 139.66 149.09 OK
r-release-linux-x86_64 1.8-8 7.07 116.72 123.78 OK
r-release-osx-x86_64-mavericks 1.8-8 NOTE
r-release-osx-x86_64-snowleopard 1.8-8 OK
r-release-windows-ix86+x86_64 1.8-8 39.00 181.00 220.00 OK
r-oldrel-windows-ix86+x86_64 1.8-8 35.00 215.00 250.00 OK

Check Details

Version: 1.8-8
Check: re-building of vignette outputs
Result: NOTE
    Error in re-building vignettes:
     ...
     [>] neighborhood radius: 13.98
     [>] 1 representative(s) selected, coverage=46% (threshold=35%)
     [>] 88 distinct sequence(s)
     [>] number of objects (sum of weights): 196.82
     [>] max. distance: 139.84
     [>] neighborhood radius: 13.98
     [>] 4 representative(s) selected, coverage=39% (threshold=35%)
     [>] 148 distinct sequence(s)
     [>] number of objects (sum of weights): 99.22
     [>] max. distance: 139.84
     [>] neighborhood radius: 13.98
     [>] 5 representative(s) selected, coverage=38% (threshold=35%)
     [>] 89 distinct sequence(s)
    Error in texi2dvi(file = file, pdf = TRUE, clean = clean, quiet = quiet, :
     Running 'texi2dvi' on 'TraMineR-state-sequence.tex' failed.
    LaTeX errors:
    ! LaTeX Error: File `subfigure.sty' not found.
    
    Type X to quit or <RETURN> to proceed,
    or enter new name. (Default extension: sty)
    
    n_test/TraMineR/vignettes/TraMineR-state-sequence.tex:78: ==> Fatal error occu
    rred, no output PDF file produced!
    Calls: buildVignettes -> texi2pdf -> texi2dvi
    Execution halted
Flavor: r-release-osx-x86_64-mavericks