CRAN Package Check Results for Package TraMineRextras

Last updated on 2014-07-22 23:48:27.

Flavor Version Tinstall Tcheck Ttotal Status Flags
r-devel-linux-x86_64-debian-clang 0.2.2 1.35 29.79 31.14 OK
r-devel-linux-x86_64-debian-gcc 0.2.2 1.31 29.42 30.73 OK
r-devel-linux-x86_64-fedora-clang 0.2.2 63.41 OK
r-devel-linux-x86_64-fedora-gcc 0.2.2 59.47 OK
r-devel-osx-x86_64-clang 0.2.2 57.58 OK
r-devel-windows-ix86+x86_64 0.2.2 7.00 57.00 64.00 OK
r-patched-linux-x86_64 0.2.2 1.30 18.23 19.53 OK
r-patched-solaris-sparc 0.2.2 347.40 OK
r-patched-solaris-x86 0.2.2 76.60 OK
r-release-linux-ix86 0.2.2 1.96 39.25 41.21 OK
r-release-linux-x86_64 0.2.2 1.37 30.00 31.36 OK
r-release-osx-x86_64-mavericks 0.2.2 OK
r-release-osx-x86_64-snowleopard 0.2.2 WARN
r-release-windows-ix86+x86_64 0.2.2 7.00 59.00 66.00 OK
r-oldrel-windows-ix86+x86_64 0.2.2 8.00 60.00 68.00 OK

Check Details

Version: 0.2.2
Check: examples
Result: WARNING
    checking a package with encoding 'UTF-8' in an ASCII locale
    
     OK
Flavor: r-release-osx-x86_64-snowleopard