CRAN Package Check Results for Package TraMineRextras

Last updated on 2017-08-17 03:49:25.

Flavor Version Tinstall Tcheck Ttotal Status Flags
r-devel-linux-x86_64-debian-clang 0.4.1 4.51 57.60 62.11 OK
r-devel-linux-x86_64-debian-gcc 0.4.0 3.78 57.15 60.93 OK
r-devel-linux-x86_64-fedora-clang 0.4.1 69.03 OK
r-devel-linux-x86_64-fedora-gcc 0.4.1 79.38 OK
r-devel-windows-ix86+x86_64 0.4.1 8.00 5.00 13.00 ERROR
r-patched-linux-x86_64 0.4.0 4.25 56.50 60.75 OK
r-patched-solaris-x86 0.4.1 3.10 ERROR
r-release-linux-x86_64 0.4.0 4.34 56.05 60.38 OK
r-release-windows-ix86+x86_64 0.4.0 15.00 133.00 148.00 OK
r-release-osx-x86_64 0.4.0 OK
r-oldrel-windows-ix86+x86_64 0.4.1 5.00 5.00 10.00 ERROR
r-oldrel-osx-x86_64 0.4.0 OK

Check Details

Version: 0.4.1
Check: whether package can be installed
Result: ERROR
    Installation failed.
Flavors: r-devel-windows-ix86+x86_64, r-oldrel-windows-ix86+x86_64

Version: 0.4.1
Check: package dependencies
Result: ERROR
    Package required but not available: ‘TraMineR’
    
    See section ‘The DESCRIPTION file’ in the ‘Writing R Extensions’
    manual.
Flavor: r-patched-solaris-x86