CRAN Package Check Results for Package TraMineRextras

Last updated on 2014-11-24 05:47:46.

Flavor Version Tinstall Tcheck Ttotal Status Flags
r-devel-linux-x86_64-debian-clang 0.2.2 1.38 30.41 31.79 NOTE
r-devel-linux-x86_64-debian-gcc 0.2.2 1.42 29.27 30.70 NOTE
r-devel-linux-x86_64-fedora-clang 0.2.2 62.64 NOTE
r-devel-linux-x86_64-fedora-gcc 0.2.2 57.52 NOTE
r-devel-osx-x86_64-clang 0.2.2 59.74 NOTE
r-devel-windows-ix86+x86_64 0.2.2 7.00 60.00 67.00 NOTE
r-patched-linux-x86_64 0.2.2 1.39 30.69 32.08 NOTE
r-patched-solaris-sparc 0.2.2 359.50 NOTE
r-patched-solaris-x86 0.2.2 76.90 NOTE
r-release-linux-ix86 0.2.2 1.89 36.96 38.85 NOTE
r-release-linux-x86_64 0.2.2 1.42 30.00 31.42 NOTE
r-release-osx-x86_64-mavericks 0.2.2 OK
r-release-osx-x86_64-snowleopard 0.2.2 WARN
r-release-windows-ix86+x86_64 0.2.2 8.00 62.00 70.00 NOTE
r-oldrel-windows-ix86+x86_64 0.2.2 9.00 66.00 75.00 OK

Check Details

Version: 0.2.2
Check: R code for possible problems
Result: NOTE
    ctplot: no visible global function definition for ‘daisy’
    pamward: no visible global function definition for ‘agnes’
    pamward: no visible global function definition for ‘pam’
Flavors: r-devel-linux-x86_64-debian-clang, r-devel-linux-x86_64-debian-gcc, r-devel-linux-x86_64-fedora-clang, r-devel-linux-x86_64-fedora-gcc, r-devel-osx-x86_64-clang, r-devel-windows-ix86+x86_64, r-patched-linux-x86_64, r-patched-solaris-sparc, r-patched-solaris-x86, r-release-linux-ix86, r-release-linux-x86_64, r-release-windows-ix86+x86_64

Version: 0.2.2
Check: examples
Result: WARN
    checking a package with encoding 'UTF-8' in an ASCII locale
    
     OK
Flavor: r-release-osx-x86_64-snowleopard