CRAN Package Check Results for Package TraMineRextras

Last updated on 2014-12-19 12:48:31.

Flavor Version Tinstall Tcheck Ttotal Status Flags
r-devel-linux-x86_64-debian-clang 0.2.2 1.48 29.46 30.95 NOTE
r-devel-linux-x86_64-debian-gcc 0.2.2 1.34 29.02 30.36 NOTE
r-devel-linux-x86_64-fedora-clang 0.2.2 63.21 NOTE
r-devel-linux-x86_64-fedora-gcc 0.2.2 56.68 NOTE
r-devel-osx-x86_64-clang 0.2.2 58.16 NOTE
r-devel-windows-ix86+x86_64 0.2.2 8.00 56.00 64.00 NOTE
r-patched-linux-x86_64 0.2.2 1.48 30.16 31.63 NOTE
r-patched-solaris-sparc 0.2.2 359.50 NOTE
r-patched-solaris-x86 0.2.2 78.80 NOTE
r-release-linux-ix86 0.2.2 1.90 37.08 38.98 NOTE
r-release-linux-x86_64 0.2.2 1.48 30.07 31.56 NOTE
r-release-osx-x86_64-mavericks 0.2.2 OK
r-release-osx-x86_64-snowleopard 0.2.2 WARN
r-release-windows-ix86+x86_64 0.2.2 8.00 60.00 68.00 NOTE
r-oldrel-windows-ix86+x86_64 0.2.2 8.00 65.00 73.00 OK

Check Details

Version: 0.2.2
Check: R code for possible problems
Result: NOTE
    ctplot: no visible global function definition for ‘daisy’
    pamward: no visible global function definition for ‘agnes’
    pamward: no visible global function definition for ‘pam’
Flavors: r-devel-linux-x86_64-debian-clang, r-devel-linux-x86_64-debian-gcc, r-devel-linux-x86_64-fedora-clang, r-devel-linux-x86_64-fedora-gcc, r-devel-osx-x86_64-clang, r-devel-windows-ix86+x86_64, r-patched-linux-x86_64, r-patched-solaris-sparc, r-patched-solaris-x86, r-release-linux-ix86, r-release-linux-x86_64, r-release-windows-ix86+x86_64

Version: 0.2.2
Check: examples
Result: WARN
    checking a package with encoding 'UTF-8' in an ASCII locale
    
     OK
Flavor: r-release-osx-x86_64-snowleopard