CRAN Package Check Results for Package TraMineRextras

Last updated on 2015-07-08 06:48:19.

Flavor Version Tinstall Tcheck Ttotal Status Flags
r-devel-linux-x86_64-debian-clang 0.2.3 1.21 28.08 29.29 NOTE
r-devel-linux-x86_64-debian-gcc 0.2.3 1.20 27.71 28.91 NOTE
r-devel-linux-x86_64-fedora-clang 0.2.3 54.67 NOTE
r-devel-linux-x86_64-fedora-gcc 0.2.3 52.00 NOTE
r-devel-osx-x86_64-clang 0.2.3 50.25 OK
r-devel-windows-ix86+x86_64 0.2.3 10.00 57.00 67.00 NOTE
r-patched-linux-x86_64 0.2.3 1.23 27.83 29.06 OK
r-patched-solaris-sparc 0.2.3 346.30 OK
r-patched-solaris-x86 0.2.3 72.40 OK
r-release-linux-x86_64 0.2.3 1.29 27.55 28.84 OK
r-release-osx-x86_64-mavericks 0.2.3 OK
r-release-windows-ix86+x86_64 0.2.3 9.00 64.00 73.00 OK
r-oldrel-windows-ix86+x86_64 0.2.3 9.00 104.00 113.00 OK

Check Details

Version: 0.2.3
Check: R code for possible problems
Result: NOTE
    ctplot: no visible global function definition for ‘col2rgb’
    ctplot: no visible global function definition for ‘rgb’
    ctplot: no visible global function definition for ‘reshape’
    ctplot: no visible global function definition for ‘rgb2hsv’
    ctplot: no visible global function definition for ‘hsv’
    ctplot: no visible global function definition for ‘plot’
    ctplot: no visible global function definition for ‘axis’
    ctplot: no visible global function definition for ‘title’
    ctplot: no visible global function definition for ‘rect’
    ctplot: no visible global function definition for ‘abline’
    ctplot: no visible global function definition for ‘segments’
    ctplot: no visible global function definition for ‘points’
    ctplot: no visible global function definition for ‘par’
    ctplot: no visible global function definition for ‘box’
    group.p: no visible global function definition for ‘xtabs’
    pamward: no visible global function definition for ‘cutree’
    plot.emlt: no visible global function definition for ‘par’
    plot.emlt: no visible global function definition for ‘plot’
    plot.emlt: no visible global function definition for ‘points’
    plot.emlt: no visible global function definition for ‘legend’
    plot.emlt: no visible global function definition for ‘text’
    seqauto: no visible global function definition for ‘chisq.test’
    seqedplot: no visible global function definition for ‘par’
    seqedplot: no visible global function definition for ‘layout’
    seqedplot: no visible global function definition for ‘xtabs’
    seqedplot: no visible global function definition for ‘plot’
    seqedplot: no visible global function definition for ‘lines’
    seqemlt: no visible global function definition for ‘princomp’
    seqeordplot: no visible global function definition for ‘col2rgb’
    seqeordplot: no visible global function definition for ‘rgb’
    seqeordplot: no visible global function definition for ‘plot’
    seqeordplot: no visible global function definition for ‘axis’
    seqeordplot: no visible global function definition for ‘title’
    seqeordplot: no visible global function definition for ‘rect’
    seqeordplot: no visible global function definition for ‘abline’
    seqeordplot: no visible global function definition for ‘segments’
    seqeordplot: no visible global function definition for ‘box’
    seqerulesdisc: no visible global function definition for ‘glm’
    seqerulesdisc: Error while checking: invalid ‘envir’ argument
    seqgen.missing: no visible global function definition for ‘runif’
    seqplot.tentrop: no visible global function definition for ‘plot’
    seqplot.tentrop: no visible global function definition for ‘lines’
    seqplot.tentrop: no visible global function definition for ‘axis’
    seqplot.tentrop: no visible global function definition for ‘legend’
    seqplot.tentrop.m: no visible global function definition for ‘plot’
    seqplot.tentrop.m: no visible global function definition for ‘lines’
    seqplot.tentrop.m: no visible global function definition for ‘axis’
    seqplot.tentrop.m: no visible global function definition for ‘legend’
    Undefined global functions or variables:
     abline axis box chisq.test col2rgb cutree glm hsv layout legend lines
     par plot points princomp rect reshape rgb rgb2hsv runif segments text
     title xtabs
Flavors: r-devel-linux-x86_64-debian-clang, r-devel-linux-x86_64-debian-gcc, r-devel-linux-x86_64-fedora-clang, r-devel-linux-x86_64-fedora-gcc

Version: 0.2.3
Check: R code for possible problems
Result: NOTE
    ctplot: no visible global function definition for 'col2rgb'
    ctplot: no visible global function definition for 'rgb'
    ctplot: no visible global function definition for 'reshape'
    ctplot: no visible global function definition for 'rgb2hsv'
    ctplot: no visible global function definition for 'hsv'
    ctplot: no visible global function definition for 'plot'
    ctplot: no visible global function definition for 'axis'
    ctplot: no visible global function definition for 'title'
    ctplot: no visible global function definition for 'rect'
    ctplot: no visible global function definition for 'abline'
    ctplot: no visible global function definition for 'segments'
    ctplot: no visible global function definition for 'points'
    ctplot: no visible global function definition for 'par'
    ctplot: no visible global function definition for 'box'
    group.p: no visible global function definition for 'xtabs'
    pamward: no visible global function definition for 'cutree'
    plot.emlt: no visible global function definition for 'par'
    plot.emlt: no visible global function definition for 'plot'
    plot.emlt: no visible global function definition for 'points'
    plot.emlt: no visible global function definition for 'legend'
    plot.emlt: no visible global function definition for 'text'
    seqauto: no visible global function definition for 'chisq.test'
    seqedplot: no visible global function definition for 'par'
    seqedplot: no visible global function definition for 'layout'
    seqedplot: no visible global function definition for 'xtabs'
    seqedplot: no visible global function definition for 'plot'
    seqedplot: no visible global function definition for 'lines'
    seqemlt: no visible global function definition for 'princomp'
    seqeordplot: no visible global function definition for 'col2rgb'
    seqeordplot: no visible global function definition for 'rgb'
    seqeordplot: no visible global function definition for 'plot'
    seqeordplot: no visible global function definition for 'axis'
    seqeordplot: no visible global function definition for 'title'
    seqeordplot: no visible global function definition for 'rect'
    seqeordplot: no visible global function definition for 'abline'
    seqeordplot: no visible global function definition for 'segments'
    seqeordplot: no visible global function definition for 'box'
    seqerulesdisc: no visible global function definition for 'glm'
    seqerulesdisc: no visible global function definition for 'binomial'
    seqgen.missing: no visible global function definition for 'runif'
    seqplot.tentrop: no visible global function definition for 'plot'
    seqplot.tentrop: no visible global function definition for 'lines'
    seqplot.tentrop: no visible global function definition for 'axis'
    seqplot.tentrop: no visible global function definition for 'legend'
    seqplot.tentrop.m: no visible global function definition for 'plot'
    seqplot.tentrop.m: no visible global function definition for 'lines'
    seqplot.tentrop.m: no visible global function definition for 'axis'
    seqplot.tentrop.m: no visible global function definition for 'legend'
    Undefined global functions or variables:
     abline axis binomial box chisq.test col2rgb cutree glm hsv layout
     legend lines par plot points princomp rect reshape rgb rgb2hsv runif
     segments text title xtabs
Flavor: r-devel-windows-ix86+x86_64