CRAN Package Check Results for Package TraMineRextras

Last updated on 2014-10-23 11:49:44.

Flavor Version Tinstall Tcheck Ttotal Status Flags
r-devel-linux-x86_64-debian-clang 0.2.2 1.41 29.87 31.28 NOTE
r-devel-linux-x86_64-debian-gcc 0.2.2 1.46 29.18 30.64 NOTE
r-devel-linux-x86_64-fedora-clang 0.2.2 61.38 NOTE
r-devel-linux-x86_64-fedora-gcc 0.2.2 56.83 NOTE
r-devel-osx-x86_64-clang 0.2.2 59.29 NOTE
r-devel-windows-ix86+x86_64 0.2.2 7.00 59.00 66.00 NOTE
r-patched-linux-x86_64 0.2.2 1.41 31.83 33.24 NOTE
r-patched-solaris-sparc 0.2.2 359.50 NOTE
r-patched-solaris-x86 0.2.2 77.10 NOTE
r-release-linux-ix86 0.2.2 2.05 39.21 41.26 OK
r-release-linux-x86_64 0.2.2 1.46 31.01 32.46 OK
r-release-osx-x86_64-mavericks 0.2.2 OK
r-release-osx-x86_64-snowleopard 0.2.2 WARN
r-release-windows-ix86+x86_64 0.2.2 7.00 62.00 69.00 OK
r-oldrel-windows-ix86+x86_64 0.2.2 7.00 66.00 73.00 OK

Check Details

Version: 0.2.2
Check: R code for possible problems
Result: NOTE
    ctplot: no visible global function definition for ‘daisy’
    pamward: no visible global function definition for ‘agnes’
    pamward: no visible global function definition for ‘pam’
Flavors: r-devel-linux-x86_64-debian-clang, r-devel-linux-x86_64-debian-gcc, r-devel-linux-x86_64-fedora-clang, r-devel-linux-x86_64-fedora-gcc, r-devel-osx-x86_64-clang, r-devel-windows-ix86+x86_64, r-patched-linux-x86_64, r-patched-solaris-sparc, r-patched-solaris-x86

Version: 0.2.2
Check: examples
Result: WARN
    checking a package with encoding 'UTF-8' in an ASCII locale
    
     OK
Flavor: r-release-osx-x86_64-snowleopard