CRAN Package Check Results for Package TraMineRextras

Last updated on 2014-08-20 17:47:56.

Flavor Version Tinstall Tcheck Ttotal Status Flags
r-devel-linux-x86_64-debian-clang 0.2.2 1.38 32.20 33.58 OK
r-devel-linux-x86_64-debian-gcc 0.2.2 1.26 29.14 30.40 OK
r-devel-linux-x86_64-fedora-clang 0.2.2 64.28 NOTE
r-devel-linux-x86_64-fedora-gcc 0.2.2 61.02 NOTE
r-devel-osx-x86_64-clang 0.2.2 55.52 NOTE
r-devel-windows-ix86+x86_64 0.2.2 7.00 59.00 66.00 OK
r-patched-linux-x86_64 0.2.2 1.45 17.96 19.40 OK
r-patched-solaris-sparc 0.2.2 366.80 OK
r-patched-solaris-x86 0.2.2 76.60 OK
r-release-linux-ix86 0.2.2 1.96 39.23 41.18 OK
r-release-linux-x86_64 0.2.2 1.43 30.28 31.71 OK
r-release-osx-x86_64-mavericks 0.2.2 OK
r-release-osx-x86_64-snowleopard 0.2.2 WARN
r-release-windows-ix86+x86_64 0.2.2 7.00 61.00 68.00 OK
r-oldrel-windows-ix86+x86_64 0.2.2 7.00 58.00 65.00 OK

Check Details

Version: 0.2.2
Check: R code for possible problems
Result: NOTE
    ctplot: no visible global function definition for ‘daisy’
    pamward: no visible global function definition for ‘agnes’
    pamward: no visible global function definition for ‘pam’
Flavors: r-devel-linux-x86_64-fedora-clang, r-devel-linux-x86_64-fedora-gcc, r-devel-osx-x86_64-clang

Version: 0.2.2
Check: examples
Result: WARNING
    checking a package with encoding 'UTF-8' in an ASCII locale
    
     OK
Flavor: r-release-osx-x86_64-snowleopard