CRAN Package Check Results for Package TraMineRextras

Last updated on 2014-09-02 10:52:01.

Flavor Version Tinstall Tcheck Ttotal Status Flags
r-devel-linux-x86_64-debian-clang 0.2.2 1.35 28.85 30.20 NOTE
r-devel-linux-x86_64-debian-gcc 0.2.2 1.32 28.36 29.69 NOTE
r-devel-linux-x86_64-fedora-clang 0.2.2 60.94 NOTE
r-devel-linux-x86_64-fedora-gcc 0.2.2 56.58 NOTE
r-devel-osx-x86_64-clang 0.2.2 54.67 NOTE
r-devel-windows-ix86+x86_64 0.2.2 7.00 53.00 60.00 NOTE
r-patched-linux-x86_64 0.2.2 1.64 29.68 31.32 OK
r-patched-solaris-sparc 0.2.2 366.80 OK
r-patched-solaris-x86 0.2.2 75.60 OK
r-release-linux-ix86 0.2.2 2.13 38.97 41.10 OK
r-release-linux-x86_64 0.2.2 1.36 30.93 32.29 OK
r-release-osx-x86_64-mavericks 0.2.2 OK
r-release-osx-x86_64-snowleopard 0.2.2 WARN
r-release-windows-ix86+x86_64 0.2.2 7.00 62.00 69.00 OK
r-oldrel-windows-ix86+x86_64 0.2.2 9.00 65.00 74.00 OK

Check Details

Version: 0.2.2
Check: R code for possible problems
Result: NOTE
    ctplot: no visible global function definition for ‘daisy’
    pamward: no visible global function definition for ‘agnes’
    pamward: no visible global function definition for ‘pam’
Flavors: r-devel-linux-x86_64-debian-clang, r-devel-linux-x86_64-debian-gcc, r-devel-linux-x86_64-fedora-clang, r-devel-linux-x86_64-fedora-gcc, r-devel-osx-x86_64-clang, r-devel-windows-ix86+x86_64

Version: 0.2.2
Check: examples
Result: WARN
    checking a package with encoding 'UTF-8' in an ASCII locale
    
     OK
Flavor: r-release-osx-x86_64-snowleopard