CRAN Package Check Results for Package TraMineRextras

Last updated on 2014-04-24 03:47:56.

Flavor Version Tinstall Tcheck Ttotal Status Flags
r-devel-linux-x86_64-debian-clang 0.2.2 1.52 31.04 32.56 OK
r-devel-linux-x86_64-debian-gcc 0.2.2 1.48 30.88 32.35 OK
r-devel-linux-x86_64-fedora-clang 0.2.2 61.63 OK
r-devel-linux-x86_64-fedora-gcc 0.2.2 60.20 OK
r-devel-osx-x86_64-clang 0.2.2 53.86 OK
r-devel-osx-x86_64-gcc 0.2.2 OK
r-devel-windows-ix86+x86_64 0.2.2 7.00 57.00 64.00 OK
r-patched-linux-x86_64 0.2.2 1.46 31.21 32.67 OK
r-patched-solaris-sparc 0.2.2 347.40 OK
r-patched-solaris-x86 0.2.2 76.00 OK
r-release-linux-ix86 0.2.2 3.00 53.00 56.00 OK
r-release-linux-x86_64 0.2.2 1.47 30.74 32.20 OK
r-release-osx-x86_64-mavericks 0.2.2 WARN
r-release-osx-x86_64-snowleopard 0.2.2 WARN
r-release-windows-ix86+x86_64 0.2.2 7.00 57.00 64.00 OK
r-oldrel-windows-ix86+x86_64 0.2.2 7.00 64.00 71.00 OK

Check Details

Version: 0.2.2
Check: PDF version of manual
Result: WARNING
    LaTeX errors when creating PDF version.
    This typically indicates Rd problems.
    LaTeX errors found:
    ! LaTeX Error: File `upquote.sty' not found.
    
    Type X to quit or <RETURN> to proceed,
    or enter new name. (Default extension: sty)
    
    5962e4ec/Rd2.tex:8: ==> Fatal error occurred, no output PDF file produced!
Flavor: r-release-osx-x86_64-mavericks

Version: 0.2.2
Check: examples
Result: WARNING
    checking a package with encoding 'UTF-8' in an ASCII locale
    
     OK
Flavor: r-release-osx-x86_64-snowleopard