CRAN Package Check Results for Package TrackReconstruction

Last updated on 2015-07-06 14:49:00.

Flavor Version Tinstall Tcheck Ttotal Status Flags
r-devel-linux-x86_64-debian-clang 1.1 1.90 99.22 101.12 NOTE
r-devel-linux-x86_64-debian-gcc 1.1 1.93 97.32 99.24 NOTE
r-devel-linux-x86_64-fedora-clang 1.1 210.99 NOTE
r-devel-linux-x86_64-fedora-gcc 1.1 180.87 NOTE
r-devel-osx-x86_64-clang 1.1 165.33 NOTE
r-devel-windows-ix86+x86_64 1.1 10.00 169.00 179.00 NOTE
r-patched-linux-x86_64 1.1 2.02 96.80 98.81 NOTE
r-patched-solaris-sparc 1.1 1356.70 NOTE
r-patched-solaris-x86 1.1 275.80 NOTE
r-release-linux-x86_64 1.1 1.82 96.23 98.05 NOTE
r-release-osx-x86_64-mavericks 1.1 NOTE
r-release-windows-ix86+x86_64 1.1 8.00 168.00 176.00 NOTE
r-oldrel-windows-ix86+x86_64 1.1 12.00 288.00 300.00 OK

Check Details

Version: 1.1
Check: DESCRIPTION meta-information
Result: NOTE
    Malformed Title field: should not end in a period.
Flavors: r-devel-linux-x86_64-debian-clang, r-devel-linux-x86_64-debian-gcc, r-devel-linux-x86_64-fedora-clang, r-devel-linux-x86_64-fedora-gcc, r-devel-osx-x86_64-clang, r-devel-windows-ix86+x86_64, r-patched-linux-x86_64, r-patched-solaris-sparc, r-patched-solaris-x86, r-release-linux-x86_64, r-release-osx-x86_64-mavericks, r-release-windows-ix86+x86_64

Version: 1.1
Check: R code for possible problems
Result: NOTE
    DeadReckoning: no visible global function definition for ‘filter’
    DeadReckoning: no visible global function definition for ‘approx’
    DeadReckoning: no visible global function definition for ‘lm’
    Mapper: no visible global function definition for ‘colorRampPalette’
    Mapper: no visible global function definition for ‘terrain.colors’
    Mapper: no visible global function definition for ‘points’
    Mapper: no visible global function definition for ‘axis’
    Standardize: no visible global function definition for ‘lm’
    Undefined global functions or variables:
     approx axis colorRampPalette filter lm points terrain.colors
Flavors: r-devel-linux-x86_64-debian-clang, r-devel-linux-x86_64-debian-gcc, r-devel-linux-x86_64-fedora-clang, r-devel-linux-x86_64-fedora-gcc, r-devel-windows-ix86+x86_64