CRAN Package Check Results for Package TrackReconstruction

Last updated on 2015-05-07 06:47:05.

Flavor Version Tinstall Tcheck Ttotal Status Flags
r-devel-linux-x86_64-debian-clang 1.1 1.98 100.12 102.10 NOTE
r-devel-linux-x86_64-debian-gcc 1.1 2.09 97.73 99.82 NOTE
r-devel-linux-x86_64-fedora-clang 1.1 233.30 NOTE
r-devel-linux-x86_64-fedora-gcc 1.1 214.87 NOTE
r-devel-osx-x86_64-clang 1.1 175.57 NOTE
r-devel-windows-ix86+x86_64 1.1 7.00 180.00 187.00 NOTE
r-patched-linux-x86_64 1.1 1.89 104.11 106.00 NOTE
r-patched-solaris-sparc 1.1 1418.40 NOTE
r-patched-solaris-x86 1.1 293.90 NOTE
r-release-linux-x86_64 1.1 1.90 102.43 104.33 NOTE
r-release-osx-x86_64-mavericks 1.1 NOTE
r-release-osx-x86_64-snowleopard 1.1 ERROR
r-release-windows-ix86+x86_64 1.1 6.00 168.00 174.00 NOTE
r-oldrel-windows-ix86+x86_64 1.1 9.00 251.00 260.00 OK

Check Details

Version: 1.1
Check: DESCRIPTION meta-information
Result: NOTE
    Malformed Title field: should not end in a period.
Flavors: r-devel-linux-x86_64-debian-clang, r-devel-linux-x86_64-debian-gcc, r-devel-linux-x86_64-fedora-clang, r-devel-linux-x86_64-fedora-gcc, r-devel-osx-x86_64-clang, r-devel-windows-ix86+x86_64, r-patched-linux-x86_64, r-patched-solaris-sparc, r-patched-solaris-x86, r-release-linux-x86_64, r-release-osx-x86_64-mavericks, r-release-windows-ix86+x86_64

Version: 1.1
Check: package dependencies
Result: ERROR
    Package required but not available: ‘fields’
    
    See section ‘The DESCRIPTION file’ in the ‘Writing R Extensions’
    manual.
Flavor: r-release-osx-x86_64-snowleopard