CRAN Package Check Results for Package TrackReconstruction

Last updated on 2015-02-28 12:51:31.

Flavor Version Tinstall Tcheck Ttotal Status Flags
r-devel-linux-x86_64-debian-clang 1.1 1.99 125.47 127.46 NOTE
r-devel-linux-x86_64-debian-gcc 1.1 1.81 110.84 112.64 NOTE
r-devel-linux-x86_64-fedora-clang 1.1 228.89 NOTE
r-devel-linux-x86_64-fedora-gcc 1.1 218.51 NOTE
r-devel-osx-x86_64-clang 1.1 179.23 NOTE
r-devel-windows-ix86+x86_64 1.1 10.00 173.00 183.00 NOTE
r-patched-linux-x86_64 1.1 2.98 131.62 134.60 OK
r-patched-solaris-sparc 1.1 1757.30 OK
r-patched-solaris-x86 1.1 381.80 OK
r-release-linux-ix86 1.1 3.16 164.74 167.90 OK
r-release-linux-x86_64 1.1 2.75 129.33 132.08 OK
r-release-osx-x86_64-mavericks 1.1 OK
r-release-osx-x86_64-snowleopard 1.1 OK
r-release-windows-ix86+x86_64 1.1 8.00 212.00 220.00 OK
r-oldrel-windows-ix86+x86_64 1.1 9.00 193.00 202.00 OK

Check Details

Version: 1.1
Check: DESCRIPTION meta-information
Result: NOTE
    Malformed Title field: should not end in a period.
Flavors: r-devel-linux-x86_64-debian-clang, r-devel-linux-x86_64-debian-gcc, r-devel-linux-x86_64-fedora-clang, r-devel-linux-x86_64-fedora-gcc, r-devel-osx-x86_64-clang, r-devel-windows-ix86+x86_64