CRAN Package Check Results for Package TrackReconstruction

Last updated on 2016-07-25 15:48:51.

Flavor Version Tinstall Tcheck Ttotal Status Flags
r-devel-linux-x86_64-debian-clang 1.1 2.37 72.09 74.46 NOTE
r-devel-linux-x86_64-debian-gcc 1.1 2.18 77.23 79.41 NOTE
r-devel-linux-x86_64-fedora-clang 1.1 132.06 NOTE
r-devel-linux-x86_64-fedora-gcc 1.1 127.08 NOTE
r-devel-osx-x86_64-clang 1.1 98.97 NOTE
r-devel-windows-ix86+x86_64 1.1 8.00 127.00 135.00 NOTE
r-patched-linux-x86_64 1.1 2.22 68.24 70.46 NOTE
r-patched-solaris-sparc 1.1 846.50 NOTE
r-patched-solaris-x86 1.1 162.00 NOTE
r-release-linux-x86_64 1.1 2.34 75.07 77.41 NOTE
r-release-osx-x86_64-mavericks 1.1 NOTE
r-release-windows-ix86+x86_64 1.1 6.00 124.00 130.00 NOTE
r-oldrel-windows-ix86+x86_64 1.1 9.00 243.00 252.00 NOTE

Check Details

Version: 1.1
Check: DESCRIPTION meta-information
Result: NOTE
    Malformed Title field: should not end in a period.
Flavors: r-devel-linux-x86_64-debian-clang, r-devel-linux-x86_64-debian-gcc, r-devel-linux-x86_64-fedora-clang, r-devel-linux-x86_64-fedora-gcc, r-devel-osx-x86_64-clang, r-devel-windows-ix86+x86_64, r-patched-linux-x86_64, r-patched-solaris-sparc, r-patched-solaris-x86, r-release-linux-x86_64, r-release-osx-x86_64-mavericks, r-release-windows-ix86+x86_64, r-oldrel-windows-ix86+x86_64

Version: 1.1
Check: R code for possible problems
Result: NOTE
    DeadReckoning: no visible global function definition for ‘filter’
    DeadReckoning: no visible global function definition for ‘approx’
    DeadReckoning: no visible global function definition for ‘lm’
    Mapper: no visible global function definition for ‘colorRampPalette’
    Mapper: no visible global function definition for ‘terrain.colors’
    Mapper: no visible global function definition for ‘points’
    Mapper: no visible global function definition for ‘axis’
    Standardize: no visible global function definition for ‘lm’
    Undefined global functions or variables:
     approx axis colorRampPalette filter lm points terrain.colors
    Consider adding
     importFrom("grDevices", "colorRampPalette", "terrain.colors")
     importFrom("graphics", "axis", "points")
     importFrom("stats", "approx", "filter", "lm")
    to your NAMESPACE file.
Flavors: r-devel-linux-x86_64-debian-clang, r-devel-linux-x86_64-debian-gcc, r-devel-linux-x86_64-fedora-clang, r-devel-linux-x86_64-fedora-gcc, r-devel-osx-x86_64-clang, r-devel-windows-ix86+x86_64, r-patched-linux-x86_64, r-patched-solaris-sparc, r-patched-solaris-x86, r-release-linux-x86_64, r-release-osx-x86_64-mavericks, r-release-windows-ix86+x86_64