CRAN Package Check Results for Package TrackReconstruction

Last updated on 2015-08-03 14:47:47.

Flavor Version Tinstall Tcheck Ttotal Status Flags
r-devel-linux-x86_64-debian-clang 1.1 1.99 98.28 100.28 NOTE
r-devel-linux-x86_64-debian-gcc 1.1 1.84 100.68 102.52 NOTE
r-devel-linux-x86_64-fedora-clang 1.1 208.89 NOTE
r-devel-linux-x86_64-fedora-gcc 1.1 198.86 NOTE
r-devel-osx-x86_64-clang 1.1 161.50 NOTE
r-devel-windows-ix86+x86_64 1.1 6.00 202.00 208.00 NOTE
r-patched-linux-x86_64 1.1 1.85 96.52 98.38 NOTE
r-patched-solaris-sparc 1.1 1359.90 NOTE
r-patched-solaris-x86 1.1 276.10 NOTE
r-release-linux-x86_64 1.1 1.88 97.41 99.29 NOTE
r-release-osx-x86_64-mavericks 1.1 NOTE
r-release-windows-ix86+x86_64 1.1 8.00 174.00 182.00 NOTE
r-oldrel-windows-ix86+x86_64 1.1 12.00 282.00 294.00 OK

Check Details

Version: 1.1
Check: DESCRIPTION meta-information
Result: NOTE
    Malformed Title field: should not end in a period.
Flavors: r-devel-linux-x86_64-debian-clang, r-devel-linux-x86_64-debian-gcc, r-devel-linux-x86_64-fedora-clang, r-devel-linux-x86_64-fedora-gcc, r-devel-osx-x86_64-clang, r-devel-windows-ix86+x86_64, r-patched-linux-x86_64, r-patched-solaris-sparc, r-patched-solaris-x86, r-release-linux-x86_64, r-release-osx-x86_64-mavericks, r-release-windows-ix86+x86_64

Version: 1.1
Check: R code for possible problems
Result: NOTE
    DeadReckoning: no visible global function definition for ‘filter’
    DeadReckoning: no visible global function definition for ‘approx’
    DeadReckoning: no visible global function definition for ‘lm’
    Mapper: no visible global function definition for ‘colorRampPalette’
    Mapper: no visible global function definition for ‘terrain.colors’
    Mapper: no visible global function definition for ‘points’
    Mapper: no visible global function definition for ‘axis’
    Standardize: no visible global function definition for ‘lm’
    Undefined global functions or variables:
     approx axis colorRampPalette filter lm points terrain.colors
    Consider adding
     importFrom("grDevices", "colorRampPalette", "terrain.colors")
     importFrom("graphics", "axis", "points")
     importFrom("stats", "approx", "filter", "lm")
    to your NAMESPACE.
Flavors: r-devel-linux-x86_64-debian-clang, r-devel-linux-x86_64-debian-gcc, r-devel-linux-x86_64-fedora-clang, r-devel-linux-x86_64-fedora-gcc, r-devel-windows-ix86+x86_64