CRAN Package Check Results for Package TrackReconstruction

Last updated on 2017-01-19 12:49:30.

Flavor Version Tinstall Tcheck Ttotal Status Flags
r-devel-linux-x86_64-debian-clang 1.1 1.90 69.98 71.87 NOTE
r-devel-linux-x86_64-debian-gcc 1.1 2.14 66.54 68.69 NOTE
r-devel-linux-x86_64-fedora-clang 1.1 140.98 NOTE --no-stop-on-test-error
r-devel-linux-x86_64-fedora-gcc 1.1 136.51 NOTE --no-stop-on-test-error
r-devel-macos-x86_64-clang 1.1 104.20 NOTE --no-stop-on-test-error
r-devel-windows-ix86+x86_64 1.1 8.00 122.00 130.00 NOTE
r-patched-linux-x86_64 1.1 2.03 64.58 66.61 NOTE
r-patched-solaris-sparc 1.1 868.80 NOTE
r-patched-solaris-x86 1.1 170.20 NOTE
r-release-linux-x86_64 1.1 2.06 67.07 69.13 NOTE
r-release-osx-x86_64-mavericks 1.1 NOTE
r-release-windows-ix86+x86_64 1.1 6.00 164.00 170.00 NOTE
r-oldrel-windows-ix86+x86_64 1.1 8.00 247.00 255.00 NOTE

Check Details

Version: 1.1
Check: DESCRIPTION meta-information
Result: NOTE
    Malformed Title field: should not end in a period.
Flavors: r-devel-linux-x86_64-debian-clang, r-devel-linux-x86_64-debian-gcc, r-devel-windows-ix86+x86_64, r-patched-linux-x86_64, r-patched-solaris-sparc, r-patched-solaris-x86, r-release-linux-x86_64, r-release-osx-x86_64-mavericks, r-release-windows-ix86+x86_64, r-oldrel-windows-ix86+x86_64

Version: 1.1
Check: R code for possible problems
Result: NOTE
    DeadReckoning: no visible global function definition for ‘filter’
    DeadReckoning: no visible global function definition for ‘approx’
    DeadReckoning: no visible global function definition for ‘lm’
    Mapper: no visible global function definition for ‘colorRampPalette’
    Mapper: no visible global function definition for ‘terrain.colors’
    Mapper: no visible global function definition for ‘points’
    Mapper: no visible global function definition for ‘axis’
    Standardize: no visible global function definition for ‘lm’
    Undefined global functions or variables:
     approx axis colorRampPalette filter lm points terrain.colors
    Consider adding
     importFrom("grDevices", "colorRampPalette", "terrain.colors")
     importFrom("graphics", "axis", "points")
     importFrom("stats", "approx", "filter", "lm")
    to your NAMESPACE file.
Flavors: r-devel-linux-x86_64-debian-clang, r-devel-linux-x86_64-debian-gcc, r-devel-windows-ix86+x86_64, r-patched-linux-x86_64, r-patched-solaris-sparc, r-patched-solaris-x86, r-release-linux-x86_64, r-release-osx-x86_64-mavericks, r-release-windows-ix86+x86_64

Version: 1.1
Flags: --no-stop-on-test-error
Check: DESCRIPTION meta-information
Result: NOTE
    Malformed Title field: should not end in a period.
Flavors: r-devel-linux-x86_64-fedora-clang, r-devel-linux-x86_64-fedora-gcc, r-devel-macos-x86_64-clang

Version: 1.1
Flags: --no-stop-on-test-error
Check: R code for possible problems
Result: NOTE
    DeadReckoning: no visible global function definition for ‘filter’
    DeadReckoning: no visible global function definition for ‘approx’
    DeadReckoning: no visible global function definition for ‘lm’
    Mapper: no visible global function definition for ‘colorRampPalette’
    Mapper: no visible global function definition for ‘terrain.colors’
    Mapper: no visible global function definition for ‘points’
    Mapper: no visible global function definition for ‘axis’
    Standardize: no visible global function definition for ‘lm’
    Undefined global functions or variables:
     approx axis colorRampPalette filter lm points terrain.colors
    Consider adding
     importFrom("grDevices", "colorRampPalette", "terrain.colors")
     importFrom("graphics", "axis", "points")
     importFrom("stats", "approx", "filter", "lm")
    to your NAMESPACE file.
Flavors: r-devel-linux-x86_64-fedora-clang, r-devel-linux-x86_64-fedora-gcc, r-devel-macos-x86_64-clang