CRAN Package Check Results for Package TrackReconstruction

Last updated on 2015-09-05 11:47:37.

Flavor Version Tinstall Tcheck Ttotal Status Flags
r-devel-linux-x86_64-debian-clang 1.1 1.78 95.04 96.82 NOTE
r-devel-linux-x86_64-debian-gcc 1.1 1.70 93.09 94.79 NOTE
r-devel-linux-x86_64-fedora-clang 1.1 205.49 NOTE
r-devel-linux-x86_64-fedora-gcc 1.1 199.09 NOTE
r-devel-osx-x86_64-clang 1.1 145.41 NOTE
r-devel-windows-ix86+x86_64 1.1 9.00 186.00 195.00 NOTE
r-patched-linux-x86_64 1.1 1.86 104.01 105.87 NOTE
r-patched-solaris-sparc 1.1 1359.90 NOTE
r-patched-solaris-x86 1.1 272.40 NOTE
r-release-linux-x86_64 1.1 2.26 96.97 99.24 NOTE
r-release-osx-x86_64-mavericks 1.1 NOTE
r-release-windows-ix86+x86_64 1.1 10.00 183.00 193.00 NOTE
r-oldrel-windows-ix86+x86_64 1.1 12.00 238.00 250.00 OK

Check Details

Version: 1.1
Check: DESCRIPTION meta-information
Result: NOTE
    Malformed Title field: should not end in a period.
Flavors: r-devel-linux-x86_64-debian-clang, r-devel-linux-x86_64-debian-gcc, r-devel-linux-x86_64-fedora-clang, r-devel-linux-x86_64-fedora-gcc, r-devel-osx-x86_64-clang, r-devel-windows-ix86+x86_64, r-patched-linux-x86_64, r-patched-solaris-sparc, r-patched-solaris-x86, r-release-linux-x86_64, r-release-osx-x86_64-mavericks, r-release-windows-ix86+x86_64

Version: 1.1
Check: R code for possible problems
Result: NOTE
    DeadReckoning: no visible global function definition for ‘filter’
    DeadReckoning: no visible global function definition for ‘approx’
    DeadReckoning: no visible global function definition for ‘lm’
    Mapper: no visible global function definition for ‘colorRampPalette’
    Mapper: no visible global function definition for ‘terrain.colors’
    Mapper: no visible global function definition for ‘points’
    Mapper: no visible global function definition for ‘axis’
    Standardize: no visible global function definition for ‘lm’
    Undefined global functions or variables:
     approx axis colorRampPalette filter lm points terrain.colors
    Consider adding
     importFrom("grDevices", "colorRampPalette", "terrain.colors")
     importFrom("graphics", "axis", "points")
     importFrom("stats", "approx", "filter", "lm")
    to your NAMESPACE.
Flavors: r-devel-linux-x86_64-debian-clang, r-devel-linux-x86_64-debian-gcc, r-devel-linux-x86_64-fedora-clang, r-devel-linux-x86_64-fedora-gcc, r-devel-windows-ix86+x86_64