CRAN Package Check Results for Package TrackReconstruction

Last updated on 2015-03-28 14:49:06.

Flavor Version Tinstall Tcheck Ttotal Status Flags
r-devel-linux-x86_64-debian-clang 1.1 1.91 107.90 109.82 NOTE
r-devel-linux-x86_64-debian-gcc 1.1 2.20 102.58 104.78 NOTE
r-devel-linux-x86_64-fedora-clang 1.1 227.48 NOTE
r-devel-linux-x86_64-fedora-gcc 1.1 213.96 NOTE
r-devel-osx-x86_64-clang 1.1 184.80 NOTE
r-prerel-windows-ix86+x86_64 1.1 7.00 188.00 195.00 NOTE
r-prerel-linux-x86_64 1.1 1.85 104.71 106.56 NOTE
r-prerel-solaris-sparc 1.1 1418.40 NOTE
r-prerel-solaris-x86 1.1 291.00 NOTE
r-release-linux-x86_64 1.1 2.74 130.12 132.86 OK
r-release-osx-x86_64-mavericks 1.1 OK
r-release-osx-x86_64-snowleopard 1.1 OK
r-release-windows-ix86+x86_64 1.1 8.00 201.00 209.00 OK
r-oldrel-windows-ix86+x86_64 1.1 8.00 273.00 281.00 OK

Check Details

Version: 1.1
Check: DESCRIPTION meta-information
Result: NOTE
    Malformed Title field: should not end in a period.
Flavors: r-devel-linux-x86_64-debian-clang, r-devel-linux-x86_64-debian-gcc, r-devel-linux-x86_64-fedora-clang, r-devel-linux-x86_64-fedora-gcc, r-devel-osx-x86_64-clang, r-prerel-windows-ix86+x86_64, r-prerel-linux-x86_64, r-prerel-solaris-sparc, r-prerel-solaris-x86