CRAN Package Check Results for Package TrackReconstruction

Last updated on 2016-02-08 11:49:49.

Flavor Version Tinstall Tcheck Ttotal Status Flags
r-devel-linux-x86_64-debian-gcc 1.1 2.03 63.87 65.89 NOTE
r-devel-linux-x86_64-fedora-clang 1.1 131.56 NOTE
r-devel-linux-x86_64-fedora-gcc 1.1 128.74 NOTE
r-devel-osx-x86_64-clang 1.1 137.15 NOTE
r-devel-windows-ix86+x86_64 1.1 8.00 123.00 131.00 NOTE
r-patched-linux-x86_64 1.1 1.98 99.00 100.98 NOTE
r-patched-solaris-sparc 1.1 1312.00 NOTE
r-patched-solaris-x86 1.1 255.40 NOTE
r-release-linux-x86_64 1.1 2.09 101.83 103.92 NOTE
r-release-osx-x86_64-mavericks 1.1 NOTE
r-release-windows-ix86+x86_64 1.1 10.00 181.00 191.00 NOTE
r-oldrel-windows-ix86+x86_64 1.1 11.00 197.00 208.00 OK

Check Details

Version: 1.1
Check: DESCRIPTION meta-information
Result: NOTE
    Malformed Title field: should not end in a period.
Flavors: r-devel-linux-x86_64-debian-gcc, r-devel-linux-x86_64-fedora-clang, r-devel-linux-x86_64-fedora-gcc, r-devel-osx-x86_64-clang, r-devel-windows-ix86+x86_64, r-patched-linux-x86_64, r-patched-solaris-sparc, r-patched-solaris-x86, r-release-linux-x86_64, r-release-osx-x86_64-mavericks, r-release-windows-ix86+x86_64

Version: 1.1
Check: R code for possible problems
Result: NOTE
    DeadReckoning: no visible global function definition for ‘filter’
    DeadReckoning: no visible global function definition for ‘approx’
    DeadReckoning: no visible global function definition for ‘lm’
    Mapper: no visible global function definition for ‘colorRampPalette’
    Mapper: no visible global function definition for ‘terrain.colors’
    Mapper: no visible global function definition for ‘points’
    Mapper: no visible global function definition for ‘axis’
    Standardize: no visible global function definition for ‘lm’
    Undefined global functions or variables:
     approx axis colorRampPalette filter lm points terrain.colors
    Consider adding
     importFrom("grDevices", "colorRampPalette", "terrain.colors")
     importFrom("graphics", "axis", "points")
     importFrom("stats", "approx", "filter", "lm")
    to your NAMESPACE file.
Flavors: r-devel-linux-x86_64-debian-gcc, r-devel-linux-x86_64-fedora-clang, r-devel-linux-x86_64-fedora-gcc, r-devel-osx-x86_64-clang, r-devel-windows-ix86+x86_64