Last updated on 2023-04-01 05:50:56 CEST.
Flavor | Version | Tinstall | Tcheck | Ttotal | Status | Flags |
---|---|---|---|---|---|---|
r-devel-linux-x86_64-debian-clang | 1.0.0 | 13.71 | 88.00 | 101.71 | OK | |
r-devel-linux-x86_64-debian-gcc | 1.0.0 | 11.00 | 69.03 | 80.03 | OK | |
r-devel-linux-x86_64-fedora-clang | 1.0.0 | 128.60 | NOTE | |||
r-devel-linux-x86_64-fedora-gcc | 1.0.0 | 138.16 | NOTE | |||
r-devel-windows-x86_64 | 1.0.0 | 29.00 | 126.00 | 155.00 | OK | |
r-patched-linux-x86_64 | 1.0.0 | 12.28 | 84.76 | 97.04 | OK | |
r-release-linux-x86_64 | 1.0.0 | 13.31 | 85.24 | 98.55 | OK | |
r-release-macos-arm64 | 1.0.0 | 39.00 | NOTE | |||
r-release-macos-x86_64 | 1.0.0 | 58.00 | NOTE | |||
r-release-windows-x86_64 | 1.0.0 | 25.00 | 185.00 | 210.00 | OK | |
r-oldrel-macos-arm64 | 1.0.0 | 44.00 | NOTE | |||
r-oldrel-macos-x86_64 | 1.0.0 | 57.00 | NOTE | |||
r-oldrel-windows-ix86+x86_64 | 1.0.0 | 27.00 | 116.00 | 143.00 | OK |
Version: 1.0.0
Check: dependencies in R code
Result: NOTE
Namespaces in Imports field not imported from:
‘MASS’ ‘Matrix’
All declared Imports should be used.
Flavors: r-devel-linux-x86_64-fedora-clang, r-devel-linux-x86_64-fedora-gcc, r-release-macos-arm64, r-release-macos-x86_64, r-oldrel-macos-arm64, r-oldrel-macos-x86_64