CRAN Package Check Results for Package TreeDiagram

Last updated on 2022-07-04 11:51:20 CEST.

Flavor Version Tinstall Tcheck Ttotal Status Flags
r-devel-linux-x86_64-debian-clang 0.1.1 6.79 66.87 73.66 OK
r-devel-linux-x86_64-debian-gcc 0.1.1 5.89 49.13 55.02 OK
r-devel-linux-x86_64-fedora-clang 0.1.1 95.12 NOTE
r-devel-linux-x86_64-fedora-gcc 0.1.1 94.96 NOTE
r-devel-windows-x86_64 0.1.1 17.00 92.00 109.00 OK
r-patched-linux-x86_64 0.1.1 5.00 61.82 66.82 OK
r-release-linux-x86_64 0.1.1 4.76 62.10 66.86 OK
r-release-macos-arm64 0.1.1 29.00 NOTE
r-release-macos-x86_64 0.1.1 51.00 NOTE
r-release-windows-x86_64 0.1.1 19.00 95.00 114.00 OK
r-oldrel-macos-arm64 0.1.1 36.00 NOTE
r-oldrel-macos-x86_64 0.1.1 40.00 NOTE
r-oldrel-windows-ix86+x86_64 0.1.1 17.00 84.00 101.00 OK

Check Details

Version: 0.1.1
Check: dependencies in R code
Result: NOTE
    Namespace in Imports field not imported from: ‘tree’
     All declared Imports should be used.
Flavors: r-devel-linux-x86_64-fedora-clang, r-devel-linux-x86_64-fedora-gcc, r-release-macos-arm64, r-release-macos-x86_64, r-oldrel-macos-arm64, r-oldrel-macos-x86_64