CRAN Package Check Results for Package TreePar

Last updated on 2016-08-29 00:47:17.

Flavor Version Tinstall Tcheck Ttotal Status Flags
r-devel-linux-x86_64-debian-clang 3.3 3.06 42.55 45.62 NOTE
r-devel-linux-x86_64-debian-gcc 3.3 3.19 41.29 44.49 NOTE
r-devel-linux-x86_64-fedora-clang 3.3 87.67 NOTE
r-devel-linux-x86_64-fedora-gcc 3.3 82.08 NOTE
r-devel-osx-x86_64-clang 3.3 70.43 NOTE
r-devel-windows-ix86+x86_64 3.3 11.00 80.00 91.00 NOTE
r-patched-linux-x86_64 3.3 3.08 40.62 43.70 NOTE
r-patched-solaris-sparc 3.3 510.50 NOTE
r-patched-solaris-x86 3.3 111.00 NOTE
r-release-linux-x86_64 3.3 3.41 42.03 45.44 NOTE
r-release-osx-x86_64-mavericks 3.3 NOTE
r-release-windows-ix86+x86_64 3.3 19.00 92.00 111.00 NOTE
r-oldrel-windows-ix86+x86_64 3.3 14.00 98.00 112.00 OK

Check Details

Version: 3.3
Check: R code for possible problems
Result: NOTE
    LikAge: no visible global function definition for ‘read.table’
    bd.ME.optim: no visible global function definition for ‘optim’
    bd.ME.optim.rho: no visible global function definition for ‘optim’
    bd.ME.optim.rho.all: no visible global function definition for ‘optim’
    bd.MEyule.optim: no visible global function definition for ‘optimize’
    bd.MEyule.optim: no visible global function definition for ‘optim’
    bd.age.optim.matlab: no visible global function definition for
     ‘read.table’
    bd.groups.conf: no visible global function definition for ‘uniroot’
    bd.shifts.plot: no visible global function definition for ‘plot’
    bd.shifts.plot: no visible global function definition for ‘lines’
    bdsky.stt.optim: no visible global function definition for ‘optim’
    create.mat: no visible global function definition for ‘write.table’
    Undefined global functions or variables:
     lines optim optimize plot read.table uniroot write.table
    Consider adding
     importFrom("graphics", "lines", "plot")
     importFrom("stats", "optim", "optimize", "uniroot")
     importFrom("utils", "read.table", "write.table")
    to your NAMESPACE file.
Flavors: r-devel-linux-x86_64-debian-clang, r-devel-linux-x86_64-debian-gcc, r-devel-linux-x86_64-fedora-clang, r-devel-linux-x86_64-fedora-gcc, r-devel-osx-x86_64-clang, r-devel-windows-ix86+x86_64, r-patched-linux-x86_64, r-patched-solaris-sparc, r-patched-solaris-x86, r-release-linux-x86_64, r-release-osx-x86_64-mavericks, r-release-windows-ix86+x86_64