CRAN Package Check Results for Package TreePar

Last updated on 2014-12-21 03:48:29.

Flavor Version Tinstall Tcheck Ttotal Status Flags
r-devel-linux-x86_64-debian-clang 3.2 4.68 54.41 59.09 WARN
r-devel-linux-x86_64-debian-gcc 3.2 3.84 51.54 55.38 WARN
r-devel-linux-x86_64-fedora-clang 3.2 143.47 WARN
r-devel-linux-x86_64-fedora-gcc 3.2 128.39 WARN
r-devel-osx-x86_64-clang 3.2 110.33 WARN
r-devel-windows-ix86+x86_64 3.2 14.00 78.00 92.00 WARN
r-patched-linux-x86_64 3.2 4.14 54.32 58.45 WARN
r-patched-solaris-sparc 3.2 735.40 WARN
r-patched-solaris-x86 3.2 178.10 WARN
r-release-linux-ix86 3.2 4.88 63.40 68.28 OK
r-release-linux-x86_64 3.2 4.14 54.50 58.64 OK
r-release-osx-x86_64-mavericks 3.2 OK
r-release-osx-x86_64-snowleopard 3.2 OK
r-release-windows-ix86+x86_64 3.2 13.00 90.00 103.00 OK
r-oldrel-windows-ix86+x86_64 3.2 13.00 83.00 96.00 OK

Check Details

Version: 3.2
Check: for unstated dependencies in examples
Result: WARN
    'library' or 'require' calls not declared from:
     ‘expoTree’ ‘laser’
Flavors: r-devel-linux-x86_64-debian-clang, r-devel-linux-x86_64-debian-gcc, r-devel-linux-x86_64-fedora-clang, r-devel-linux-x86_64-fedora-gcc, r-devel-osx-x86_64-clang, r-devel-windows-ix86+x86_64, r-patched-linux-x86_64, r-patched-solaris-sparc, r-patched-solaris-x86