CRAN Package Check Results for Package TreePar

Last updated on 2014-07-23 08:49:57.

Flavor Version Tinstall Tcheck Ttotal Status Flags
r-devel-linux-x86_64-debian-clang 2.5 4.86 50.04 54.90 NOTE
r-devel-linux-x86_64-debian-gcc 2.5 4.05 47.09 51.14 NOTE
r-devel-linux-x86_64-fedora-clang 2.5 126.90 NOTE
r-devel-linux-x86_64-fedora-gcc 2.5 119.58 NOTE
r-devel-osx-x86_64-clang 2.5 98.35 NOTE
r-devel-windows-ix86+x86_64 2.5 12.00 67.00 79.00 NOTE
r-patched-linux-x86_64 2.5 4.13 47.95 52.08 NOTE
r-patched-solaris-sparc 2.5 635.10 NOTE
r-patched-solaris-x86 2.5 161.70 NOTE
r-release-linux-ix86 2.5 4.95 59.07 64.02 NOTE
r-release-linux-x86_64 2.5 4.40 50.78 55.18 NOTE
r-release-osx-x86_64-mavericks 2.5 NOTE
r-release-osx-x86_64-snowleopard 2.5 NOTE
r-release-windows-ix86+x86_64 2.5 11.00 74.00 85.00 NOTE
r-oldrel-windows-ix86+x86_64 2.5 13.00 72.00 85.00 NOTE

Check Details

Version: 2.5
Check: dependencies in R code
Result: NOTE
    Packages in Depends field not imported from:
     ‘Matrix’ ‘deSolve’ ‘subplex’
     These packages need to be imported from (in the NAMESPACE file)
     for when this namespace is loaded but not attached.
    See the information on DESCRIPTION files in the chapter ‘Creating R
    packages’ of the ‘Writing R Extensions’ manual.
Flavors: r-devel-linux-x86_64-debian-clang, r-devel-linux-x86_64-debian-gcc, r-devel-linux-x86_64-fedora-clang, r-devel-linux-x86_64-fedora-gcc, r-devel-osx-x86_64-clang, r-devel-windows-ix86+x86_64, r-patched-linux-x86_64, r-patched-solaris-sparc, r-patched-solaris-x86, r-release-linux-ix86, r-release-linux-x86_64, r-release-osx-x86_64-mavericks, r-release-windows-ix86+x86_64, r-oldrel-windows-ix86+x86_64

Version: 2.5
Check: dependencies in R code
Result: NOTE
    Packages in Depends field not imported from:
     'Matrix' 'deSolve' 'subplex'
     These packages need to be imported from for the case when
     this namespace is loaded but not attached.
    See the information on DESCRIPTION files in the chapter 'Creating R
    packages' of the 'Writing R Extensions' manual.
Flavor: r-release-osx-x86_64-snowleopard