CRAN Package Check Results for Package TreePar

Last updated on 2017-11-22 05:49:40 CET.

Flavor Version Tinstall Tcheck Ttotal Status Flags
r-devel-linux-x86_64-debian-clang 3.3 2.70 39.19 41.89 NOTE
r-devel-linux-x86_64-debian-gcc 3.3 3.02 89.10 92.12 NOTE
r-devel-linux-x86_64-fedora-clang 3.3 76.30 NOTE
r-devel-linux-x86_64-fedora-gcc 3.3 125.29 NOTE
r-devel-windows-ix86+x86_64 3.3 9.00 72.00 81.00 NOTE
r-patched-linux-x86_64 3.3 2.90 43.36 46.27 NOTE
r-patched-solaris-x86 3.3 132.80 NOTE
r-release-linux-x86_64 3.3 2.94 43.89 46.83 NOTE
r-release-windows-ix86+x86_64 3.3 8.00 83.00 91.00 NOTE
r-release-osx-x86_64 3.3 NOTE
r-oldrel-windows-ix86+x86_64 3.3 7.00 96.00 103.00 NOTE
r-oldrel-osx-x86_64 3.3 NOTE

Check Details

Version: 3.3
Check: R code for possible problems
Result: NOTE
    LikAge: no visible global function definition for ‘read.table’
    bd.ME.optim: no visible global function definition for ‘optim’
    bd.ME.optim.rho: no visible global function definition for ‘optim’
    bd.ME.optim.rho.all: no visible global function definition for ‘optim’
    bd.MEyule.optim: no visible global function definition for ‘optimize’
    bd.MEyule.optim: no visible global function definition for ‘optim’
    bd.age.optim.matlab: no visible global function definition for
     ‘read.table’
    bd.groups.conf: no visible global function definition for ‘uniroot’
    bd.shifts.plot: no visible global function definition for ‘plot’
    bd.shifts.plot: no visible global function definition for ‘lines’
    bdsky.stt.optim: no visible global function definition for ‘optim’
    create.mat: no visible global function definition for ‘write.table’
    Undefined global functions or variables:
     lines optim optimize plot read.table uniroot write.table
    Consider adding
     importFrom("graphics", "lines", "plot")
     importFrom("stats", "optim", "optimize", "uniroot")
     importFrom("utils", "read.table", "write.table")
    to your NAMESPACE file.
Flavors: r-devel-linux-x86_64-debian-clang, r-devel-linux-x86_64-debian-gcc, r-devel-linux-x86_64-fedora-clang, r-devel-linux-x86_64-fedora-gcc, r-devel-windows-ix86+x86_64, r-patched-linux-x86_64, r-patched-solaris-x86, r-release-linux-x86_64, r-release-windows-ix86+x86_64, r-release-osx-x86_64, r-oldrel-windows-ix86+x86_64, r-oldrel-osx-x86_64