CRAN Package Check Results for Package TreePar

Last updated on 2014-04-17 20:47:44.

Flavor Version Tinstall Tcheck Ttotal Status Flags
r-devel-linux-x86_64-debian-clang 2.5 4.44 49.66 54.10 NOTE
r-devel-linux-x86_64-debian-gcc 2.5 4.28 51.87 56.15 NOTE
r-devel-linux-x86_64-fedora-clang 2.5 126.14 NOTE
r-devel-linux-x86_64-fedora-gcc 2.5 119.10 NOTE
r-devel-macosx-x86_64-clang 2.5 102.80 NOTE
r-devel-macosx-x86_64-gcc 2.5 NOTE
r-devel-windows-ix86+x86_64 2.5 14.00 66.00 80.00 NOTE
r-patched-linux-x86_64 2.5 4.22 50.72 54.94 NOTE
r-patched-solaris-sparc 2.5 635.10 NOTE
r-patched-solaris-x86 2.5 158.40 NOTE
r-release-linux-ix86 2.5 10.00 79.00 89.00 NOTE
r-release-linux-x86_64 2.5 4.43 50.34 54.77 NOTE
r-release-macosx-x86_64 2.5 NOTE
r-release-windows-ix86+x86_64 2.5 12.00 70.00 82.00 NOTE
r-oldrel-windows-ix86+x86_64 2.5 13.00 68.00 81.00 NOTE

Check Details

Version: 2.5
Check: dependencies in R code
Result: NOTE
    Packages in Depends field not imported from:
     ‘Matrix’ ‘deSolve’ ‘subplex’
     These packages need to be imported from (in the NAMESPACE file)
     for when this namespace is loaded but not attached.
    See the information on DESCRIPTION files in the chapter ‘Creating R
    packages’ of the ‘Writing R Extensions’ manual.
Flavors: r-devel-linux-x86_64-debian-clang, r-devel-linux-x86_64-debian-gcc, r-devel-linux-x86_64-fedora-clang, r-devel-linux-x86_64-fedora-gcc, r-devel-macosx-x86_64-clang, r-devel-macosx-x86_64-gcc, r-devel-windows-ix86+x86_64, r-patched-linux-x86_64, r-patched-solaris-sparc, r-patched-solaris-x86, r-release-linux-ix86, r-release-linux-x86_64, r-release-windows-ix86+x86_64, r-oldrel-windows-ix86+x86_64

Version: 2.5
Check: dependencies in R code
Result: NOTE
    Packages in Depends field not imported from:
     'Matrix' 'deSolve' 'subplex'
     These packages need to be imported from for the case when
     this namespace is loaded but not attached.
    See the information on DESCRIPTION files in the chapter 'Creating R
    packages' of the 'Writing R Extensions' manual.
Flavor: r-release-macosx-x86_64