CRAN Package Check Results for Package TreePar

Last updated on 2015-08-03 21:47:45.

Flavor Version Tinstall Tcheck Ttotal Status Flags
r-devel-linux-x86_64-debian-clang 3.3 3.14 42.67 45.80 NOTE
r-devel-linux-x86_64-debian-gcc 3.3 3.93 41.16 45.09 NOTE
r-devel-linux-x86_64-fedora-clang 3.3 97.38 NOTE
r-devel-linux-x86_64-fedora-gcc 3.3 89.61 NOTE
r-devel-osx-x86_64-clang 3.3 77.74 OK
r-devel-windows-ix86+x86_64 3.3 10.00 68.00 78.00 NOTE
r-patched-linux-x86_64 3.3 3.29 41.57 44.86 OK
r-patched-solaris-sparc 3.3 576.70 OK
r-patched-solaris-x86 3.3 129.80 OK
r-release-linux-x86_64 3.3 3.35 41.64 45.00 OK
r-release-osx-x86_64-mavericks 3.3 OK
r-release-windows-ix86+x86_64 3.3 12.00 97.00 109.00 OK
r-oldrel-windows-ix86+x86_64 3.3 15.00 120.00 135.00 OK

Check Details

Version: 3.3
Check: R code for possible problems
Result: NOTE
    LikAge: no visible global function definition for ‘read.table’
    bd.ME.optim: no visible global function definition for ‘optim’
    bd.ME.optim.rho: no visible global function definition for ‘optim’
    bd.ME.optim.rho.all: no visible global function definition for ‘optim’
    bd.MEyule.optim: no visible global function definition for ‘optimize’
    bd.MEyule.optim: no visible global function definition for ‘optim’
    bd.age.optim.matlab: no visible global function definition for
     ‘read.table’
    bd.groups.conf: no visible global function definition for ‘uniroot’
    bd.shifts.plot: no visible global function definition for ‘plot’
    bd.shifts.plot: no visible global function definition for ‘lines’
    bdsky.stt.optim: no visible global function definition for ‘optim’
    create.mat: no visible global function definition for ‘write.table’
    Undefined global functions or variables:
     lines optim optimize plot read.table uniroot write.table
    Consider adding
     importFrom("graphics", "lines", "plot")
     importFrom("stats", "optim", "optimize", "uniroot")
     importFrom("utils", "read.table", "write.table")
    to your NAMESPACE.
Flavors: r-devel-linux-x86_64-debian-clang, r-devel-linux-x86_64-debian-gcc, r-devel-linux-x86_64-fedora-clang, r-devel-linux-x86_64-fedora-gcc, r-devel-windows-ix86+x86_64