CRAN Package Check Results for Package TreePar

Last updated on 2016-02-07 10:48:10.

Flavor Version Tinstall Tcheck Ttotal Status Flags
r-devel-linux-x86_64-debian-gcc 3.3 3.26 39.48 42.74 NOTE
r-devel-linux-x86_64-fedora-clang 3.3 87.09 NOTE
r-devel-linux-x86_64-fedora-gcc 3.3 83.07 NOTE
r-devel-osx-x86_64-clang 3.3 90.34 NOTE
r-devel-windows-ix86+x86_64 3.3 8.00 97.00 105.00 NOTE
r-patched-linux-x86_64 3.3 3.47 44.03 47.49 OK
r-patched-solaris-sparc 3.3 547.80 OK
r-patched-solaris-x86 3.3 116.40 OK
r-release-linux-x86_64 3.3 3.52 44.46 47.98 OK
r-release-osx-x86_64-mavericks 3.3 OK
r-release-windows-ix86+x86_64 3.3 8.00 73.00 81.00 OK
r-oldrel-windows-ix86+x86_64 3.3 19.00 102.00 121.00 OK

Check Details

Version: 3.3
Check: R code for possible problems
Result: NOTE
    LikAge: no visible global function definition for ‘read.table’
    bd.ME.optim: no visible global function definition for ‘optim’
    bd.ME.optim.rho: no visible global function definition for ‘optim’
    bd.ME.optim.rho.all: no visible global function definition for ‘optim’
    bd.MEyule.optim: no visible global function definition for ‘optimize’
    bd.MEyule.optim: no visible global function definition for ‘optim’
    bd.age.optim.matlab: no visible global function definition for
     ‘read.table’
    bd.groups.conf: no visible global function definition for ‘uniroot’
    bd.shifts.plot: no visible global function definition for ‘plot’
    bd.shifts.plot: no visible global function definition for ‘lines’
    bdsky.stt.optim: no visible global function definition for ‘optim’
    create.mat: no visible global function definition for ‘write.table’
    Undefined global functions or variables:
     lines optim optimize plot read.table uniroot write.table
    Consider adding
     importFrom("graphics", "lines", "plot")
     importFrom("stats", "optim", "optimize", "uniroot")
     importFrom("utils", "read.table", "write.table")
    to your NAMESPACE file.
Flavors: r-devel-linux-x86_64-debian-gcc, r-devel-linux-x86_64-fedora-clang, r-devel-linux-x86_64-fedora-gcc, r-devel-osx-x86_64-clang, r-devel-windows-ix86+x86_64