CRAN Package Check Results for Package TreePar

Last updated on 2016-07-01 11:49:33.

Flavor Version Tinstall Tcheck Ttotal Status Flags
r-devel-linux-x86_64-debian-gcc 3.3 3.86 45.29 49.15 NOTE
r-devel-linux-x86_64-fedora-clang 3.3 86.98 NOTE
r-devel-linux-x86_64-fedora-gcc 3.3 81.29 NOTE
r-devel-osx-x86_64-clang 3.3 67.48 NOTE
r-devel-windows-ix86+x86_64 3.3 8.00 95.00 103.00 NOTE
r-patched-linux-x86_64 3.3 4.18 45.59 49.77 NOTE
r-patched-solaris-sparc 3.3 510.50 NOTE
r-patched-solaris-x86 3.3 113.90 NOTE
r-release-linux-x86_64 3.3 3.29 40.88 44.17 NOTE
r-release-osx-x86_64-mavericks 3.3 NOTE
r-release-windows-ix86+x86_64 3.3 10.00 76.00 86.00 NOTE
r-oldrel-windows-ix86+x86_64 3.3 11.00 101.00 112.00 OK

Check Details

Version: 3.3
Check: R code for possible problems
Result: NOTE
    LikAge: no visible global function definition for ‘read.table’
    bd.ME.optim: no visible global function definition for ‘optim’
    bd.ME.optim.rho: no visible global function definition for ‘optim’
    bd.ME.optim.rho.all: no visible global function definition for ‘optim’
    bd.MEyule.optim: no visible global function definition for ‘optimize’
    bd.MEyule.optim: no visible global function definition for ‘optim’
    bd.age.optim.matlab: no visible global function definition for
     ‘read.table’
    bd.groups.conf: no visible global function definition for ‘uniroot’
    bd.shifts.plot: no visible global function definition for ‘plot’
    bd.shifts.plot: no visible global function definition for ‘lines’
    bdsky.stt.optim: no visible global function definition for ‘optim’
    create.mat: no visible global function definition for ‘write.table’
    Undefined global functions or variables:
     lines optim optimize plot read.table uniroot write.table
    Consider adding
     importFrom("graphics", "lines", "plot")
     importFrom("stats", "optim", "optimize", "uniroot")
     importFrom("utils", "read.table", "write.table")
    to your NAMESPACE file.
Flavors: r-devel-linux-x86_64-debian-gcc, r-devel-linux-x86_64-fedora-clang, r-devel-linux-x86_64-fedora-gcc, r-devel-osx-x86_64-clang, r-devel-windows-ix86+x86_64, r-patched-linux-x86_64, r-patched-solaris-sparc, r-patched-solaris-x86, r-release-linux-x86_64, r-release-osx-x86_64-mavericks, r-release-windows-ix86+x86_64