CRAN Package Check Results for Package TreePar

Last updated on 2015-07-02 21:47:16.

Flavor Version Tinstall Tcheck Ttotal Status Flags
r-devel-linux-x86_64-debian-clang 3.3 3.04 45.16 48.20 NOTE
r-devel-linux-x86_64-debian-gcc 3.3 3.09 41.09 44.18 NOTE
r-devel-linux-x86_64-fedora-clang 3.3 92.32 NOTE
r-devel-linux-x86_64-fedora-gcc 3.3 82.56 NOTE
r-devel-osx-x86_64-clang 3.3 82.14 OK
r-devel-windows-ix86+x86_64 3.3 10.00 60.00 70.00 NOTE
r-patched-linux-x86_64 3.3 3.14 41.08 44.22 OK
r-patched-solaris-sparc 3.3 567.50 OK
r-patched-solaris-x86 3.3 129.50 OK
r-release-linux-x86_64 3.3 3.18 41.87 45.05 OK
r-release-osx-x86_64-mavericks 3.3 OK
r-release-windows-ix86+x86_64 3.3 11.00 61.00 72.00 OK
r-oldrel-windows-ix86+x86_64 3.3 15.00 84.00 99.00 OK

Check Details

Version: 3.3
Check: R code for possible problems
Result: NOTE
    LikAge: no visible global function definition for ‘read.table’
    bd.ME.optim: no visible global function definition for ‘optim’
    bd.ME.optim.rho: no visible global function definition for ‘optim’
    bd.ME.optim.rho.all: no visible global function definition for ‘optim’
    bd.MEyule.optim: no visible global function definition for ‘optimize’
    bd.MEyule.optim: no visible global function definition for ‘optim’
    bd.age.optim.matlab: no visible global function definition for
     ‘read.table’
    bd.groups.conf: no visible global function definition for ‘uniroot’
    bd.shifts.plot: no visible global function definition for ‘plot’
    bd.shifts.plot: no visible global function definition for ‘lines’
    bdsky.stt.optim: no visible global function definition for ‘optim’
    create.mat: no visible global function definition for ‘write.table’
    Undefined global functions or variables:
     lines optim optimize plot read.table uniroot write.table
Flavors: r-devel-linux-x86_64-debian-clang, r-devel-linux-x86_64-fedora-clang, r-devel-linux-x86_64-fedora-gcc

Version: 3.3
Check: R code for possible problems
Result: NOTE
    LikAge: no visible global function definition for ‘read.table’
    bd.ME.optim: no visible global function definition for ‘optim’
    bd.ME.optim.rho: no visible global function definition for ‘optim’
    bd.ME.optim.rho.all: no visible global function definition for ‘optim’
    bd.MEyule.optim: no visible global function definition for ‘optimize’
    bd.MEyule.optim: no visible global function definition for ‘optim’
    bd.age.optim.matlab: no visible global function definition for
     ‘read.table’
    bd.groups.conf: no visible global function definition for ‘uniroot’
    bd.shifts.plot: no visible global function definition for ‘plot’
    bd.shifts.plot: no visible global function definition for ‘lines’
    bdsky.stt.optim: no visible global function definition for ‘optim’
    create.mat: no visible global function definition for ‘write.table’
Flavors: r-devel-linux-x86_64-debian-gcc, r-devel-windows-ix86+x86_64