CRAN Package Check Results for Package TreePar

Last updated on 2016-05-01 08:48:34.

Flavor Version Tinstall Tcheck Ttotal Status Flags
r-devel-linux-x86_64-debian-gcc 3.3 3.23 41.46 44.69 NOTE
r-devel-linux-x86_64-fedora-clang 3.3 85.27 NOTE
r-devel-linux-x86_64-fedora-gcc 3.3 81.55 NOTE
r-devel-osx-x86_64-clang 3.3 92.36 NOTE
r-devel-windows-ix86+x86_64 3.3 9.00 74.00 83.00 NOTE
r-patched-linux-x86_64 3.3 3.06 40.31 43.38 NOTE
r-patched-solaris-sparc 3.3 504.90 NOTE
r-patched-solaris-x86 3.3 112.20 NOTE
r-release-linux-x86_64 3.3 3.47 45.50 48.97 OK
r-release-osx-x86_64-mavericks 3.3 OK
r-release-windows-ix86+x86_64 3.3 15.00 93.00 108.00 OK
r-oldrel-windows-ix86+x86_64 3.3 17.00 128.00 145.00 OK

Check Details

Version: 3.3
Check: R code for possible problems
Result: NOTE
    LikAge: no visible global function definition for ‘read.table’
    bd.ME.optim: no visible global function definition for ‘optim’
    bd.ME.optim.rho: no visible global function definition for ‘optim’
    bd.ME.optim.rho.all: no visible global function definition for ‘optim’
    bd.MEyule.optim: no visible global function definition for ‘optimize’
    bd.MEyule.optim: no visible global function definition for ‘optim’
    bd.age.optim.matlab: no visible global function definition for
     ‘read.table’
    bd.groups.conf: no visible global function definition for ‘uniroot’
    bd.shifts.plot: no visible global function definition for ‘plot’
    bd.shifts.plot: no visible global function definition for ‘lines’
    bdsky.stt.optim: no visible global function definition for ‘optim’
    create.mat: no visible global function definition for ‘write.table’
    Undefined global functions or variables:
     lines optim optimize plot read.table uniroot write.table
    Consider adding
     importFrom("graphics", "lines", "plot")
     importFrom("stats", "optim", "optimize", "uniroot")
     importFrom("utils", "read.table", "write.table")
    to your NAMESPACE file.
Flavors: r-devel-linux-x86_64-debian-gcc, r-devel-linux-x86_64-fedora-clang, r-devel-linux-x86_64-fedora-gcc, r-devel-osx-x86_64-clang, r-devel-windows-ix86+x86_64, r-patched-linux-x86_64, r-patched-solaris-sparc, r-patched-solaris-x86