CRAN Package Check Results for Package TreeSim

Last updated on 2020-09-29 10:48:22 CEST.

Flavor Version Tinstall Tcheck Ttotal Status Flags
r-devel-linux-x86_64-debian-clang 2.4 10.98 85.81 96.79 OK
r-devel-linux-x86_64-debian-gcc 2.4 9.86 64.90 74.76 OK
r-devel-linux-x86_64-fedora-clang 2.4 128.55 OK
r-devel-linux-x86_64-fedora-gcc 2.4 114.11 OK
r-devel-windows-ix86+x86_64 2.4 23.00 106.00 129.00 OK
r-patched-linux-x86_64 2.4 9.18 80.12 89.30 OK
r-patched-solaris-x86 2.4 165.50 OK
r-release-linux-x86_64 2.4 12.07 80.00 92.07 OK
r-release-macos-x86_64 2.4 OK
r-release-windows-ix86+x86_64 2.4 25.00 102.00 127.00 OK
r-oldrel-macos-x86_64 2.4 OK
r-oldrel-windows-ix86+x86_64 2.4 5.00 9.00 14.00 ERROR

Check Details

Version: 2.4
Check: whether package can be installed
Result: ERROR
    Installation failed.
Flavor: r-oldrel-windows-ix86+x86_64