CRAN Package Check Results for Package TreeSim

Last updated on 2015-06-30 09:47:18.

Flavor Version Tinstall Tcheck Ttotal Status Flags
r-devel-linux-x86_64-debian-clang 2.1 1.18 24.44 25.62 NOTE
r-devel-linux-x86_64-debian-gcc 2.1 1.59 23.32 24.91 NOTE
r-devel-linux-x86_64-fedora-clang 2.1 50.42 OK
r-devel-linux-x86_64-fedora-gcc 2.1 47.21 OK
r-devel-osx-x86_64-clang 2.1 45.56 OK
r-devel-windows-ix86+x86_64 2.1 4.00 40.00 44.00 NOTE
r-patched-linux-x86_64 2.1 1.18 23.52 24.70 OK
r-patched-solaris-sparc 2.1 322.10 OK
r-patched-solaris-x86 2.1 67.80 OK
r-release-linux-x86_64 2.1 1.20 23.62 24.83 OK
r-release-osx-x86_64-mavericks 2.1 OK
r-release-windows-ix86+x86_64 2.1 6.00 33.00 39.00 OK
r-oldrel-windows-ix86+x86_64 2.1 8.00 52.00 60.00 OK

Check Details

Version: 2.1
Check: R code for possible problems
Result: NOTE
    LTT.plot: no visible global function definition for ‘plot’
    LTT.plot: no visible global function definition for ‘axis’
    LTT.plot: no visible global function definition for ‘lines’
    corsim: no visible global function definition for ‘runif’
    sim.bdsky.stt: no visible global function definition for ‘rexp’
    sim.bdsky.stt: no visible global function definition for ‘runif’
    sim.bdtypes.stt.taxa: no visible global function definition for ‘runif’
    sim.bdtypes.stt.taxa: no visible global function definition for ‘rexp’
    sim.genespeciestree: no visible global function definition for ‘rexp’
    sim2.bd.fast.single: no visible global function definition for ‘runif’
    sim2.bd.fast.single.mrca: no visible global function definition for
     ‘reorder’
    sim2.bd.fast.single.origin: no visible global function definition for
     ‘runif’
    sim2.bd.gsa: no visible global function definition for ‘runif’
    sim2.bd.gsa: no visible global function definition for ‘reorder’
    sim2.bd.mrca: no visible global function definition for ‘rexp’
    sim2.bd.mrca: no visible global function definition for ‘runif’
    sim2.bd.origin: no visible global function definition for ‘rexp’
    sim2.bd.origin: no visible global function definition for ‘runif’
    sim2.bd.rateshift.single: no visible global function definition for
     ‘rexp’
    sim2.bd.rateshift.single: no visible global function definition for
     ‘runif’
    sim2.bd.rateshift.single: no visible global function definition for
     ‘reorder’
    sim2.bd.reverse.single: no visible global function definition for
     ‘rexp’
    sim2.bd.reverse.single: no visible global function definition for
     ‘runif’
    sim2.bd.reverse.single: no visible global function definition for
     ‘reorder’
    sim2.gsa: no visible global function definition for ‘runif’
    sim2.gsa: no visible global function definition for ‘reorder’
Flavors: r-devel-linux-x86_64-debian-clang, r-devel-linux-x86_64-debian-gcc, r-devel-windows-ix86+x86_64