CRAN Package Check Results for Package TreeSim

Last updated on 2015-08-28 21:47:04.

Flavor Version Tinstall Tcheck Ttotal Status Flags
r-devel-linux-x86_64-debian-clang 2.1 1.42 23.28 24.70 NOTE
r-devel-linux-x86_64-debian-gcc 2.1 1.13 23.14 24.27 NOTE
r-devel-linux-x86_64-fedora-clang 2.1 49.77 NOTE
r-devel-linux-x86_64-fedora-gcc 2.1 45.16 NOTE
r-devel-osx-x86_64-clang 2.1 42.68 OK
r-devel-windows-ix86+x86_64 2.1 6.00 45.00 51.00 NOTE
r-patched-linux-x86_64 2.1 1.23 24.31 25.54 OK
r-patched-solaris-sparc 2.1 321.20 OK
r-patched-solaris-x86 2.1 67.70 OK
r-release-linux-x86_64 2.1 1.30 24.68 25.98 OK
r-release-osx-x86_64-mavericks 2.1 OK
r-release-windows-ix86+x86_64 2.1 6.00 45.00 51.00 OK
r-oldrel-windows-ix86+x86_64 2.1 12.00 75.00 87.00 OK

Check Details

Version: 2.1
Check: R code for possible problems
Result: NOTE
    LTT.plot: no visible global function definition for ‘plot’
    LTT.plot: no visible global function definition for ‘axis’
    LTT.plot: no visible global function definition for ‘lines’
    corsim: no visible global function definition for ‘runif’
    sim.bdsky.stt: no visible global function definition for ‘rexp’
    sim.bdsky.stt: no visible global function definition for ‘runif’
    sim.bdtypes.stt.taxa: no visible global function definition for ‘runif’
    sim.bdtypes.stt.taxa: no visible global function definition for ‘rexp’
    sim.genespeciestree: no visible global function definition for ‘rexp’
    sim2.bd.fast.single: no visible global function definition for ‘runif’
    sim2.bd.fast.single.mrca: no visible global function definition for
     ‘reorder’
    sim2.bd.fast.single.origin: no visible global function definition for
     ‘runif’
    sim2.bd.gsa: no visible global function definition for ‘runif’
    sim2.bd.gsa: no visible global function definition for ‘reorder’
    sim2.bd.mrca: no visible global function definition for ‘rexp’
    sim2.bd.mrca: no visible global function definition for ‘runif’
    sim2.bd.origin: no visible global function definition for ‘rexp’
    sim2.bd.origin: no visible global function definition for ‘runif’
    sim2.bd.rateshift.single: no visible global function definition for
     ‘rexp’
    sim2.bd.rateshift.single: no visible global function definition for
     ‘runif’
    sim2.bd.rateshift.single: no visible global function definition for
     ‘reorder’
    sim2.bd.reverse.single: no visible global function definition for
     ‘rexp’
    sim2.bd.reverse.single: no visible global function definition for
     ‘runif’
    sim2.bd.reverse.single: no visible global function definition for
     ‘reorder’
    sim2.gsa: no visible global function definition for ‘runif’
    sim2.gsa: no visible global function definition for ‘reorder’
    Undefined global functions or variables:
     axis lines plot reorder rexp runif
    Consider adding
     importFrom("graphics", "axis", "lines", "plot")
     importFrom("stats", "reorder", "rexp", "runif")
    to your NAMESPACE.
Flavors: r-devel-linux-x86_64-debian-clang, r-devel-linux-x86_64-debian-gcc, r-devel-linux-x86_64-fedora-clang, r-devel-linux-x86_64-fedora-gcc, r-devel-windows-ix86+x86_64