CRAN Package Check Results for Package TreeSimGM

Last updated on 2015-02-01 20:48:50.

Flavor Version Tinstall Tcheck Ttotal Status Flags
r-devel-linux-x86_64-debian-clang 1.2 1.13 17.49 18.62 NOTE
r-devel-linux-x86_64-debian-gcc 1.2 1.11 16.58 17.69 NOTE
r-devel-linux-x86_64-fedora-clang 1.2 36.68 NOTE
r-devel-linux-x86_64-fedora-gcc 1.2 33.97 NOTE
r-devel-osx-x86_64-clang 1.2 41.66 NOTE
r-devel-windows-ix86+x86_64 1.2 7.00 29.00 36.00 NOTE
r-patched-linux-x86_64 1.2 1.42 24.06 25.48 NOTE
r-patched-solaris-sparc 1.2 306.20 NOTE
r-patched-solaris-x86 1.2 69.60 NOTE
r-release-linux-ix86 1.2 1.84 29.84 31.67 NOTE
r-release-linux-x86_64 1.2 1.42 24.06 25.49 NOTE
r-release-osx-x86_64-mavericks 1.2 NOTE
r-release-osx-x86_64-snowleopard 1.2 OK
r-release-windows-ix86+x86_64 1.2 7.00 44.00 51.00 NOTE
r-oldrel-windows-ix86+x86_64 1.2 7.00 47.00 54.00 OK

Check Details

Version: 1.2
Check: R code for possible problems
Result: NOTE
    mytree.asymmetric.age: no visible global function definition for
     ‘collapse.singles’
    mytree.asymmetric.age: no visible global function definition for
     ‘drop.fossil’
    mytree.asymmetric.taxa: no visible global function definition for
     ‘collapse.singles’
    mytree.asymmetric.taxa: no visible global function definition for
     ‘drop.fossil’
    mytree.symmetric.age: no visible global function definition for
     ‘collapse.singles’
    mytree.symmetric.age: no visible global function definition for
     ‘drop.fossil’
    mytree.symmetric.taxa: no visible global function definition for
     ‘collapse.singles’
    mytree.symmetric.taxa: no visible global function definition for
     ‘drop.fossil’
Flavors: r-devel-linux-x86_64-debian-clang, r-devel-linux-x86_64-debian-gcc, r-devel-linux-x86_64-fedora-clang, r-devel-linux-x86_64-fedora-gcc, r-devel-osx-x86_64-clang, r-devel-windows-ix86+x86_64, r-patched-linux-x86_64, r-patched-solaris-sparc, r-patched-solaris-x86, r-release-linux-ix86, r-release-linux-x86_64, r-release-osx-x86_64-mavericks, r-release-windows-ix86+x86_64