CRAN Package Check Results for Package TreeSimGM

Last updated on 2014-10-25 09:52:20.

Flavor Version Tinstall Tcheck Ttotal Status Flags
r-devel-linux-x86_64-debian-clang 1.2 1.51 23.56 25.08 NOTE
r-devel-linux-x86_64-debian-gcc 1.2 1.38 23.35 24.73 NOTE
r-devel-linux-x86_64-fedora-clang 1.2 50.29 NOTE
r-devel-linux-x86_64-fedora-gcc 1.2 47.30 NOTE
r-devel-osx-x86_64-clang 1.2 46.99 NOTE
r-devel-windows-ix86+x86_64 1.2 6.00 37.00 43.00 NOTE
r-patched-linux-x86_64 1.2 1.54 24.03 25.57 NOTE
r-patched-solaris-sparc 1.2 279.30 NOTE
r-patched-solaris-x86 1.2 69.00 NOTE
r-release-linux-ix86 1.2 2.13 30.17 32.30 OK
r-release-linux-x86_64 1.2 1.53 23.53 25.06 OK
r-release-osx-x86_64-mavericks 1.2 OK
r-release-osx-x86_64-snowleopard 1.2 OK
r-release-windows-ix86+x86_64 1.2 8.00 40.00 48.00 OK
r-oldrel-windows-ix86+x86_64 1.2 7.00 42.00 49.00 OK

Check Details

Version: 1.2
Check: R code for possible problems
Result: NOTE
    mytree.asymmetric.age: no visible global function definition for
     ‘collapse.singles’
    mytree.asymmetric.age: no visible global function definition for
     ‘drop.fossil’
    mytree.asymmetric.taxa: no visible global function definition for
     ‘collapse.singles’
    mytree.asymmetric.taxa: no visible global function definition for
     ‘drop.fossil’
    mytree.symmetric.age: no visible global function definition for
     ‘collapse.singles’
    mytree.symmetric.age: no visible global function definition for
     ‘drop.fossil’
    mytree.symmetric.taxa: no visible global function definition for
     ‘collapse.singles’
    mytree.symmetric.taxa: no visible global function definition for
     ‘drop.fossil’
Flavors: r-devel-linux-x86_64-debian-clang, r-devel-linux-x86_64-debian-gcc, r-devel-linux-x86_64-fedora-clang, r-devel-linux-x86_64-fedora-gcc, r-devel-osx-x86_64-clang, r-devel-windows-ix86+x86_64, r-patched-linux-x86_64, r-patched-solaris-sparc, r-patched-solaris-x86