CRAN Package Check Results for Package TreeSimGM

Last updated on 2015-08-02 03:48:33.

Flavor Version Tinstall Tcheck Ttotal Status Flags
r-devel-linux-x86_64-debian-clang 1.2 1.40 17.10 18.50 NOTE
r-devel-linux-x86_64-debian-gcc 1.2 1.93 17.11 19.04 NOTE
r-devel-linux-x86_64-fedora-clang 1.2 36.28 NOTE
r-devel-linux-x86_64-fedora-gcc 1.2 35.09 NOTE
r-devel-osx-x86_64-clang 1.2 33.11 NOTE
r-devel-windows-ix86+x86_64 1.2 4.00 30.00 34.00 NOTE
r-patched-linux-x86_64 1.2 1.29 17.80 19.08 NOTE
r-patched-solaris-sparc 1.2 231.40 NOTE
r-patched-solaris-x86 1.2 54.10 NOTE
r-release-linux-x86_64 1.2 1.12 17.36 18.48 NOTE
r-release-osx-x86_64-mavericks 1.2 NOTE
r-release-windows-ix86+x86_64 1.2 6.00 54.00 60.00 NOTE
r-oldrel-windows-ix86+x86_64 1.2 10.00 45.00 55.00 NOTE

Check Details

Version: 1.2
Check: R code for possible problems
Result: NOTE
    mytree.asymmetric.age: no visible global function definition for
     ‘capture.output’
    mytree.asymmetric.age: no visible global function definition for
     ‘collapse.singles’
    mytree.asymmetric.age: no visible global function definition for
     ‘drop.fossil’
    mytree.asymmetric.taxa: no visible global function definition for
     ‘capture.output’
    mytree.asymmetric.taxa: no visible global function definition for
     ‘collapse.singles’
    mytree.asymmetric.taxa: no visible global function definition for
     ‘drop.fossil’
    mytree.symmetric.age: no visible global function definition for
     ‘capture.output’
    mytree.symmetric.age: no visible global function definition for
     ‘collapse.singles’
    mytree.symmetric.age: no visible global function definition for
     ‘drop.fossil’
    mytree.symmetric.taxa: no visible global function definition for
     ‘capture.output’
    mytree.symmetric.taxa: no visible global function definition for
     ‘collapse.singles’
    mytree.symmetric.taxa: no visible global function definition for
     ‘drop.fossil’
    Undefined global functions or variables:
     capture.output collapse.singles drop.fossil
    Consider adding
     importFrom("utils", "capture.output")
    to your NAMESPACE.
Flavors: r-devel-linux-x86_64-debian-clang, r-devel-linux-x86_64-debian-gcc, r-devel-linux-x86_64-fedora-clang, r-devel-linux-x86_64-fedora-gcc, r-devel-windows-ix86+x86_64

Version: 1.2
Check: R code for possible problems
Result: NOTE
    mytree.asymmetric.age: no visible global function definition for
     ‘collapse.singles’
    mytree.asymmetric.age: no visible global function definition for
     ‘drop.fossil’
    mytree.asymmetric.taxa: no visible global function definition for
     ‘collapse.singles’
    mytree.asymmetric.taxa: no visible global function definition for
     ‘drop.fossil’
    mytree.symmetric.age: no visible global function definition for
     ‘collapse.singles’
    mytree.symmetric.age: no visible global function definition for
     ‘drop.fossil’
    mytree.symmetric.taxa: no visible global function definition for
     ‘collapse.singles’
    mytree.symmetric.taxa: no visible global function definition for
     ‘drop.fossil’
    Undefined global functions or variables:
     collapse.singles drop.fossil
Flavor: r-devel-osx-x86_64-clang

Version: 1.2
Check: R code for possible problems
Result: NOTE
    mytree.asymmetric.age: no visible global function definition for
     ‘collapse.singles’
    mytree.asymmetric.age: no visible global function definition for
     ‘drop.fossil’
    mytree.asymmetric.taxa: no visible global function definition for
     ‘collapse.singles’
    mytree.asymmetric.taxa: no visible global function definition for
     ‘drop.fossil’
    mytree.symmetric.age: no visible global function definition for
     ‘collapse.singles’
    mytree.symmetric.age: no visible global function definition for
     ‘drop.fossil’
    mytree.symmetric.taxa: no visible global function definition for
     ‘collapse.singles’
    mytree.symmetric.taxa: no visible global function definition for
     ‘drop.fossil’
Flavors: r-patched-linux-x86_64, r-patched-solaris-sparc, r-patched-solaris-x86, r-release-linux-x86_64, r-release-osx-x86_64-mavericks, r-release-windows-ix86+x86_64, r-oldrel-windows-ix86+x86_64