CRAN Package Check Results for Package TreeSimGM

Last updated on 2014-07-23 04:48:33.

Flavor Version Tinstall Tcheck Ttotal Status Flags
r-devel-linux-x86_64-debian-clang 1.1 1.43 22.34 23.78 OK
r-devel-linux-x86_64-debian-gcc 1.1 1.48 21.83 23.31 OK
r-devel-linux-x86_64-fedora-clang 1.1 49.80 NOTE
r-devel-linux-x86_64-fedora-gcc 1.1 47.77 NOTE
r-devel-osx-x86_64-clang 1.1 46.23 OK
r-devel-windows-ix86+x86_64 1.1 6.00 35.00 41.00 OK
r-patched-linux-x86_64 1.1 1.44 22.67 24.11 OK
r-patched-solaris-sparc 1.1 267.30 OK
r-patched-solaris-x86 1.1 65.30 OK
r-release-linux-ix86 1.1 1.86 30.08 31.94 OK
r-release-linux-x86_64 1.1 1.47 22.96 24.43 OK
r-release-osx-x86_64-mavericks 1.1 OK
r-release-osx-x86_64-snowleopard 1.1 OK
r-release-windows-ix86+x86_64 1.1 7.00 38.00 45.00 OK
r-oldrel-windows-ix86+x86_64 1.1 6.00 40.00 46.00 OK

Check Details

Version: 1.1
Check: Rd line widths
Result: NOTE
    Rd file 'TreeSimGM-package.Rd':
     \examples lines wider than 100 characters:
     mytree <- sim.taxa(numbsim=5, n=40, m=40, distributionspname="rweibull", distributionspparameters=c(0.1,1), distributionextname="rexp ... [TRUNCATED]
    
    Rd file 'sim.age.Rd':
     \usage lines wider than 90 characters:
     sim.age(age, numbsim, distributionspname, distributionspparameters, distributionextname = "rexp", distributionextparameters = 0, symmet ... [TRUNCATED]
    
    Rd file 'sim.taxa.Rd':
     \usage lines wider than 90 characters:
     sim.taxa(numbsim, n, m = n, distributionspname, distributionspparameters, distributionextname = "rexp", distributionextparameters = 0, ... [TRUNCATED]
     \examples lines wider than 100 characters:
     my3s <- sim.taxa(1, n=10, distributionspname="rweibull", distributionspparameters=c(1.5,1), symmetric=TRUE, complete=TRUE, labellivings ... [TRUNCATED]
     mytree <- sim.taxa(numbsim=10, n=10, m=15, distributionspname="rexp", distributionspparameters=c(1.5), distributionextname="rexp", di ... [TRUNCATED]
    
    These lines will be truncated in the PDF manual.
Flavors: r-devel-linux-x86_64-fedora-clang, r-devel-linux-x86_64-fedora-gcc