CRAN Package Check Results for Package TreeSimGM

Last updated on 2014-09-21 03:49:16.

Flavor Version Tinstall Tcheck Ttotal Status Flags
r-devel-linux-x86_64-debian-clang 1.2 1.42 22.92 24.34 NOTE
r-devel-linux-x86_64-debian-gcc 1.2 1.36 22.39 23.75 NOTE
r-devel-linux-x86_64-fedora-clang 1.2 50.21 NOTE
r-devel-linux-x86_64-fedora-gcc 1.2 47.51 NOTE
r-devel-osx-x86_64-clang 1.2 47.33 NOTE
r-devel-windows-ix86+x86_64 1.2 6.00 36.00 42.00 NOTE
r-patched-linux-x86_64 1.2 1.44 23.53 24.97 OK
r-patched-solaris-sparc 1.2 285.40 OK
r-patched-solaris-x86 1.2 67.40 OK
r-release-linux-ix86 1.2 2.01 30.28 32.29 OK
r-release-linux-x86_64 1.2 1.51 24.08 25.59 OK
r-release-osx-x86_64-mavericks 1.2 OK
r-release-osx-x86_64-snowleopard 1.2 OK
r-release-windows-ix86+x86_64 1.2 6.00 38.00 44.00 OK
r-oldrel-windows-ix86+x86_64 1.2 6.00 41.00 47.00 OK

Check Details

Version: 1.2
Check: R code for possible problems
Result: NOTE
    mytree.asymmetric.age: no visible global function definition for
     ‘collapse.singles’
    mytree.asymmetric.age: no visible global function definition for
     ‘drop.fossil’
    mytree.asymmetric.taxa: no visible global function definition for
     ‘collapse.singles’
    mytree.asymmetric.taxa: no visible global function definition for
     ‘drop.fossil’
    mytree.symmetric.age: no visible global function definition for
     ‘collapse.singles’
    mytree.symmetric.age: no visible global function definition for
     ‘drop.fossil’
    mytree.symmetric.taxa: no visible global function definition for
     ‘collapse.singles’
    mytree.symmetric.taxa: no visible global function definition for
     ‘drop.fossil’
Flavors: r-devel-linux-x86_64-debian-clang, r-devel-linux-x86_64-debian-gcc, r-devel-linux-x86_64-fedora-clang, r-devel-linux-x86_64-fedora-gcc, r-devel-osx-x86_64-clang, r-devel-windows-ix86+x86_64