CRAN Package Check Results for Package TreeSimGM

Last updated on 2015-04-01 19:48:40.

Flavor Version Tinstall Tcheck Ttotal Status Flags
r-devel-linux-x86_64-debian-clang 1.2 1.08 16.43 17.52 NOTE
r-devel-linux-x86_64-debian-gcc 1.2 1.42 16.33 17.76 NOTE
r-devel-linux-x86_64-fedora-clang 1.2 36.31 NOTE
r-devel-linux-x86_64-fedora-gcc 1.2 33.64 NOTE
r-devel-osx-x86_64-clang 1.2 39.40 NOTE
r-prerel-windows-ix86+x86_64 1.2 4.00 25.00 29.00 NOTE
r-prerel-linux-x86_64 1.2 1.10 16.40 17.51 NOTE
r-prerel-solaris-sparc 1.2 228.50 NOTE
r-prerel-solaris-x86 1.2 50.80 NOTE
r-release-linux-x86_64 1.2 1.80 24.01 25.81 NOTE
r-release-osx-x86_64-mavericks 1.2 NOTE
r-release-osx-x86_64-snowleopard 1.2 OK
r-release-windows-ix86+x86_64 1.2 7.00 43.00 50.00 NOTE
r-oldrel-windows-ix86+x86_64 1.2 7.00 44.00 51.00 OK

Check Details

Version: 1.2
Check: R code for possible problems
Result: NOTE
    mytree.asymmetric.age: no visible global function definition for
     ‘collapse.singles’
    mytree.asymmetric.age: no visible global function definition for
     ‘drop.fossil’
    mytree.asymmetric.taxa: no visible global function definition for
     ‘collapse.singles’
    mytree.asymmetric.taxa: no visible global function definition for
     ‘drop.fossil’
    mytree.symmetric.age: no visible global function definition for
     ‘collapse.singles’
    mytree.symmetric.age: no visible global function definition for
     ‘drop.fossil’
    mytree.symmetric.taxa: no visible global function definition for
     ‘collapse.singles’
    mytree.symmetric.taxa: no visible global function definition for
     ‘drop.fossil’
Flavors: r-devel-linux-x86_64-debian-clang, r-devel-linux-x86_64-debian-gcc, r-devel-linux-x86_64-fedora-clang, r-devel-linux-x86_64-fedora-gcc, r-devel-osx-x86_64-clang, r-prerel-windows-ix86+x86_64, r-prerel-linux-x86_64, r-prerel-solaris-sparc, r-prerel-solaris-x86, r-release-linux-x86_64, r-release-osx-x86_64-mavericks, r-release-windows-ix86+x86_64