CRAN Package Check Results for Package TreeSimGM

Last updated on 2014-08-28 10:47:13.

Flavor Version Tinstall Tcheck Ttotal Status Flags
r-devel-linux-x86_64-debian-clang 1.2 1.44 22.70 24.15 NOTE
r-devel-linux-x86_64-debian-gcc 1.2 1.39 22.50 23.90 NOTE
r-devel-linux-x86_64-fedora-clang 1.2 50.19 NOTE
r-devel-linux-x86_64-fedora-gcc 1.2 47.04 NOTE
r-devel-osx-x86_64-clang 1.2 45.00 NOTE
r-devel-windows-ix86+x86_64 1.2 8.00 37.00 45.00 NOTE
r-patched-linux-x86_64 1.2 1.72 22.82 24.54 OK
r-patched-solaris-sparc 1.2 285.40 OK
r-patched-solaris-x86 1.2 67.30 OK
r-release-linux-ix86 1.2 1.92 30.50 32.42 OK
r-release-linux-x86_64 1.2 1.51 24.78 26.29 OK
r-release-osx-x86_64-mavericks 1.2 OK
r-release-osx-x86_64-snowleopard 1.2 OK
r-release-windows-ix86+x86_64 1.2 5.00 39.00 44.00 OK
r-oldrel-windows-ix86+x86_64 1.2 6.00 45.00 51.00 OK

Check Details

Version: 1.2
Check: R code for possible problems
Result: NOTE
    mytree.asymmetric.age: no visible global function definition for
     ‘collapse.singles’
    mytree.asymmetric.age: no visible global function definition for
     ‘drop.fossil’
    mytree.asymmetric.taxa: no visible global function definition for
     ‘collapse.singles’
    mytree.asymmetric.taxa: no visible global function definition for
     ‘drop.fossil’
    mytree.symmetric.age: no visible global function definition for
     ‘collapse.singles’
    mytree.symmetric.age: no visible global function definition for
     ‘drop.fossil’
    mytree.symmetric.taxa: no visible global function definition for
     ‘collapse.singles’
    mytree.symmetric.taxa: no visible global function definition for
     ‘drop.fossil’
Flavors: r-devel-linux-x86_64-debian-clang, r-devel-linux-x86_64-debian-gcc, r-devel-linux-x86_64-fedora-clang, r-devel-linux-x86_64-fedora-gcc, r-devel-osx-x86_64-clang, r-devel-windows-ix86+x86_64