CRAN Package Check Results for Package TreeSimGM

Last updated on 2016-07-28 21:48:12.

Flavor Version Tinstall Tcheck Ttotal Status Flags
r-devel-linux-x86_64-debian-clang 1.2 1.61 21.34 22.95 NOTE
r-devel-linux-x86_64-debian-gcc 1.2 1.31 20.36 21.67 NOTE
r-devel-linux-x86_64-fedora-clang 1.2 31.75 NOTE
r-devel-linux-x86_64-fedora-gcc 1.2 30.25 NOTE
r-devel-osx-x86_64-clang 1.2 28.15 NOTE
r-devel-windows-ix86+x86_64 1.2 6.00 47.00 53.00 NOTE
r-patched-linux-x86_64 1.2 1.47 20.24 21.70 NOTE
r-patched-solaris-sparc 1.2 199.50 NOTE
r-patched-solaris-x86 1.2 44.30 NOTE
r-release-linux-x86_64 1.2 1.64 21.11 22.75 NOTE
r-release-osx-x86_64-mavericks 1.2 NOTE
r-release-windows-ix86+x86_64 1.2 6.00 46.00 52.00 NOTE
r-oldrel-windows-ix86+x86_64 1.2 6.00 47.00 53.00 NOTE

Check Details

Version: 1.2
Check: R code for possible problems
Result: NOTE
    mytree.asymmetric.age: no visible global function definition for
     ‘capture.output’
    mytree.asymmetric.age: no visible global function definition for
     ‘collapse.singles’
    mytree.asymmetric.age: no visible global function definition for
     ‘drop.fossil’
    mytree.asymmetric.taxa: no visible global function definition for
     ‘capture.output’
    mytree.asymmetric.taxa: no visible global function definition for
     ‘collapse.singles’
    mytree.asymmetric.taxa: no visible global function definition for
     ‘drop.fossil’
    mytree.symmetric.age: no visible global function definition for
     ‘capture.output’
    mytree.symmetric.age: no visible global function definition for
     ‘collapse.singles’
    mytree.symmetric.age: no visible global function definition for
     ‘drop.fossil’
    mytree.symmetric.taxa: no visible global function definition for
     ‘capture.output’
    mytree.symmetric.taxa: no visible global function definition for
     ‘collapse.singles’
    mytree.symmetric.taxa: no visible global function definition for
     ‘drop.fossil’
    Undefined global functions or variables:
     capture.output collapse.singles drop.fossil
    Consider adding
     importFrom("utils", "capture.output")
    to your NAMESPACE file.
Flavors: r-devel-linux-x86_64-debian-clang, r-devel-linux-x86_64-debian-gcc, r-devel-linux-x86_64-fedora-clang, r-devel-linux-x86_64-fedora-gcc, r-devel-osx-x86_64-clang, r-devel-windows-ix86+x86_64, r-patched-linux-x86_64, r-patched-solaris-sparc, r-patched-solaris-x86, r-release-linux-x86_64, r-release-osx-x86_64-mavericks, r-release-windows-ix86+x86_64

Version: 1.2
Check: R code for possible problems
Result: NOTE
    mytree.asymmetric.age: no visible global function definition for
     'collapse.singles'
    mytree.asymmetric.age: no visible global function definition for
     'drop.fossil'
    mytree.asymmetric.taxa: no visible global function definition for
     'collapse.singles'
    mytree.asymmetric.taxa: no visible global function definition for
     'drop.fossil'
    mytree.symmetric.age: no visible global function definition for
     'collapse.singles'
    mytree.symmetric.age: no visible global function definition for
     'drop.fossil'
    mytree.symmetric.taxa: no visible global function definition for
     'collapse.singles'
    mytree.symmetric.taxa: no visible global function definition for
     'drop.fossil'
Flavor: r-oldrel-windows-ix86+x86_64