CRAN Package Check Results for Package TreeSimGM

Last updated on 2017-02-24 23:52:59.

Flavor Version Tinstall Tcheck Ttotal Status Flags
r-devel-linux-x86_64-debian-clang 1.2 1.28 21.08 22.37 NOTE
r-devel-linux-x86_64-debian-gcc 1.2 1.39 21.68 23.07 NOTE
r-devel-linux-x86_64-fedora-clang 1.2 38.34 NOTE --no-stop-on-test-error
r-devel-linux-x86_64-fedora-gcc 1.2 38.11 NOTE --no-stop-on-test-error
r-devel-macos-x86_64-clang 1.2 33.45 NOTE --no-stop-on-test-error
r-devel-windows-ix86+x86_64 1.2 10.00 71.00 81.00 NOTE
r-patched-linux-x86_64 1.2 1.16 18.07 19.24 NOTE
r-patched-solaris-sparc 1.2 209.60 NOTE
r-patched-solaris-x86 1.2 47.00 NOTE
r-release-linux-x86_64 1.2 1.16 17.75 18.91 NOTE
r-release-osx-x86_64-mavericks 1.2 NOTE
r-release-windows-ix86+x86_64 1.2 5.00 50.00 55.00 NOTE
r-oldrel-windows-ix86+x86_64 1.2 6.00 62.00 68.00 NOTE

Check Details

Version: 1.2
Check: R code for possible problems
Result: NOTE
    mytree.asymmetric.age: no visible global function definition for
     ‘capture.output’
    mytree.asymmetric.age: no visible global function definition for
     ‘collapse.singles’
    mytree.asymmetric.age: no visible global function definition for
     ‘drop.fossil’
    mytree.asymmetric.taxa: no visible global function definition for
     ‘capture.output’
    mytree.asymmetric.taxa: no visible global function definition for
     ‘collapse.singles’
    mytree.asymmetric.taxa: no visible global function definition for
     ‘drop.fossil’
    mytree.symmetric.age: no visible global function definition for
     ‘capture.output’
    mytree.symmetric.age: no visible global function definition for
     ‘collapse.singles’
    mytree.symmetric.age: no visible global function definition for
     ‘drop.fossil’
    mytree.symmetric.taxa: no visible global function definition for
     ‘capture.output’
    mytree.symmetric.taxa: no visible global function definition for
     ‘collapse.singles’
    mytree.symmetric.taxa: no visible global function definition for
     ‘drop.fossil’
    Undefined global functions or variables:
     capture.output collapse.singles drop.fossil
    Consider adding
     importFrom("utils", "capture.output")
    to your NAMESPACE file.
Flavors: r-devel-linux-x86_64-debian-clang, r-devel-linux-x86_64-debian-gcc, r-devel-windows-ix86+x86_64, r-patched-linux-x86_64, r-patched-solaris-sparc, r-patched-solaris-x86, r-release-linux-x86_64, r-release-osx-x86_64-mavericks, r-release-windows-ix86+x86_64

Version: 1.2
Flags: --no-stop-on-test-error
Check: R code for possible problems
Result: NOTE
    mytree.asymmetric.age: no visible global function definition for
     ‘capture.output’
    mytree.asymmetric.age: no visible global function definition for
     ‘collapse.singles’
    mytree.asymmetric.age: no visible global function definition for
     ‘drop.fossil’
    mytree.asymmetric.taxa: no visible global function definition for
     ‘capture.output’
    mytree.asymmetric.taxa: no visible global function definition for
     ‘collapse.singles’
    mytree.asymmetric.taxa: no visible global function definition for
     ‘drop.fossil’
    mytree.symmetric.age: no visible global function definition for
     ‘capture.output’
    mytree.symmetric.age: no visible global function definition for
     ‘collapse.singles’
    mytree.symmetric.age: no visible global function definition for
     ‘drop.fossil’
    mytree.symmetric.taxa: no visible global function definition for
     ‘capture.output’
    mytree.symmetric.taxa: no visible global function definition for
     ‘collapse.singles’
    mytree.symmetric.taxa: no visible global function definition for
     ‘drop.fossil’
    Undefined global functions or variables:
     capture.output collapse.singles drop.fossil
    Consider adding
     importFrom("utils", "capture.output")
    to your NAMESPACE file.
Flavors: r-devel-linux-x86_64-fedora-clang, r-devel-linux-x86_64-fedora-gcc, r-devel-macos-x86_64-clang

Version: 1.2
Check: R code for possible problems
Result: NOTE
    mytree.asymmetric.age: no visible global function definition for
     'collapse.singles'
    mytree.asymmetric.age: no visible global function definition for
     'drop.fossil'
    mytree.asymmetric.taxa: no visible global function definition for
     'collapse.singles'
    mytree.asymmetric.taxa: no visible global function definition for
     'drop.fossil'
    mytree.symmetric.age: no visible global function definition for
     'collapse.singles'
    mytree.symmetric.age: no visible global function definition for
     'drop.fossil'
    mytree.symmetric.taxa: no visible global function definition for
     'collapse.singles'
    mytree.symmetric.taxa: no visible global function definition for
     'drop.fossil'
Flavor: r-oldrel-windows-ix86+x86_64