CRAN Package Check Results for Package TreeSimGM

Last updated on 2017-03-25 06:48:21.

Flavor Version Tinstall Tcheck Ttotal Status Flags
r-devel-linux-x86_64-debian-clang 1.2 1.14 21.74 22.88 NOTE
r-devel-linux-x86_64-debian-gcc 1.2 1.19 21.32 22.51 NOTE
r-devel-linux-x86_64-fedora-clang 1.2 39.67 NOTE --no-stop-on-test-error
r-devel-linux-x86_64-fedora-gcc 1.2 39.79 NOTE --no-stop-on-test-error
r-devel-macos-x86_64-clang 1.2 33.02 NOTE --no-stop-on-test-error
r-devel-windows-ix86+x86_64 1.2 5.00 68.00 73.00 NOTE
r-patched-linux-x86_64 1.2 1.22 17.86 19.09 NOTE
r-patched-solaris-sparc 1.2 235.00 NOTE
r-patched-solaris-x86 1.2 52.80 NOTE
r-release-linux-x86_64 1.2 1.07 17.23 18.29 NOTE
r-release-osx-x86_64-mavericks 1.2 NOTE
r-release-windows-ix86+x86_64 1.2 5.00 39.00 44.00 NOTE
r-oldrel-windows-ix86+x86_64 1.2 4.00 57.00 61.00 NOTE

Check Details

Version: 1.2
Check: R code for possible problems
Result: NOTE
    mytree.asymmetric.age: no visible global function definition for
     ‘capture.output’
    mytree.asymmetric.age: no visible global function definition for
     ‘collapse.singles’
    mytree.asymmetric.age: no visible global function definition for
     ‘drop.fossil’
    mytree.asymmetric.taxa: no visible global function definition for
     ‘capture.output’
    mytree.asymmetric.taxa: no visible global function definition for
     ‘collapse.singles’
    mytree.asymmetric.taxa: no visible global function definition for
     ‘drop.fossil’
    mytree.symmetric.age: no visible global function definition for
     ‘capture.output’
    mytree.symmetric.age: no visible global function definition for
     ‘collapse.singles’
    mytree.symmetric.age: no visible global function definition for
     ‘drop.fossil’
    mytree.symmetric.taxa: no visible global function definition for
     ‘capture.output’
    mytree.symmetric.taxa: no visible global function definition for
     ‘collapse.singles’
    mytree.symmetric.taxa: no visible global function definition for
     ‘drop.fossil’
    Undefined global functions or variables:
     capture.output collapse.singles drop.fossil
    Consider adding
     importFrom("utils", "capture.output")
    to your NAMESPACE file.
Flavors: r-devel-linux-x86_64-debian-clang, r-devel-linux-x86_64-debian-gcc, r-devel-windows-ix86+x86_64, r-patched-linux-x86_64, r-patched-solaris-sparc, r-patched-solaris-x86, r-release-linux-x86_64, r-release-osx-x86_64-mavericks, r-release-windows-ix86+x86_64

Version: 1.2
Flags: --no-stop-on-test-error
Check: R code for possible problems
Result: NOTE
    mytree.asymmetric.age: no visible global function definition for
     ‘capture.output’
    mytree.asymmetric.age: no visible global function definition for
     ‘collapse.singles’
    mytree.asymmetric.age: no visible global function definition for
     ‘drop.fossil’
    mytree.asymmetric.taxa: no visible global function definition for
     ‘capture.output’
    mytree.asymmetric.taxa: no visible global function definition for
     ‘collapse.singles’
    mytree.asymmetric.taxa: no visible global function definition for
     ‘drop.fossil’
    mytree.symmetric.age: no visible global function definition for
     ‘capture.output’
    mytree.symmetric.age: no visible global function definition for
     ‘collapse.singles’
    mytree.symmetric.age: no visible global function definition for
     ‘drop.fossil’
    mytree.symmetric.taxa: no visible global function definition for
     ‘capture.output’
    mytree.symmetric.taxa: no visible global function definition for
     ‘collapse.singles’
    mytree.symmetric.taxa: no visible global function definition for
     ‘drop.fossil’
    Undefined global functions or variables:
     capture.output collapse.singles drop.fossil
    Consider adding
     importFrom("utils", "capture.output")
    to your NAMESPACE file.
Flavors: r-devel-linux-x86_64-fedora-clang, r-devel-linux-x86_64-fedora-gcc, r-devel-macos-x86_64-clang

Version: 1.2
Check: R code for possible problems
Result: NOTE
    mytree.asymmetric.age: no visible global function definition for
     'collapse.singles'
    mytree.asymmetric.age: no visible global function definition for
     'drop.fossil'
    mytree.asymmetric.taxa: no visible global function definition for
     'collapse.singles'
    mytree.asymmetric.taxa: no visible global function definition for
     'drop.fossil'
    mytree.symmetric.age: no visible global function definition for
     'collapse.singles'
    mytree.symmetric.age: no visible global function definition for
     'drop.fossil'
    mytree.symmetric.taxa: no visible global function definition for
     'collapse.singles'
    mytree.symmetric.taxa: no visible global function definition for
     'drop.fossil'
Flavor: r-oldrel-windows-ix86+x86_64