CRAN Package Check Results for Package TreeSimGM

Last updated on 2014-12-18 05:48:29.

Flavor Version Tinstall Tcheck Ttotal Status Flags
r-devel-linux-x86_64-debian-clang 1.2 1.47 23.33 24.80 NOTE
r-devel-linux-x86_64-debian-gcc 1.2 1.38 23.06 24.44 NOTE
r-devel-linux-x86_64-fedora-clang 1.2 53.40 NOTE
r-devel-linux-x86_64-fedora-gcc 1.2 47.64 NOTE
r-devel-osx-x86_64-clang 1.2 47.67 NOTE
r-devel-windows-ix86+x86_64 1.2 7.00 38.00 45.00 NOTE
r-patched-linux-x86_64 1.2 1.44 23.51 24.95 NOTE
r-patched-solaris-sparc 1.2 279.30 NOTE
r-patched-solaris-x86 1.2 70.40 NOTE
r-release-linux-ix86 1.2 1.80 29.41 31.21 NOTE
r-release-linux-x86_64 1.2 1.41 23.54 24.95 NOTE
r-release-osx-x86_64-mavericks 1.2 OK
r-release-osx-x86_64-snowleopard 1.2 OK
r-release-windows-ix86+x86_64 1.2 8.00 39.00 47.00 NOTE
r-oldrel-windows-ix86+x86_64 1.2 6.00 44.00 50.00 OK

Check Details

Version: 1.2
Check: R code for possible problems
Result: NOTE
    mytree.asymmetric.age: no visible global function definition for
     ‘collapse.singles’
    mytree.asymmetric.age: no visible global function definition for
     ‘drop.fossil’
    mytree.asymmetric.taxa: no visible global function definition for
     ‘collapse.singles’
    mytree.asymmetric.taxa: no visible global function definition for
     ‘drop.fossil’
    mytree.symmetric.age: no visible global function definition for
     ‘collapse.singles’
    mytree.symmetric.age: no visible global function definition for
     ‘drop.fossil’
    mytree.symmetric.taxa: no visible global function definition for
     ‘collapse.singles’
    mytree.symmetric.taxa: no visible global function definition for
     ‘drop.fossil’
Flavors: r-devel-linux-x86_64-debian-clang, r-devel-linux-x86_64-debian-gcc, r-devel-linux-x86_64-fedora-clang, r-devel-linux-x86_64-fedora-gcc, r-devel-osx-x86_64-clang, r-devel-windows-ix86+x86_64, r-patched-linux-x86_64, r-patched-solaris-sparc, r-patched-solaris-x86, r-release-linux-ix86, r-release-linux-x86_64, r-release-windows-ix86+x86_64