CRAN Package Check Results for Package TreeSimGM

Last updated on 2017-01-21 13:49:17.

Flavor Version Tinstall Tcheck Ttotal Status Flags
r-devel-linux-x86_64-debian-clang 1.2 1.19 21.20 22.39 NOTE
r-devel-linux-x86_64-debian-gcc 1.2 1.43 20.97 22.39 NOTE
r-devel-linux-x86_64-fedora-clang 1.2 38.91 NOTE --no-stop-on-test-error
r-devel-linux-x86_64-fedora-gcc 1.2 37.67 NOTE --no-stop-on-test-error
r-devel-macos-x86_64-clang 1.2 32.34 NOTE --no-stop-on-test-error
r-devel-windows-ix86+x86_64 1.2 7.00 57.00 64.00 NOTE
r-patched-linux-x86_64 1.2 1.16 17.20 18.36 NOTE
r-patched-solaris-sparc 1.2 209.60 NOTE
r-patched-solaris-x86 1.2 47.00 NOTE
r-release-linux-x86_64 1.2 1.16 16.90 18.06 NOTE
r-release-osx-x86_64-mavericks 1.2 NOTE
r-release-windows-ix86+x86_64 1.2 9.00 51.00 60.00 NOTE
r-oldrel-windows-ix86+x86_64 1.2 6.00 49.00 55.00 NOTE

Check Details

Version: 1.2
Check: R code for possible problems
Result: NOTE
    mytree.asymmetric.age: no visible global function definition for
     ‘capture.output’
    mytree.asymmetric.age: no visible global function definition for
     ‘collapse.singles’
    mytree.asymmetric.age: no visible global function definition for
     ‘drop.fossil’
    mytree.asymmetric.taxa: no visible global function definition for
     ‘capture.output’
    mytree.asymmetric.taxa: no visible global function definition for
     ‘collapse.singles’
    mytree.asymmetric.taxa: no visible global function definition for
     ‘drop.fossil’
    mytree.symmetric.age: no visible global function definition for
     ‘capture.output’
    mytree.symmetric.age: no visible global function definition for
     ‘collapse.singles’
    mytree.symmetric.age: no visible global function definition for
     ‘drop.fossil’
    mytree.symmetric.taxa: no visible global function definition for
     ‘capture.output’
    mytree.symmetric.taxa: no visible global function definition for
     ‘collapse.singles’
    mytree.symmetric.taxa: no visible global function definition for
     ‘drop.fossil’
    Undefined global functions or variables:
     capture.output collapse.singles drop.fossil
    Consider adding
     importFrom("utils", "capture.output")
    to your NAMESPACE file.
Flavors: r-devel-linux-x86_64-debian-clang, r-devel-linux-x86_64-debian-gcc, r-devel-windows-ix86+x86_64, r-patched-linux-x86_64, r-patched-solaris-sparc, r-patched-solaris-x86, r-release-linux-x86_64, r-release-osx-x86_64-mavericks, r-release-windows-ix86+x86_64

Version: 1.2
Flags: --no-stop-on-test-error
Check: R code for possible problems
Result: NOTE
    mytree.asymmetric.age: no visible global function definition for
     ‘capture.output’
    mytree.asymmetric.age: no visible global function definition for
     ‘collapse.singles’
    mytree.asymmetric.age: no visible global function definition for
     ‘drop.fossil’
    mytree.asymmetric.taxa: no visible global function definition for
     ‘capture.output’
    mytree.asymmetric.taxa: no visible global function definition for
     ‘collapse.singles’
    mytree.asymmetric.taxa: no visible global function definition for
     ‘drop.fossil’
    mytree.symmetric.age: no visible global function definition for
     ‘capture.output’
    mytree.symmetric.age: no visible global function definition for
     ‘collapse.singles’
    mytree.symmetric.age: no visible global function definition for
     ‘drop.fossil’
    mytree.symmetric.taxa: no visible global function definition for
     ‘capture.output’
    mytree.symmetric.taxa: no visible global function definition for
     ‘collapse.singles’
    mytree.symmetric.taxa: no visible global function definition for
     ‘drop.fossil’
    Undefined global functions or variables:
     capture.output collapse.singles drop.fossil
    Consider adding
     importFrom("utils", "capture.output")
    to your NAMESPACE file.
Flavors: r-devel-linux-x86_64-fedora-clang, r-devel-linux-x86_64-fedora-gcc, r-devel-macos-x86_64-clang

Version: 1.2
Check: R code for possible problems
Result: NOTE
    mytree.asymmetric.age: no visible global function definition for
     'collapse.singles'
    mytree.asymmetric.age: no visible global function definition for
     'drop.fossil'
    mytree.asymmetric.taxa: no visible global function definition for
     'collapse.singles'
    mytree.asymmetric.taxa: no visible global function definition for
     'drop.fossil'
    mytree.symmetric.age: no visible global function definition for
     'collapse.singles'
    mytree.symmetric.age: no visible global function definition for
     'drop.fossil'
    mytree.symmetric.taxa: no visible global function definition for
     'collapse.singles'
    mytree.symmetric.taxa: no visible global function definition for
     'drop.fossil'
Flavor: r-oldrel-windows-ix86+x86_64