CRAN Package Check Results for Package TreeSimGM

Last updated on 2016-12-10 18:49:58.

Flavor Version Tinstall Tcheck Ttotal Status Flags
r-devel-linux-x86_64-debian-clang 1.2 1.21 21.22 22.42 NOTE
r-devel-linux-x86_64-debian-gcc 1.2 1.22 21.14 22.36 NOTE
r-devel-linux-x86_64-fedora-clang 1.2 41.42 NOTE --no-stop-on-test-error
r-devel-linux-x86_64-fedora-gcc 1.2 38.20 NOTE --no-stop-on-test-error
r-devel-macos-x86_64-clang 1.2 33.17 NOTE --no-stop-on-test-error
r-devel-windows-ix86+x86_64 1.2 5.00 44.00 49.00 NOTE
r-patched-linux-x86_64 1.2 1.18 17.05 18.23 NOTE
r-patched-solaris-sparc 1.2 199.50 NOTE
r-patched-solaris-x86 1.2 44.10 NOTE
r-release-linux-x86_64 1.2 1.08 16.79 17.88 NOTE
r-release-osx-x86_64-mavericks 1.2 NOTE
r-release-windows-ix86+x86_64 1.2 6.00 37.00 43.00 NOTE
r-oldrel-windows-ix86+x86_64 1.2 7.00 39.00 46.00 NOTE

Check Details

Version: 1.2
Check: R code for possible problems
Result: NOTE
    mytree.asymmetric.age: no visible global function definition for
     ‘capture.output’
    mytree.asymmetric.age: no visible global function definition for
     ‘collapse.singles’
    mytree.asymmetric.age: no visible global function definition for
     ‘drop.fossil’
    mytree.asymmetric.taxa: no visible global function definition for
     ‘capture.output’
    mytree.asymmetric.taxa: no visible global function definition for
     ‘collapse.singles’
    mytree.asymmetric.taxa: no visible global function definition for
     ‘drop.fossil’
    mytree.symmetric.age: no visible global function definition for
     ‘capture.output’
    mytree.symmetric.age: no visible global function definition for
     ‘collapse.singles’
    mytree.symmetric.age: no visible global function definition for
     ‘drop.fossil’
    mytree.symmetric.taxa: no visible global function definition for
     ‘capture.output’
    mytree.symmetric.taxa: no visible global function definition for
     ‘collapse.singles’
    mytree.symmetric.taxa: no visible global function definition for
     ‘drop.fossil’
    Undefined global functions or variables:
     capture.output collapse.singles drop.fossil
    Consider adding
     importFrom("utils", "capture.output")
    to your NAMESPACE file.
Flavors: r-devel-linux-x86_64-debian-clang, r-devel-linux-x86_64-debian-gcc, r-devel-windows-ix86+x86_64, r-patched-linux-x86_64, r-patched-solaris-sparc, r-patched-solaris-x86, r-release-linux-x86_64, r-release-osx-x86_64-mavericks, r-release-windows-ix86+x86_64

Version: 1.2
Flags: --no-stop-on-test-error
Check: R code for possible problems
Result: NOTE
    mytree.asymmetric.age: no visible global function definition for
     ‘capture.output’
    mytree.asymmetric.age: no visible global function definition for
     ‘collapse.singles’
    mytree.asymmetric.age: no visible global function definition for
     ‘drop.fossil’
    mytree.asymmetric.taxa: no visible global function definition for
     ‘capture.output’
    mytree.asymmetric.taxa: no visible global function definition for
     ‘collapse.singles’
    mytree.asymmetric.taxa: no visible global function definition for
     ‘drop.fossil’
    mytree.symmetric.age: no visible global function definition for
     ‘capture.output’
    mytree.symmetric.age: no visible global function definition for
     ‘collapse.singles’
    mytree.symmetric.age: no visible global function definition for
     ‘drop.fossil’
    mytree.symmetric.taxa: no visible global function definition for
     ‘capture.output’
    mytree.symmetric.taxa: no visible global function definition for
     ‘collapse.singles’
    mytree.symmetric.taxa: no visible global function definition for
     ‘drop.fossil’
    Undefined global functions or variables:
     capture.output collapse.singles drop.fossil
    Consider adding
     importFrom("utils", "capture.output")
    to your NAMESPACE file.
Flavors: r-devel-linux-x86_64-fedora-clang, r-devel-linux-x86_64-fedora-gcc, r-devel-macos-x86_64-clang

Version: 1.2
Check: R code for possible problems
Result: NOTE
    mytree.asymmetric.age: no visible global function definition for
     'collapse.singles'
    mytree.asymmetric.age: no visible global function definition for
     'drop.fossil'
    mytree.asymmetric.taxa: no visible global function definition for
     'collapse.singles'
    mytree.asymmetric.taxa: no visible global function definition for
     'drop.fossil'
    mytree.symmetric.age: no visible global function definition for
     'collapse.singles'
    mytree.symmetric.age: no visible global function definition for
     'drop.fossil'
    mytree.symmetric.taxa: no visible global function definition for
     'collapse.singles'
    mytree.symmetric.taxa: no visible global function definition for
     'drop.fossil'
Flavor: r-oldrel-windows-ix86+x86_64