CRAN Package Check Results for Package TreeSimGM

Last updated on 2015-05-24 03:48:19.

Flavor Version Tinstall Tcheck Ttotal Status Flags
r-devel-linux-x86_64-debian-clang 1.2 1.50 16.72 18.22 NOTE
r-devel-linux-x86_64-debian-gcc 1.2 1.20 16.64 17.84 NOTE
r-devel-linux-x86_64-fedora-clang 1.2 35.42 NOTE
r-devel-linux-x86_64-fedora-gcc 1.2 34.47 NOTE
r-devel-osx-x86_64-clang 1.2 35.58 NOTE
r-devel-windows-ix86+x86_64 1.2 4.00 28.00 32.00 NOTE
r-patched-linux-x86_64 1.2 1.07 16.50 17.57 NOTE
r-patched-solaris-sparc 1.2 234.30 NOTE
r-patched-solaris-x86 1.2 52.30 NOTE
r-release-linux-x86_64 1.2 1.10 16.71 17.81 NOTE
r-release-osx-x86_64-mavericks 1.2 NOTE
r-release-osx-x86_64-snowleopard 1.2 OK
r-release-windows-ix86+x86_64 1.2 4.00 30.00 34.00 NOTE
r-oldrel-windows-ix86+x86_64 1.2 8.00 72.00 80.00 NOTE

Check Details

Version: 1.2
Check: R code for possible problems
Result: NOTE
    mytree.asymmetric.age: no visible global function definition for
     ‘collapse.singles’
    mytree.asymmetric.age: no visible global function definition for
     ‘drop.fossil’
    mytree.asymmetric.taxa: no visible global function definition for
     ‘collapse.singles’
    mytree.asymmetric.taxa: no visible global function definition for
     ‘drop.fossil’
    mytree.symmetric.age: no visible global function definition for
     ‘collapse.singles’
    mytree.symmetric.age: no visible global function definition for
     ‘drop.fossil’
    mytree.symmetric.taxa: no visible global function definition for
     ‘collapse.singles’
    mytree.symmetric.taxa: no visible global function definition for
     ‘drop.fossil’
Flavors: r-devel-linux-x86_64-debian-clang, r-devel-linux-x86_64-debian-gcc, r-devel-linux-x86_64-fedora-clang, r-devel-linux-x86_64-fedora-gcc, r-devel-osx-x86_64-clang, r-devel-windows-ix86+x86_64, r-patched-linux-x86_64, r-patched-solaris-sparc, r-patched-solaris-x86, r-release-linux-x86_64, r-release-osx-x86_64-mavericks, r-release-windows-ix86+x86_64, r-oldrel-windows-ix86+x86_64