CRAN Package Check Results for Package TreeSimGM

Last updated on 2015-03-06 19:50:34.

Flavor Version Tinstall Tcheck Ttotal Status Flags
r-devel-linux-x86_64-debian-clang 1.2 1.10 16.68 17.78 NOTE
r-devel-linux-x86_64-debian-gcc 1.2 1.44 16.39 17.83 NOTE
r-devel-linux-x86_64-fedora-clang 1.2 35.70 NOTE
r-devel-linux-x86_64-fedora-gcc 1.2 33.45 NOTE
r-devel-osx-x86_64-clang 1.2 36.14 NOTE
r-devel-windows-ix86+x86_64 1.2 7.00 30.00 37.00 NOTE
r-patched-linux-x86_64 1.2 1.74 24.81 26.56 NOTE
r-patched-solaris-sparc 1.2 309.70 NOTE
r-patched-solaris-x86 1.2 70.40 NOTE
r-release-linux-ix86 1.2 2.20 30.28 32.47 NOTE
r-release-linux-x86_64 1.2 1.84 25.31 27.14 NOTE
r-release-osx-x86_64-mavericks 1.2 NOTE
r-release-osx-x86_64-snowleopard 1.2 OK
r-release-windows-ix86+x86_64 1.2 7.00 42.00 49.00 NOTE
r-oldrel-windows-ix86+x86_64 1.2 7.00 75.00 82.00 OK

Check Details

Version: 1.2
Check: R code for possible problems
Result: NOTE
    mytree.asymmetric.age: no visible global function definition for
     ‘collapse.singles’
    mytree.asymmetric.age: no visible global function definition for
     ‘drop.fossil’
    mytree.asymmetric.taxa: no visible global function definition for
     ‘collapse.singles’
    mytree.asymmetric.taxa: no visible global function definition for
     ‘drop.fossil’
    mytree.symmetric.age: no visible global function definition for
     ‘collapse.singles’
    mytree.symmetric.age: no visible global function definition for
     ‘drop.fossil’
    mytree.symmetric.taxa: no visible global function definition for
     ‘collapse.singles’
    mytree.symmetric.taxa: no visible global function definition for
     ‘drop.fossil’
Flavors: r-devel-linux-x86_64-debian-clang, r-devel-linux-x86_64-debian-gcc, r-devel-linux-x86_64-fedora-clang, r-devel-linux-x86_64-fedora-gcc, r-devel-osx-x86_64-clang, r-devel-windows-ix86+x86_64, r-patched-linux-x86_64, r-patched-solaris-sparc, r-patched-solaris-x86, r-release-linux-ix86, r-release-linux-x86_64, r-release-osx-x86_64-mavericks, r-release-windows-ix86+x86_64