CRAN Package Check Results for Package TriMatch

Last updated on 2014-12-19 23:47:10.

Flavor Version Tinstall Tcheck Ttotal Status Flags
r-devel-linux-x86_64-debian-clang 0.9.1 5.47 58.53 64.00 NOTE --no-vignettes
r-devel-linux-x86_64-debian-gcc 0.9.1 5.06 58.67 63.74 NOTE --no-vignettes
r-devel-linux-x86_64-fedora-clang 0.9.1 699.44 NOTE
r-devel-linux-x86_64-fedora-gcc 0.9.1 638.59 NOTE
r-devel-osx-x86_64-clang 0.9.1 546.77 NOTE
r-devel-windows-ix86+x86_64 0.9.1 17.00 493.00 510.00 NOTE
r-patched-linux-x86_64 0.9.1 6.66 60.78 67.44 NOTE --no-vignettes
r-patched-solaris-sparc 0.9.1 773.90 NOTE --no-vignettes
r-patched-solaris-x86 0.9.1 496.60 NOTE --no-build-vignettes
r-release-linux-ix86 0.9.1 6.49 67.00 73.49 NOTE --no-vignettes
r-release-linux-x86_64 0.9.1 5.72 60.19 65.92 NOTE --no-vignettes
r-release-osx-x86_64-mavericks 0.9.1 NOTE
r-release-osx-x86_64-snowleopard 0.9.1 NOTE
r-release-windows-ix86+x86_64 0.9.1 17.00 578.00 595.00 NOTE
r-oldrel-windows-ix86+x86_64 0.9.1 20.00 486.00 506.00 NOTE

Check Details

Version: 0.9.1
Flags: --no-vignettes
Check: dependencies in R code
Result: NOTE
    Namespaces in Imports field not imported from:
     ‘PSAgraphics’ ‘compiler’ ‘psych’ ‘stats’
     All declared Imports should be used.
    Packages in Depends field not imported from:
     ‘ez’ ‘ggplot2’ ‘reshape2’ ‘scales’
     These packages need to be imported from (in the NAMESPACE file)
     for when this namespace is loaded but not attached.
    See the information on DESCRIPTION files in the chapter ‘Creating R
    packages’ of the ‘Writing R Extensions’ manual.
Flavors: r-devel-linux-x86_64-debian-clang, r-devel-linux-x86_64-debian-gcc, r-patched-linux-x86_64, r-patched-solaris-sparc, r-release-linux-ix86, r-release-linux-x86_64

Version: 0.9.1
Flags: --no-vignettes
Check: R code for possible problems
Result: NOTE
    balance.plot: no visible global function definition for ‘melt’
    balance.plot: no visible global function definition for ‘ggplot’
    balance.plot: no visible global function definition for ‘aes’
    balance.plot: no visible global function definition for ‘facet_grid’
    balance.plot: no visible global function definition for ‘geom_boxplot’
    balance.plot: no visible global function definition for ‘geom_point’
    balance.plot: no visible global function definition for ‘geom_line’
    balance.plot: no visible global function definition for ‘geom_errorbar’
    balance.plot: no visible global function definition for ‘geom_bar’
    balance.plot: no visible global function definition for
     ‘scale_fill_hue’
    balance.plot: no visible global function definition for
     ‘scale_y_continuous’
    balance.plot: no visible binding for global variable ‘percent’
    balance.plot: no visible global function definition for ‘theme’
    balance.plot: no visible global function definition for ‘element_text’
    balance.plot: no visible global function definition for ‘element_rect’
    balance.plot: no visible global function definition for
     ‘scale_x_discrete’
    balance.plot: no visible global function definition for ‘ezANOVA’
    boxdiff.plot: no visible global function definition for ‘melt’
    boxdiff.plot: no visible global function definition for ‘ggplot’
    boxdiff.plot: no visible global function definition for ‘aes’
    boxdiff.plot: no visible global function definition for ‘geom_boxplot’
    boxdiff.plot: no visible global function definition for ‘geom_crossbar’
    boxdiff.plot: no visible global function definition for ‘geom_hline’
    boxdiff.plot: no visible global function definition for ‘geom_point’
    boxdiff.plot: no visible global function definition for ‘geom_text’
    boxdiff.plot: no visible global function definition for
     ‘scale_x_discrete’
    boxdiff.plot: no visible global function definition for ‘xlab’
    distances.plot: no visible global function definition for ‘melt’
    distances.plot: no visible global function definition for ‘ggplot’
    distances.plot: no visible global function definition for ‘aes’
    distances.plot: no visible global function definition for ‘geom_bar’
    distances.plot: no visible global function definition for ‘coord_flip’
    distances.plot: no visible global function definition for ‘geom_hline’
    distances.plot: no visible global function definition for ‘theme’
    distances.plot: no visible global function definition for
     ‘element_blank’
    distances.plot: no visible global function definition for ‘xlab’
    distances.plot: no visible global function definition for ‘xlim’
    distances.plot: no visible global function definition for ‘geom_text’
    loess3.plot: no visible binding for global variable ‘geom_point’
    loess3.plot: no visible global function definition for ‘melt’
    loess3.plot: no visible global function definition for ‘ggplot’
    loess3.plot: no visible global function definition for ‘aes’
    loess3.plot: no visible global function definition for ‘geom_path’
    loess3.plot: no visible global function definition for ‘geom_smooth’
    loess3.plot: no visible global function definition for
     ‘scale_color_brewer’
    loess3.plot: no visible global function definition for
     ‘scale_fill_brewer’
    multibalance.plot: no visible global function definition for ‘melt’
    multibalance.plot: no visible global function definition for ‘ggplot’
    multibalance.plot: no visible global function definition for ‘aes’
    multibalance.plot: no visible global function definition for
     ‘geom_point’
    multibalance.plot: no visible global function definition for
     ‘geom_path’
    multibalance.plot: no visible global function definition for ‘ylab’
    multibalance.plot: no visible global function definition for ‘xlab’
    multibalance.plot: no visible global function definition for
     ‘scale_color_hue’
    multibalance.plot: no visible global function definition for
     ‘scale_linetype’
    multibalance.plot: no visible global function definition for
     ‘scale_shape’
    multibalance.plot: no visible global function definition for
     ‘facet_grid’
    parallel.plot: no visible global function definition for ‘melt’
    parallel.plot: no visible global function definition for ‘ggplot’
    parallel.plot: no visible global function definition for ‘geom_line’
    parallel.plot: no visible global function definition for ‘aes’
    parallel.plot: no visible global function definition for ‘theme’
    parallel.plot: no visible global function definition for
     ‘scale_colour_gradient’
    parallel.plot: no visible global function definition for ‘geom_point’
    plot.balance.plots: no visible global function definition for
     ‘grid.newpage’
    plot.balance.plots: no visible global function definition for
     ‘pushViewport’
    plot.balance.plots: no visible global function definition for
     ‘viewport’
    plot.balance.plots: no visible global function definition for
     ‘grid.layout’
    plot.balance.plots : vplayout: no visible global function definition
     for ‘viewport’
    plot.triangle.matches: no visible global function definition for ‘melt’
    plot.triangle.matches: no visible global function definition for
     ‘geom_path’
    plot.triangle.matches: no visible global function definition for ‘aes’
    plot.triangle.matches: no visible global function definition for
     ‘geom_point’
    plot.triangle.psa: no visible global function definition for ‘ggplot’
    plot.triangle.psa: no visible global function definition for
     ‘geom_segment’
    plot.triangle.psa: no visible global function definition for
     ‘geom_line’
    plot.triangle.psa: no visible global function definition for ‘aes’
    plot.triangle.psa: no visible global function definition for
     ‘geom_text’
    plot.triangle.psa: no visible binding for global variable ‘label’
    plot.triangle.psa: no visible global function definition for
     ‘geom_point’
    plot.triangle.psa: no visible global function definition for
     ‘scale_color_manual’
    plot.triangle.psa: no visible global function definition for ‘xlim’
    plot.triangle.psa: no visible global function definition for ‘ylim’
    plot.triangle.psa: no visible global function definition for ‘xlab’
    plot.triangle.psa: no visible global function definition for ‘ylab’
    plot.triangle.psa: no visible global function definition for
     ‘coord_equal’
    plot.triangle.psa: no visible global function definition for ‘theme’
    plot.triangle.psa: no visible global function definition for
     ‘element_blank’
    summary.triangle.matches: no visible global function definition for
     ‘melt’
    summary.triangle.matches: no visible global function definition for
     ‘ezANOVA’
Flavors: r-devel-linux-x86_64-debian-clang, r-devel-linux-x86_64-debian-gcc, r-patched-linux-x86_64, r-patched-solaris-sparc, r-release-linux-ix86, r-release-linux-x86_64

Version: 0.9.1
Check: dependencies in R code
Result: NOTE
    Namespaces in Imports field not imported from:
     ‘PSAgraphics’ ‘compiler’ ‘psych’ ‘stats’
     All declared Imports should be used.
    Packages in Depends field not imported from:
     ‘ez’ ‘ggplot2’ ‘reshape2’ ‘scales’
     These packages need to be imported from (in the NAMESPACE file)
     for when this namespace is loaded but not attached.
    See the information on DESCRIPTION files in the chapter ‘Creating R
    packages’ of the ‘Writing R Extensions’ manual.
Flavors: r-devel-linux-x86_64-fedora-clang, r-devel-linux-x86_64-fedora-gcc, r-devel-osx-x86_64-clang, r-devel-windows-ix86+x86_64, r-release-osx-x86_64-mavericks, r-release-windows-ix86+x86_64, r-oldrel-windows-ix86+x86_64

Version: 0.9.1
Check: R code for possible problems
Result: NOTE
    balance.plot: no visible global function definition for ‘melt’
    balance.plot: no visible global function definition for ‘ggplot’
    balance.plot: no visible global function definition for ‘aes’
    balance.plot: no visible global function definition for ‘facet_grid’
    balance.plot: no visible global function definition for ‘geom_boxplot’
    balance.plot: no visible global function definition for ‘geom_point’
    balance.plot: no visible global function definition for ‘geom_line’
    balance.plot: no visible global function definition for ‘geom_errorbar’
    balance.plot: no visible global function definition for ‘geom_bar’
    balance.plot: no visible global function definition for
     ‘scale_fill_hue’
    balance.plot: no visible global function definition for
     ‘scale_y_continuous’
    balance.plot: no visible binding for global variable ‘percent’
    balance.plot: no visible global function definition for ‘theme’
    balance.plot: no visible global function definition for ‘element_text’
    balance.plot: no visible global function definition for ‘element_rect’
    balance.plot: no visible global function definition for
     ‘scale_x_discrete’
    balance.plot: no visible global function definition for ‘ezANOVA’
    boxdiff.plot: no visible global function definition for ‘melt’
    boxdiff.plot: no visible global function definition for ‘ggplot’
    boxdiff.plot: no visible global function definition for ‘aes’
    boxdiff.plot: no visible global function definition for ‘geom_boxplot’
    boxdiff.plot: no visible global function definition for ‘geom_crossbar’
    boxdiff.plot: no visible global function definition for ‘geom_hline’
    boxdiff.plot: no visible global function definition for ‘geom_point’
    boxdiff.plot: no visible global function definition for ‘geom_text’
    boxdiff.plot: no visible global function definition for
     ‘scale_x_discrete’
    boxdiff.plot: no visible global function definition for ‘xlab’
    distances.plot: no visible global function definition for ‘melt’
    distances.plot: no visible global function definition for ‘ggplot’
    distances.plot: no visible global function definition for ‘aes’
    distances.plot: no visible global function definition for ‘geom_bar’
    distances.plot: no visible global function definition for ‘coord_flip’
    distances.plot: no visible global function definition for ‘geom_hline’
    distances.plot: no visible global function definition for ‘theme’
    distances.plot: no visible global function definition for
     ‘element_blank’
    distances.plot: no visible global function definition for ‘xlab’
    distances.plot: no visible global function definition for ‘xlim’
    distances.plot: no visible global function definition for ‘geom_text’
    loess3.plot: no visible binding for global variable ‘geom_point’
    loess3.plot: no visible global function definition for ‘melt’
    loess3.plot: no visible global function definition for ‘ggplot’
    loess3.plot: no visible global function definition for ‘aes’
    loess3.plot: no visible global function definition for ‘geom_path’
    loess3.plot: no visible global function definition for ‘geom_smooth’
    loess3.plot: no visible global function definition for
     ‘scale_color_brewer’
    loess3.plot: no visible global function definition for
     ‘scale_fill_brewer’
    multibalance.plot: no visible global function definition for ‘melt’
    multibalance.plot: no visible global function definition for ‘ggplot’
    multibalance.plot: no visible global function definition for ‘aes’
    multibalance.plot: no visible global function definition for
     ‘geom_point’
    multibalance.plot: no visible global function definition for
     ‘geom_path’
    multibalance.plot: no visible global function definition for ‘ylab’
    multibalance.plot: no visible global function definition for ‘xlab’
    multibalance.plot: no visible global function definition for
     ‘scale_color_hue’
    multibalance.plot: no visible global function definition for
     ‘scale_linetype’
    multibalance.plot: no visible global function definition for
     ‘scale_shape’
    multibalance.plot: no visible global function definition for
     ‘facet_grid’
    parallel.plot: no visible global function definition for ‘melt’
    parallel.plot: no visible global function definition for ‘ggplot’
    parallel.plot: no visible global function definition for ‘geom_line’
    parallel.plot: no visible global function definition for ‘aes’
    parallel.plot: no visible global function definition for ‘theme’
    parallel.plot: no visible global function definition for
     ‘scale_colour_gradient’
    parallel.plot: no visible global function definition for ‘geom_point’
    plot.balance.plots: no visible global function definition for
     ‘grid.newpage’
    plot.balance.plots: no visible global function definition for
     ‘pushViewport’
    plot.balance.plots: no visible global function definition for
     ‘viewport’
    plot.balance.plots: no visible global function definition for
     ‘grid.layout’
    plot.balance.plots : vplayout: no visible global function definition
     for ‘viewport’
    plot.triangle.matches: no visible global function definition for ‘melt’
    plot.triangle.matches: no visible global function definition for
     ‘geom_path’
    plot.triangle.matches: no visible global function definition for ‘aes’
    plot.triangle.matches: no visible global function definition for
     ‘geom_point’
    plot.triangle.psa: no visible global function definition for ‘ggplot’
    plot.triangle.psa: no visible global function definition for
     ‘geom_segment’
    plot.triangle.psa: no visible global function definition for
     ‘geom_line’
    plot.triangle.psa: no visible global function definition for ‘aes’
    plot.triangle.psa: no visible global function definition for
     ‘geom_text’
    plot.triangle.psa: no visible binding for global variable ‘label’
    plot.triangle.psa: no visible global function definition for
     ‘geom_point’
    plot.triangle.psa: no visible global function definition for
     ‘scale_color_manual’
    plot.triangle.psa: no visible global function definition for ‘xlim’
    plot.triangle.psa: no visible global function definition for ‘ylim’
    plot.triangle.psa: no visible global function definition for ‘xlab’
    plot.triangle.psa: no visible global function definition for ‘ylab’
    plot.triangle.psa: no visible global function definition for
     ‘coord_equal’
    plot.triangle.psa: no visible global function definition for ‘theme’
    plot.triangle.psa: no visible global function definition for
     ‘element_blank’
    summary.triangle.matches: no visible global function definition for
     ‘melt’
    summary.triangle.matches: no visible global function definition for
     ‘ezANOVA’
Flavors: r-devel-linux-x86_64-fedora-clang, r-devel-linux-x86_64-fedora-gcc, r-devel-osx-x86_64-clang, r-devel-windows-ix86+x86_64, r-release-windows-ix86+x86_64

Version: 0.9.1
Flags: --no-build-vignettes
Check: dependencies in R code
Result: NOTE
    Namespaces in Imports field not imported from:
     ‘PSAgraphics’ ‘compiler’ ‘psych’ ‘stats’
     All declared Imports should be used.
    Packages in Depends field not imported from:
     ‘ez’ ‘ggplot2’ ‘reshape2’ ‘scales’
     These packages need to be imported from (in the NAMESPACE file)
     for when this namespace is loaded but not attached.
    See the information on DESCRIPTION files in the chapter ‘Creating R
    packages’ of the ‘Writing R Extensions’ manual.
Flavor: r-patched-solaris-x86

Version: 0.9.1
Flags: --no-build-vignettes
Check: R code for possible problems
Result: NOTE
    balance.plot: no visible global function definition for ‘melt’
    balance.plot: no visible global function definition for ‘ggplot’
    balance.plot: no visible global function definition for ‘aes’
    balance.plot: no visible global function definition for ‘facet_grid’
    balance.plot: no visible global function definition for ‘geom_boxplot’
    balance.plot: no visible global function definition for ‘geom_point’
    balance.plot: no visible global function definition for ‘geom_line’
    balance.plot: no visible global function definition for ‘geom_errorbar’
    balance.plot: no visible global function definition for ‘geom_bar’
    balance.plot: no visible global function definition for
     ‘scale_fill_hue’
    balance.plot: no visible global function definition for
     ‘scale_y_continuous’
    balance.plot: no visible binding for global variable ‘percent’
    balance.plot: no visible global function definition for ‘theme’
    balance.plot: no visible global function definition for ‘element_text’
    balance.plot: no visible global function definition for ‘element_rect’
    balance.plot: no visible global function definition for
     ‘scale_x_discrete’
    balance.plot: no visible global function definition for ‘ezANOVA’
    boxdiff.plot: no visible global function definition for ‘melt’
    boxdiff.plot: no visible global function definition for ‘ggplot’
    boxdiff.plot: no visible global function definition for ‘aes’
    boxdiff.plot: no visible global function definition for ‘geom_boxplot’
    boxdiff.plot: no visible global function definition for ‘geom_crossbar’
    boxdiff.plot: no visible global function definition for ‘geom_hline’
    boxdiff.plot: no visible global function definition for ‘geom_point’
    boxdiff.plot: no visible global function definition for ‘geom_text’
    boxdiff.plot: no visible global function definition for
     ‘scale_x_discrete’
    boxdiff.plot: no visible global function definition for ‘xlab’
    distances.plot: no visible global function definition for ‘melt’
    distances.plot: no visible global function definition for ‘ggplot’
    distances.plot: no visible global function definition for ‘aes’
    distances.plot: no visible global function definition for ‘geom_bar’
    distances.plot: no visible global function definition for ‘coord_flip’
    distances.plot: no visible global function definition for ‘geom_hline’
    distances.plot: no visible global function definition for ‘theme’
    distances.plot: no visible global function definition for
     ‘element_blank’
    distances.plot: no visible global function definition for ‘xlab’
    distances.plot: no visible global function definition for ‘xlim’
    distances.plot: no visible global function definition for ‘geom_text’
    loess3.plot: no visible binding for global variable ‘geom_point’
    loess3.plot: no visible global function definition for ‘melt’
    loess3.plot: no visible global function definition for ‘ggplot’
    loess3.plot: no visible global function definition for ‘aes’
    loess3.plot: no visible global function definition for ‘geom_path’
    loess3.plot: no visible global function definition for ‘geom_smooth’
    loess3.plot: no visible global function definition for
     ‘scale_color_brewer’
    loess3.plot: no visible global function definition for
     ‘scale_fill_brewer’
    multibalance.plot: no visible global function definition for ‘melt’
    multibalance.plot: no visible global function definition for ‘ggplot’
    multibalance.plot: no visible global function definition for ‘aes’
    multibalance.plot: no visible global function definition for
     ‘geom_point’
    multibalance.plot: no visible global function definition for
     ‘geom_path’
    multibalance.plot: no visible global function definition for ‘ylab’
    multibalance.plot: no visible global function definition for ‘xlab’
    multibalance.plot: no visible global function definition for
     ‘scale_color_hue’
    multibalance.plot: no visible global function definition for
     ‘scale_linetype’
    multibalance.plot: no visible global function definition for
     ‘scale_shape’
    multibalance.plot: no visible global function definition for
     ‘facet_grid’
    parallel.plot: no visible global function definition for ‘melt’
    parallel.plot: no visible global function definition for ‘ggplot’
    parallel.plot: no visible global function definition for ‘geom_line’
    parallel.plot: no visible global function definition for ‘aes’
    parallel.plot: no visible global function definition for ‘theme’
    parallel.plot: no visible global function definition for
     ‘scale_colour_gradient’
    parallel.plot: no visible global function definition for ‘geom_point’
    plot.balance.plots: no visible global function definition for
     ‘grid.newpage’
    plot.balance.plots: no visible global function definition for
     ‘pushViewport’
    plot.balance.plots: no visible global function definition for
     ‘viewport’
    plot.balance.plots: no visible global function definition for
     ‘grid.layout’
    plot.balance.plots : vplayout: no visible global function definition
     for ‘viewport’
    plot.triangle.matches: no visible global function definition for ‘melt’
    plot.triangle.matches: no visible global function definition for
     ‘geom_path’
    plot.triangle.matches: no visible global function definition for ‘aes’
    plot.triangle.matches: no visible global function definition for
     ‘geom_point’
    plot.triangle.psa: no visible global function definition for ‘ggplot’
    plot.triangle.psa: no visible global function definition for
     ‘geom_segment’
    plot.triangle.psa: no visible global function definition for
     ‘geom_line’
    plot.triangle.psa: no visible global function definition for ‘aes’
    plot.triangle.psa: no visible global function definition for
     ‘geom_text’
    plot.triangle.psa: no visible binding for global variable ‘label’
    plot.triangle.psa: no visible global function definition for
     ‘geom_point’
    plot.triangle.psa: no visible global function definition for
     ‘scale_color_manual’
    plot.triangle.psa: no visible global function definition for ‘xlim’
    plot.triangle.psa: no visible global function definition for ‘ylim’
    plot.triangle.psa: no visible global function definition for ‘xlab’
    plot.triangle.psa: no visible global function definition for ‘ylab’
    plot.triangle.psa: no visible global function definition for
     ‘coord_equal’
    plot.triangle.psa: no visible global function definition for ‘theme’
    plot.triangle.psa: no visible global function definition for
     ‘element_blank’
    summary.triangle.matches: no visible global function definition for
     ‘melt’
    summary.triangle.matches: no visible global function definition for
     ‘ezANOVA’
Flavor: r-patched-solaris-x86

Version: 0.9.1
Check: re-building of vignette outputs
Result: NOTE
    Error in re-building vignettes:
     ...
    Loading required package: grid
    Warning in `$.data.frame`(table2, GG) :
     Name partially matched in data frame
    Warning in `$.data.frame`(table2, GG) :
     Name partially matched in data frame
    Warning in `$.data.frame`(table2, GG) :
     Name partially matched in data frame
    Warning in `$.data.frame`(table2, GG) :
     Name partially matched in data frame
    Warning in `$.data.frame`(table2, GG) :
     Name partially matched in data frame
    Warning in `$.data.frame`(table2, GG) :
     Name partially matched in data frame
    Error in texi2dvi(file = file, pdf = TRUE, clean = clean, quiet = quiet, :
     Running 'texi2dvi' on 'TriMatch.tex' failed.
    LaTeX errors:
    ! LaTeX Error: File `enumitem.sty' not found.
    
    Type X to quit or <RETURN> to proceed,
    or enter new name. (Default extension: sty)
    
    n_test/TriMatch/vignettes/TriMatch.tex:15: ==> Fatal error occurred, no output
     PDF file produced!
    Calls: buildVignettes -> texi2pdf -> texi2dvi
    Execution halted
Flavor: r-release-osx-x86_64-mavericks

Version: 0.9.1
Check: re-building of vignette outputs
Result: NOTE
    Error in re-building vignettes:
     ...
    Loading required package: grid
    Warning in `$.data.frame`(table2, GG) :
     Name partially matched in data frame
    Warning in `$.data.frame`(table2, GG) :
     Name partially matched in data frame
    Warning in `$.data.frame`(table2, GG) :
     Name partially matched in data frame
    Warning in `$.data.frame`(table2, GG) :
     Name partially matched in data frame
    Warning in `$.data.frame`(table2, GG) :
     Name partially matched in data frame
    Warning in `$.data.frame`(table2, GG) :
     Name partially matched in data frame
    Error in texi2dvi(file = file, pdf = TRUE, clean = clean, quiet = quiet, :
     Running 'texi2dvi' on 'TriMatch.tex' failed.
    LaTeX errors:
    ! LaTeX Error: File `enumitem.sty' not found.
    
    Type X to quit or <RETURN> to proceed,
    or enter new name. (Default extension: sty)
    
    TriMatch.Rcheck/vign_test/TriMatch/vignettes/TriMatch.tex:15: ==> Fatal error
    occurred, no output PDF file produced!
    Calls: buildVignettes -> texi2pdf -> texi2dvi
    Execution halted
Flavor: r-release-osx-x86_64-snowleopard