CRAN Package Check Results for Package TriMatch

Last updated on 2015-09-03 19:47:35.

Flavor Version Tinstall Tcheck Ttotal Status Flags
r-devel-linux-x86_64-debian-clang 0.9.4 4.61 50.13 54.74 NOTE --no-vignettes
r-devel-linux-x86_64-debian-gcc 0.9.4 5.03 48.94 53.97 NOTE --no-vignettes
r-devel-linux-x86_64-fedora-clang 0.9.4 111.14 NOTE
r-devel-linux-x86_64-fedora-gcc 0.9.4 105.64 NOTE
r-devel-osx-x86_64-clang 0.9.4 83.80 OK
r-devel-windows-ix86+x86_64 0.9.4 22.00 88.00 110.00 NOTE
r-patched-linux-x86_64 0.9.4 6.66 51.46 58.12 OK --no-vignettes
r-patched-solaris-sparc 0.9.4 680.00 OK --no-vignettes
r-patched-solaris-x86 0.9.4 162.30 OK --no-build-vignettes
r-release-linux-x86_64 0.9.4 4.53 52.97 57.50 OK --no-vignettes
r-release-osx-x86_64-mavericks 0.9.4 OK
r-release-windows-ix86+x86_64 0.9.4 18.00 84.00 102.00 OK
r-oldrel-windows-ix86+x86_64 0.9.4 35.00 149.00 184.00 OK

Check Details

Version: 0.9.4
Flags: --no-vignettes
Check: R code for possible problems
Result: NOTE
    plot.triangle.matches: no visible global function definition for ‘plot’
    print.balance.plots: no visible global function definition for ‘plot’
    Undefined global functions or variables:
     plot
    Consider adding
     importFrom("graphics", "plot")
    to your NAMESPACE.
Flavors: r-devel-linux-x86_64-debian-clang, r-devel-linux-x86_64-debian-gcc

Version: 0.9.4
Check: R code for possible problems
Result: NOTE
    plot.triangle.matches: no visible global function definition for ‘plot’
    print.balance.plots: no visible global function definition for ‘plot’
    Undefined global functions or variables:
     plot
    Consider adding
     importFrom("graphics", "plot")
    to your NAMESPACE.
Flavors: r-devel-linux-x86_64-fedora-clang, r-devel-linux-x86_64-fedora-gcc, r-devel-windows-ix86+x86_64