CRAN Package Check Results for Package TriMatch

Last updated on 2014-04-23 20:47:24.

Flavor Version Tinstall Tcheck Ttotal Status Flags
r-devel-linux-x86_64-debian-clang 0.9.1 5.83 62.34 68.17 NOTE --no-vignettes
r-devel-linux-x86_64-debian-gcc 0.9.1 6.03 62.09 68.12 NOTE --no-vignettes
r-devel-linux-x86_64-fedora-clang 0.9.1 799.86 NOTE
r-devel-linux-x86_64-fedora-gcc 0.9.1 790.65 NOTE
r-devel-osx-x86_64-clang 0.9.1 551.26 NOTE
r-devel-osx-x86_64-gcc 0.9.1 ERROR
r-devel-windows-ix86+x86_64 0.9.1 15.00 683.00 698.00 NOTE
r-patched-linux-x86_64 0.9.1 6.19 64.70 70.89 NOTE --no-vignettes
r-patched-solaris-sparc 0.9.1 798.10 NOTE --no-vignettes
r-patched-solaris-x86 0.9.1 515.00 NOTE --no-build-vignettes
r-release-linux-ix86 0.9.1 9.00 101.00 110.00 NOTE --no-vignettes
r-release-linux-x86_64 0.9.1 6.21 63.45 69.66 NOTE --no-vignettes
r-release-osx-x86_64-mavericks 0.9.1 NOTE
r-release-osx-x86_64-snowleopard 0.9.1 NOTE
r-release-windows-ix86+x86_64 0.9.1 16.00 574.00 590.00 NOTE
r-oldrel-windows-ix86+x86_64 0.9.1 15.00 504.00 519.00 NOTE

Check Details

Version: 0.9.1
Flags: --no-vignettes
Check: dependencies in R code
Result: NOTE
    Namespaces in Imports field not imported from:
     ‘PSAgraphics’ ‘compiler’ ‘psych’ ‘stats’
     All declared Imports should be used.
    Packages in Depends field not imported from:
     ‘ez’ ‘ggplot2’ ‘reshape2’ ‘scales’
     These packages need to be imported from (in the NAMESPACE file)
     for when this namespace is loaded but not attached.
    See the information on DESCRIPTION files in the chapter ‘Creating R
    packages’ of the ‘Writing R Extensions’ manual.
Flavors: r-devel-linux-x86_64-debian-clang, r-devel-linux-x86_64-debian-gcc, r-patched-linux-x86_64, r-patched-solaris-sparc, r-release-linux-ix86, r-release-linux-x86_64

Version: 0.9.1
Check: dependencies in R code
Result: NOTE
    Namespaces in Imports field not imported from:
     ‘PSAgraphics’ ‘compiler’ ‘psych’ ‘stats’
     All declared Imports should be used.
    Packages in Depends field not imported from:
     ‘ez’ ‘ggplot2’ ‘reshape2’ ‘scales’
     These packages need to be imported from (in the NAMESPACE file)
     for when this namespace is loaded but not attached.
    See the information on DESCRIPTION files in the chapter ‘Creating R
    packages’ of the ‘Writing R Extensions’ manual.
Flavors: r-devel-linux-x86_64-fedora-clang, r-devel-linux-x86_64-fedora-gcc, r-devel-osx-x86_64-clang, r-devel-windows-ix86+x86_64, r-release-osx-x86_64-mavericks, r-release-windows-ix86+x86_64, r-oldrel-windows-ix86+x86_64

Version: 0.9.1
Check: package dependencies
Result: ERROR
    Packages required but not available: ‘ggplot2’ ‘scales’ ‘ez’
    
    Package suggested but not available for checking: ‘gridExtra’
    
    See the information on DESCRIPTION files in the chapter ‘Creating R
    packages’ of the ‘Writing R Extensions’ manual.
Flavor: r-devel-osx-x86_64-gcc

Version: 0.9.1
Flags: --no-build-vignettes
Check: dependencies in R code
Result: NOTE
    Namespaces in Imports field not imported from:
     ‘PSAgraphics’ ‘compiler’ ‘psych’ ‘stats’
     All declared Imports should be used.
    Packages in Depends field not imported from:
     ‘ez’ ‘ggplot2’ ‘reshape2’ ‘scales’
     These packages need to be imported from (in the NAMESPACE file)
     for when this namespace is loaded but not attached.
    See the information on DESCRIPTION files in the chapter ‘Creating R
    packages’ of the ‘Writing R Extensions’ manual.
Flavor: r-patched-solaris-x86

Version: 0.9.1
Check: re-building of vignette outputs
Result: NOTE
    Error in re-building vignettes:
     ...
    Loading required package: grid
    Warning in `$.data.frame`(table2, GG) :
     Name partially matched in data frame
    Warning in `$.data.frame`(table2, GG) :
     Name partially matched in data frame
    Warning in `$.data.frame`(table2, GG) :
     Name partially matched in data frame
    Warning in `$.data.frame`(table2, GG) :
     Name partially matched in data frame
    Warning in `$.data.frame`(table2, GG) :
     Name partially matched in data frame
    Warning in `$.data.frame`(table2, GG) :
     Name partially matched in data frame
    Error in texi2dvi(file = file, pdf = TRUE, clean = clean, quiet = quiet, :
     Running 'texi2dvi' on 'TriMatch.tex' failed.
    LaTeX errors:
    ! LaTeX Error: File `enumitem.sty' not found.
    
    Type X to quit or <RETURN> to proceed,
    or enter new name. (Default extension: sty)
    
    n_test/TriMatch/vignettes/TriMatch.tex:15: ==> Fatal error occurred, no output
     PDF file produced!
    Calls: buildVignettes -> texi2pdf -> texi2dvi
    Execution halted
Flavor: r-release-osx-x86_64-mavericks

Version: 0.9.1
Check: re-building of vignette outputs
Result: NOTE
    Error in re-building vignettes:
     ...
    Loading required package: grid
    Warning in `$.data.frame`(table2, GG) :
     Name partially matched in data frame
    Warning in `$.data.frame`(table2, GG) :
     Name partially matched in data frame
    Warning in `$.data.frame`(table2, GG) :
     Name partially matched in data frame
    Warning in `$.data.frame`(table2, GG) :
     Name partially matched in data frame
    Warning in `$.data.frame`(table2, GG) :
     Name partially matched in data frame
    Warning in `$.data.frame`(table2, GG) :
     Name partially matched in data frame
    Error in texi2dvi(file = file, pdf = TRUE, clean = clean, quiet = quiet, :
     Running 'texi2dvi' on 'TriMatch.tex' failed.
    LaTeX errors:
    ! LaTeX Error: File `enumitem.sty' not found.
    
    Type X to quit or <RETURN> to proceed,
    or enter new name. (Default extension: sty)
    
    TriMatch.Rcheck/vign_test/TriMatch/vignettes/TriMatch.tex:15: ==> Fatal error
    occurred, no output PDF file produced!
    Calls: buildVignettes -> texi2pdf -> texi2dvi
    Execution halted
Flavor: r-release-osx-x86_64-snowleopard