CRAN Package Check Results for Package TriMatch

Last updated on 2015-05-07 08:47:46.

Flavor Version Tinstall Tcheck Ttotal Status Flags
r-devel-linux-x86_64-debian-clang 0.9.4 4.17 49.23 53.40 OK --no-vignettes
r-devel-linux-x86_64-debian-gcc 0.9.4 4.16 48.00 52.16 OK --no-vignettes
r-devel-linux-x86_64-fedora-clang 0.9.4 115.61 OK
r-devel-linux-x86_64-fedora-gcc 0.9.4 105.48 OK
r-devel-osx-x86_64-clang 0.9.4 91.91 OK
r-devel-windows-ix86+x86_64 0.9.4 13.00 78.00 91.00 OK
r-patched-linux-x86_64 0.9.4 4.28 48.94 53.22 OK --no-vignettes
r-patched-solaris-sparc 0.9.4 601.40 OK --no-vignettes
r-patched-solaris-x86 0.9.4 151.60 OK --no-build-vignettes
r-release-linux-x86_64 0.9.4 4.19 48.82 53.02 OK --no-vignettes
r-release-osx-x86_64-mavericks 0.9.4 OK
r-release-osx-x86_64-snowleopard 0.9.4 ERROR
r-release-windows-ix86+x86_64 0.9.4 13.00 76.00 89.00 OK
r-oldrel-windows-ix86+x86_64 0.9.4 22.00 115.00 137.00 OK

Check Details

Version: 0.9.4
Check: package dependencies
Result: ERROR
    Packages required but not available: ‘ggplot2’ ‘scales’ ‘ez’ ‘gridExtra’
    
    See section ‘The DESCRIPTION file’ in the ‘Writing R Extensions’
    manual.
Flavor: r-release-osx-x86_64-snowleopard