CRAN Package Check Results for Package TriMatch

Last updated on 2015-08-01 06:48:17.

Flavor Version Tinstall Tcheck Ttotal Status Flags
r-devel-linux-x86_64-debian-clang 0.9.4 4.24 49.66 53.90 NOTE --no-vignettes
r-devel-linux-x86_64-debian-gcc 0.9.4 4.07 49.45 53.52 NOTE --no-vignettes
r-devel-linux-x86_64-fedora-clang 0.9.4 113.97 NOTE
r-devel-linux-x86_64-fedora-gcc 0.9.4 114.57 NOTE
r-devel-osx-x86_64-clang 0.9.4 91.91 OK
r-devel-windows-ix86+x86_64 0.9.4 18.00 72.00 90.00 NOTE
r-patched-linux-x86_64 0.9.4 4.14 48.74 52.89 OK --no-vignettes
r-patched-solaris-sparc 0.9.4 680.00 OK --no-vignettes
r-patched-solaris-x86 0.9.4 155.30 OK --no-build-vignettes
r-release-linux-x86_64 0.9.4 4.25 49.34 53.59 OK --no-vignettes
r-release-osx-x86_64-mavericks 0.9.4 OK
r-release-windows-ix86+x86_64 0.9.4 18.00 79.00 97.00 OK
r-oldrel-windows-ix86+x86_64 0.9.4 24.00 150.00 174.00 OK

Check Details

Version: 0.9.4
Flags: --no-vignettes
Check: R code for possible problems
Result: NOTE
    plot.triangle.matches: no visible global function definition for ‘plot’
    print.balance.plots: no visible global function definition for ‘plot’
    Undefined global functions or variables:
     plot
    Consider adding
     importFrom("graphics", "plot")
    to your NAMESPACE.
Flavors: r-devel-linux-x86_64-debian-clang, r-devel-linux-x86_64-debian-gcc

Version: 0.9.4
Check: R code for possible problems
Result: NOTE
    plot.triangle.matches: no visible global function definition for ‘plot’
    print.balance.plots: no visible global function definition for ‘plot’
    Undefined global functions or variables:
     plot
    Consider adding
     importFrom("graphics", "plot")
    to your NAMESPACE.
Flavors: r-devel-linux-x86_64-fedora-clang, r-devel-linux-x86_64-fedora-gcc, r-devel-windows-ix86+x86_64