CRAN Package Check Results for Package TriMatch

Last updated on 2015-07-01 13:47:40.

Flavor Version Tinstall Tcheck Ttotal Status Flags
r-devel-linux-x86_64-debian-clang 0.9.4 4.42 49.89 54.31 NOTE --no-vignettes
r-devel-linux-x86_64-debian-gcc 0.9.4 4.41 48.41 52.82 NOTE --no-vignettes
r-devel-linux-x86_64-fedora-clang 0.9.4 113.48 NOTE
r-devel-linux-x86_64-fedora-gcc 0.9.4 104.55 NOTE
r-devel-osx-x86_64-clang 0.9.4 98.69 OK
r-devel-windows-ix86+x86_64 0.9.4 13.00 76.00 89.00 NOTE
r-patched-linux-x86_64 0.9.4 4.64 48.43 53.07 OK --no-vignettes
r-patched-solaris-sparc 0.9.4 669.70 OK --no-vignettes
r-patched-solaris-x86 0.9.4 156.10 OK --no-build-vignettes
r-release-linux-x86_64 0.9.4 4.22 47.94 52.16 OK --no-vignettes
r-release-osx-x86_64-mavericks 0.9.4 OK
r-release-windows-ix86+x86_64 0.9.4 13.00 74.00 87.00 OK
r-oldrel-windows-ix86+x86_64 0.9.4 27.00 125.00 152.00 OK

Check Details

Version: 0.9.4
Flags: --no-vignettes
Check: R code for possible problems
Result: NOTE
    plot.triangle.matches: no visible global function definition for ‘plot’
    print.balance.plots: no visible global function definition for ‘plot’
Flavors: r-devel-linux-x86_64-debian-clang, r-devel-linux-x86_64-debian-gcc

Version: 0.9.4
Check: R code for possible problems
Result: NOTE
    plot.triangle.matches: no visible global function definition for ‘plot’
    print.balance.plots: no visible global function definition for ‘plot’
Flavors: r-devel-linux-x86_64-fedora-clang, r-devel-linux-x86_64-fedora-gcc, r-devel-windows-ix86+x86_64