Last updated on 2023-12-04 07:03:23 CET.
Flavor | Version | Tinstall | Tcheck | Ttotal | Status | Flags |
---|---|---|---|---|---|---|
r-devel-linux-x86_64-debian-clang | 0.3.0 | 2.42 | 54.73 | 57.15 | NOTE | |
r-devel-linux-x86_64-debian-gcc | 0.3.0 | 1.87 | 42.67 | 44.54 | NOTE | |
r-devel-linux-x86_64-fedora-clang | 0.3.0 | 71.12 | NOTE | |||
r-devel-linux-x86_64-fedora-gcc | 0.3.0 | 83.99 | NOTE | |||
r-devel-windows-x86_64 | 0.3.0 | 4.00 | 118.00 | 122.00 | NOTE | |
r-patched-linux-x86_64 | 0.3.0 | 2.65 | 53.86 | 56.51 | NOTE | |
r-release-linux-x86_64 | 0.3.0 | 2.42 | 53.11 | 55.53 | NOTE | |
r-release-macos-arm64 | 0.3.0 | 6.00 | ERROR | |||
r-release-macos-x86_64 | 0.3.0 | 125.00 | NOTE | |||
r-release-windows-x86_64 | 0.3.0 | 5.00 | 146.00 | 151.00 | NOTE | |
r-oldrel-macos-arm64 | 0.3.0 | 47.00 | OK | |||
r-oldrel-macos-x86_64 | 0.3.0 | 70.00 | OK | |||
r-oldrel-windows-x86_64 | 0.3.0 | 5.00 | 143.00 | 148.00 | OK |
Version: 0.3.0
Check: package subdirectories
Result: NOTE
Problems with news in ‘NEWS.md’:
No news entries found.
Flavors: r-devel-linux-x86_64-debian-clang, r-devel-linux-x86_64-debian-gcc, r-devel-linux-x86_64-fedora-clang, r-devel-linux-x86_64-fedora-gcc, r-devel-windows-x86_64, r-patched-linux-x86_64, r-release-linux-x86_64, r-release-macos-x86_64, r-release-windows-x86_64
Version: 0.3.0
Check: package dependencies
Result: ERROR
Package required but not available: ‘snpStats’
See section ‘The DESCRIPTION file’ in the ‘Writing R Extensions’
manual.
Flavor: r-release-macos-arm64