CRAN Package Check Results for Package TrialSize

Last updated on 2015-07-30 07:47:30.

Flavor Version Tinstall Tcheck Ttotal Status Flags
r-devel-linux-x86_64-debian-clang 1.3 1.69 16.46 18.15 NOTE
r-devel-linux-x86_64-debian-gcc 1.3 1.56 16.14 17.70 NOTE
r-devel-linux-x86_64-fedora-clang 1.3 33.47 NOTE
r-devel-linux-x86_64-fedora-gcc 1.3 33.61 NOTE
r-devel-osx-x86_64-clang 1.3 33.11 OK
r-devel-windows-ix86+x86_64 1.3 11.00 32.00 43.00 NOTE
r-patched-linux-x86_64 1.3 1.63 16.26 17.89 OK
r-patched-solaris-sparc 1.3 228.10 OK
r-patched-solaris-x86 1.3 46.90 OK
r-release-linux-x86_64 1.3 1.58 16.18 17.77 OK
r-release-osx-x86_64-mavericks 1.3 OK
r-release-windows-ix86+x86_64 1.3 10.00 33.00 43.00 OK
r-oldrel-windows-ix86+x86_64 1.3 15.00 32.00 47.00 OK

Check Details

Version: 1.3
Check: R code for possible problems
Result: NOTE
    ABE: no visible global function definition for ‘qnorm’
    ANOVA.Repeat.Measure: no visible global function definition for ‘qnorm’
    Carry.Over: no visible global function definition for ‘qnorm’
    Cochran.Armitage.Trend: no visible global function definition for
     ‘qnorm’
    Cox.Equality: no visible global function definition for ‘qnorm’
    Cox.Equivalence: no visible global function definition for ‘qnorm’
    Cox.NIS: no visible global function definition for ‘qnorm’
    CrossOver.ISV.Equality: no visible global function definition for ‘qf’
    CrossOver.ISV.Equivalence: no visible global function definition for
     ‘qf’
    CrossOver.ISV.NIS: no visible global function definition for ‘qf’
    Dose.Min.Effect: no visible global function definition for ‘qnorm’
    Dose.Response.Linear: no visible global function definition for ‘qnorm’
    Dose.Response.binary: no visible global function definition for ‘qnorm’
    Dose.Response.time.to.event: no visible global function definition for
     ‘qnorm’
    IBE : U: no visible global function definition for ‘qt’
    IBE : U: no visible global function definition for ‘qchisq’
    ISCV.Equality: no visible global function definition for ‘qnorm’
    ISCV.Equivalence: no visible global function definition for ‘qnorm’
    ISCV.NIS: no visible global function definition for ‘qnorm’
    ISV.Equality: no visible global function definition for ‘qf’
    ISV.Equivalence: no visible global function definition for ‘qf’
    ISV.NIS: no visible global function definition for ‘qf’
    InterSV.Equality: no visible global function definition for ‘qnorm’
    InterSV.NIS: no visible global function definition for ‘qnorm’
    McNemar.Test: no visible global function definition for ‘qnorm’
    MeanWilliamsDesign.Equality: no visible global function definition for
     ‘qnorm’
    MeanWilliamsDesign.Equivalence: no visible global function definition
     for ‘qnorm’
    MeanWilliamsDesign.NIS: no visible global function definition for
     ‘qnorm’
    Multiple.Testing : epsilon: no visible global function definition for
     ‘rnorm’
    Multiple.Testing: no visible global function definition for ‘quantile’
    Nonpara.Independ: no visible global function definition for ‘qnorm’
    Nonpara.One.Sample: no visible global function definition for ‘qnorm’
    Nonpara.Two.Sample: no visible global function definition for ‘qnorm’
    OneSampleMean.Equality: no visible global function definition for
     ‘qnorm’
    OneSampleMean.Equivalence: no visible global function definition for
     ‘qnorm’
    OneSampleMean.NIS: no visible global function definition for ‘qnorm’
    OneSampleProportion.Equality: no visible global function definition for
     ‘qnorm’
    OneSampleProportion.Equivalence: no visible global function definition
     for ‘qnorm’
    OneSampleProportion.NIS: no visible global function definition for
     ‘qnorm’
    OneSide.fixEffect: no visible global function definition for ‘qnorm’
    OneSide.varyEffect : h: no visible global function definition for
     ‘pnorm’
    OneSide.varyEffect : h: no visible global function definition for
     ‘qnorm’
    OneWayANOVA.PairwiseComparison: no visible global function definition
     for ‘qnorm’
    OneWayANOVA.pairwise: no visible global function definition for ‘qnorm’
    PBE: no visible global function definition for ‘qnorm’
    Propensity.Score.nostrata: no visible global function definition for
     ‘qnorm’
    Propensity.Score.strata: no visible global function definition for
     ‘qnorm’
    QOL: no visible global function definition for ‘qnorm’
    QT.PK.crossover: no visible global function definition for ‘qnorm’
    QT.PK.parallel: no visible global function definition for ‘qnorm’
    QT.crossover: no visible global function definition for ‘qnorm’
    QT.parallel: no visible global function definition for ‘qnorm’
    RelativeRisk.Equality: no visible global function definition for
     ‘qnorm’
    RelativeRisk.Equivalence: no visible global function definition for
     ‘qnorm’
    RelativeRisk.NIS: no visible global function definition for ‘qnorm’
    RelativeRiskCrossOver.Equality: no visible global function definition
     for ‘qnorm’
    RelativeRiskCrossOver.Equivalence: no visible global function
     definition for ‘qnorm’
    RelativeRiskCrossOver.NIS: no visible global function definition for
     ‘qnorm’
    Sensitivity.Index: no visible global function definition for ‘qt’
    Sensitivity.Index: no visible global function definition for ‘pt’
    Stuart.Maxwell.Test: no visible global function definition for ‘pchisq’
    Stuart.Maxwell.Test: no visible global function definition for ‘qchisq’
    TwoSampleCrossOver.Equality: no visible global function definition for
     ‘qnorm’
    TwoSampleCrossOver.Equivalence: no visible global function definition
     for ‘qnorm’
    TwoSampleCrossOver.NIS: no visible global function definition for
     ‘qnorm’
    TwoSampleMean.Equality: no visible global function definition for
     ‘qnorm’
    TwoSampleMean.Equivalence: no visible global function definition for
     ‘qnorm’
    TwoSampleMean.NIS: no visible global function definition for ‘qnorm’
    TwoSampleProportion.Equality: no visible global function definition for
     ‘qnorm’
    TwoSampleProportion.Equivalence: no visible global function definition
     for ‘qnorm’
    TwoSampleProportion.NIS: no visible global function definition for
     ‘qnorm’
    TwoSampleSeqCrossOver.Equality: no visible global function definition
     for ‘qnorm’
    TwoSampleSeqCrossOver.Equivalence: no visible global function
     definition for ‘qnorm’
    TwoSampleSeqCrossOver.NIS: no visible global function definition for
     ‘qnorm’
    TwoSampleSurvival.Conditional: no visible global function definition
     for ‘qnorm’
    TwoSampleSurvival.Equality: no visible global function definition for
     ‘qnorm’
    TwoSampleSurvival.Equivalence: no visible global function definition
     for ‘qnorm’
    TwoSampleSurvival.NIS: no visible global function definition for
     ‘qnorm’
    TwoSide.fixEffect: no visible global function definition for ‘qnorm’
    TwoSide.varyEffect : h: no visible global function definition for
     ‘pnorm’
    TwoSide.varyEffect : h: no visible global function definition for
     ‘qnorm’
    Vaccine.CEM: no visible global function definition for ‘qnorm’
    Vaccine.ELDI: no visible global function definition for ‘qnorm’
    Vaccine.RDI: no visible global function definition for ‘qnorm’
    Vitro.BE : U: no visible global function definition for ‘qnorm’
    Vitro.BE : U: no visible global function definition for ‘qchisq’
    WilliamsDesign.Equality: no visible global function definition for
     ‘qnorm’
    WilliamsDesign.Equivalence: no visible global function definition for
     ‘qnorm’
    WilliamsDesign.NIS: no visible global function definition for ‘qnorm’
    gof.Pearson: no visible global function definition for ‘pchisq’
    gof.Pearson: no visible global function definition for ‘qchisq’
    gof.Pearson.twoway: no visible global function definition for ‘pchisq’
    gof.Pearson.twoway: no visible global function definition for ‘qchisq’
    gof.Pearson.twoway: no visible global function definition for
     ‘chisq.test’
    Undefined global functions or variables:
     chisq.test pchisq pnorm pt qchisq qf qnorm qt quantile rnorm
    Consider adding
     importFrom("stats", "chisq.test", "pchisq", "pnorm", "pt", "qchisq",
     "qf", "qnorm", "qt", "quantile", "rnorm")
    to your NAMESPACE.
Flavors: r-devel-linux-x86_64-debian-clang, r-devel-linux-x86_64-debian-gcc, r-devel-linux-x86_64-fedora-clang, r-devel-linux-x86_64-fedora-gcc, r-devel-windows-ix86+x86_64