CRAN Package Check Results for Package TripleR

Last updated on 2014-07-25 21:48:01.

Flavor Version Tinstall Tcheck Ttotal Status Flags
r-devel-linux-x86_64-debian-clang 1.2.1 1.27 30.21 31.48 NOTE
r-devel-linux-x86_64-debian-gcc 1.2.1 1.25 30.06 31.31 NOTE
r-devel-linux-x86_64-fedora-clang 1.2.1 70.27 NOTE
r-devel-linux-x86_64-fedora-gcc 1.2.1 66.84 NOTE
r-devel-osx-x86_64-clang 1.2.1 59.14 NOTE
r-devel-windows-ix86+x86_64 1.2.1 4.00 45.00 49.00 NOTE
r-patched-linux-x86_64 1.2.1 1.26 31.21 32.48 NOTE
r-patched-solaris-sparc 1.2.1 351.00 NOTE
r-patched-solaris-x86 1.2.1 87.20 NOTE
r-release-linux-ix86 1.2.1 1.74 38.77 40.50 NOTE
r-release-linux-x86_64 1.2.1 1.32 30.43 31.74 NOTE
r-release-osx-x86_64-mavericks 1.2.1 NOTE
r-release-osx-x86_64-snowleopard 1.2.1 WARN
r-release-windows-ix86+x86_64 1.2.1 5.00 46.00 51.00 NOTE
r-oldrel-windows-ix86+x86_64 1.2.1 5.00 43.00 48.00 NOTE

Check Details

Version: 1.2.1
Check: dependencies in R code
Result: NOTE
    Packages in Depends field not imported from:
     ‘plyr’ ‘reshape’
     These packages need to be imported from (in the NAMESPACE file)
     for when this namespace is loaded but not attached.
    See the information on DESCRIPTION files in the chapter ‘Creating R
    packages’ of the ‘Writing R Extensions’ manual.
Flavors: r-devel-linux-x86_64-debian-clang, r-devel-linux-x86_64-debian-gcc, r-devel-linux-x86_64-fedora-clang, r-devel-linux-x86_64-fedora-gcc, r-devel-osx-x86_64-clang, r-devel-windows-ix86+x86_64, r-patched-linux-x86_64, r-patched-solaris-sparc, r-patched-solaris-x86, r-release-linux-ix86, r-release-linux-x86_64, r-release-osx-x86_64-mavericks, r-release-windows-ix86+x86_64, r-oldrel-windows-ix86+x86_64

Version: 1.2.1
Check: examples
Result: WARNING
    checking a package with encoding 'UTF-8' in an ASCII locale
    
     OK
Flavor: r-release-osx-x86_64-snowleopard