CRAN Package Check Results for Package TripleR

Last updated on 2015-07-01 23:47:20.

Flavor Version Tinstall Tcheck Ttotal Status Flags
r-devel-linux-x86_64-debian-clang 1.4.1 1.17 30.86 32.03 NOTE
r-devel-linux-x86_64-debian-gcc 1.4.1 1.29 31.20 32.49 NOTE
r-devel-linux-x86_64-fedora-clang 1.4.1 62.70 NOTE
r-devel-linux-x86_64-fedora-gcc 1.4.1 59.26 NOTE
r-devel-osx-x86_64-clang 1.4.1 55.37 OK
r-devel-windows-ix86+x86_64 1.4.1 6.00 44.00 50.00 NOTE
r-patched-linux-x86_64 1.4.1 1.23 30.27 31.50 OK
r-patched-solaris-sparc 1.4.1 375.70 OK
r-patched-solaris-x86 1.4.1 83.30 OK
r-release-linux-x86_64 1.4.1 1.26 30.29 31.56 OK
r-release-osx-x86_64-mavericks 1.4.1 OK
r-release-windows-ix86+x86_64 1.4.1 5.00 45.00 50.00 OK
r-oldrel-windows-ix86+x86_64 1.4.1 9.00 61.00 70.00 OK

Check Details

Version: 1.4.1
Check: R code for possible problems
Result: NOTE
    RR.bivariate: no visible global function definition for ‘pt’
    RR.multi: no visible global function definition for ‘formula’
    RR.multi.uni: no visible global function definition for ‘formula’
    RR.multi.uni: no visible global function definition for ‘weighted.mean’
    RR.multi.uni: no visible global function definition for ‘var’
    RR.univariate: no visible global function definition for ‘pt’
    RR.univariate: no visible global function definition for
     ‘capture.output’
    getEffects: no visible global function definition for ‘formula’
    long2matrix: no visible global function definition for ‘as.formula’
    noVar: no visible global function definition for ‘var’
    parCor: no visible global function definition for ‘sd’
    parCor: no visible global function definition for ‘na.omit’
    parCor: no visible global function definition for ‘resid’
    parCor: no visible global function definition for ‘lm’
    parCor: no visible binding for global variable ‘na.exclude’
    parCor: no visible global function definition for ‘cor’
    parCor: no visible global function definition for ‘pt’
    plot.RRmulti: no visible global function definition for ‘rnorm’
    plot.RRmulti: no visible global function definition for ‘qt’
    plot.RRmulti: no visible global function definition for ‘na.omit’
    selfCor: no visible global function definition for ‘cor.test’
    weighted.t.test: no visible global function definition for
     ‘weighted.mean’
    weighted.t.test: no visible global function definition for ‘pt’
    weighted.t.test: no visible global function definition for ‘qt’
Flavors: r-devel-linux-x86_64-debian-clang, r-devel-linux-x86_64-debian-gcc, r-devel-linux-x86_64-fedora-clang, r-devel-linux-x86_64-fedora-gcc, r-devel-windows-ix86+x86_64