CRAN Package Check Results for Package TripleR

Last updated on 2015-09-04 23:56:34.

Flavor Version Tinstall Tcheck Ttotal Status Flags
r-devel-linux-x86_64-debian-clang 1.4.1 1.18 30.02 31.20 NOTE
r-devel-linux-x86_64-debian-gcc 1.4.1 1.16 29.07 30.23 NOTE
r-devel-linux-x86_64-fedora-clang 1.4.1 60.65 NOTE
r-devel-linux-x86_64-fedora-gcc 1.4.1 57.87 NOTE
r-devel-osx-x86_64-clang 1.4.1 46.87 OK
r-devel-windows-ix86+x86_64 1.4.1 6.00 50.00 56.00 NOTE
r-patched-linux-x86_64 1.4.1 1.37 30.34 31.71 OK
r-patched-solaris-sparc 1.4.1 387.10 OK
r-patched-solaris-x86 1.4.1 81.30 OK
r-release-linux-x86_64 1.4.1 1.26 32.16 33.43 OK
r-release-osx-x86_64-mavericks 1.4.1 OK
r-release-windows-ix86+x86_64 1.4.1 7.00 47.00 54.00 OK
r-oldrel-windows-ix86+x86_64 1.4.1 10.00 74.00 84.00 OK

Check Details

Version: 1.4.1
Check: R code for possible problems
Result: NOTE
    RR.bivariate: no visible global function definition for ‘pt’
    RR.multi: no visible global function definition for ‘formula’
    RR.multi.uni: no visible global function definition for ‘formula’
    RR.multi.uni: no visible global function definition for ‘weighted.mean’
    RR.multi.uni: no visible global function definition for ‘var’
    RR.univariate: no visible global function definition for ‘pt’
    RR.univariate: no visible global function definition for
     ‘capture.output’
    getEffects: no visible global function definition for ‘formula’
    long2matrix: no visible global function definition for ‘as.formula’
    noVar: no visible global function definition for ‘var’
    parCor: no visible global function definition for ‘sd’
    parCor: no visible global function definition for ‘na.omit’
    parCor: no visible global function definition for ‘resid’
    parCor: no visible global function definition for ‘lm’
    parCor: no visible binding for global variable ‘na.exclude’
    parCor: no visible global function definition for ‘cor’
    parCor: no visible global function definition for ‘pt’
    plot.RRmulti: no visible global function definition for ‘rnorm’
    plot.RRmulti: no visible global function definition for ‘qt’
    plot.RRmulti: no visible global function definition for ‘na.omit’
    selfCor: no visible global function definition for ‘cor.test’
    weighted.t.test: no visible global function definition for
     ‘weighted.mean’
    weighted.t.test: no visible global function definition for ‘pt’
    weighted.t.test: no visible global function definition for ‘qt’
    Undefined global functions or variables:
     as.formula capture.output cor cor.test formula lm na.exclude na.omit
     pt qt resid rnorm sd var weighted.mean
    Consider adding
     importFrom("stats", "as.formula", "cor", "cor.test", "formula", "lm",
     "na.exclude", "na.omit", "pt", "qt", "resid", "rnorm", "sd",
     "var", "weighted.mean")
     importFrom("utils", "capture.output")
    to your NAMESPACE.
Flavors: r-devel-linux-x86_64-debian-clang, r-devel-linux-x86_64-debian-gcc, r-devel-linux-x86_64-fedora-clang, r-devel-linux-x86_64-fedora-gcc, r-devel-windows-ix86+x86_64