CRAN Package Check Results for Package TripleR

Last updated on 2014-09-01 11:49:09.

Flavor Version Tinstall Tcheck Ttotal Status Flags
r-devel-linux-x86_64-debian-clang 1.2.1 1.26 26.47 27.73 NOTE
r-devel-linux-x86_64-debian-gcc 1.2.1 1.19 27.69 28.88 NOTE
r-devel-linux-x86_64-fedora-clang 1.2.1 63.04 NOTE
r-devel-linux-x86_64-fedora-gcc 1.2.1 58.75 NOTE
r-devel-osx-x86_64-clang 1.2.1 49.51 NOTE
r-devel-windows-ix86+x86_64 1.2.1 5.00 40.00 45.00 NOTE
r-patched-linux-x86_64 1.2.1 1.35 30.54 31.90 NOTE
r-patched-solaris-sparc 1.2.1 387.10 NOTE
r-patched-solaris-x86 1.2.1 87.40 NOTE
r-release-linux-ix86 1.2.1 1.71 38.40 40.11 NOTE
r-release-linux-x86_64 1.2.1 1.30 30.12 31.42 NOTE
r-release-osx-x86_64-mavericks 1.2.1 NOTE
r-release-osx-x86_64-snowleopard 1.2.1 WARN
r-release-windows-ix86+x86_64 1.2.1 4.00 44.00 48.00 NOTE
r-oldrel-windows-ix86+x86_64 1.2.1 6.00 48.00 54.00 NOTE

Check Details

Version: 1.2.1
Check: dependencies in R code
Result: NOTE
    Packages in Depends field not imported from:
     ‘plyr’ ‘reshape’
     These packages need to be imported from (in the NAMESPACE file)
     for when this namespace is loaded but not attached.
    See the information on DESCRIPTION files in the chapter ‘Creating R
    packages’ of the ‘Writing R Extensions’ manual.
Flavors: r-devel-linux-x86_64-debian-clang, r-devel-linux-x86_64-debian-gcc, r-devel-linux-x86_64-fedora-clang, r-devel-linux-x86_64-fedora-gcc, r-devel-osx-x86_64-clang, r-devel-windows-ix86+x86_64, r-patched-linux-x86_64, r-patched-solaris-sparc, r-patched-solaris-x86, r-release-linux-ix86, r-release-linux-x86_64, r-release-osx-x86_64-mavericks, r-release-windows-ix86+x86_64, r-oldrel-windows-ix86+x86_64

Version: 1.2.1
Check: R code for possible problems
Result: NOTE
    RR.effects: no visible global function definition for ‘melt’
    RR.multi.uni: no visible global function definition for ‘ldply’
    RR.summary: no visible global function definition for ‘laply’
    clearLongData: no visible global function definition for ‘ldply’
    getEffects: no visible global function definition for ‘merge_recurse’
    long2matrix: no visible global function definition for ‘cast’
    long2wide: no visible global function definition for ‘melt’
    long2wide: no visible global function definition for ‘cast’
    matrix2long: no visible global function definition for ‘melt’
    plot.RRmulti: no visible global function definition for ‘ggplot’
    plot.RRmulti: no visible global function definition for ‘aes_string’
    plot.RRmulti: no visible global function definition for ‘geom_point’
    plot.RRmulti: no visible global function definition for ‘aes’
    plot.RRmulti: no visible global function definition for ‘scale_size’
    plot.RRmulti: no visible global function definition for
     ‘scale_x_discrete’
    plot.RRmulti: no visible global function definition for
     ‘geom_pointrange’
    plot.RRmulti: no visible global function definition for ‘geom_line’
    plot.RRmulti: no visible global function definition for ‘theme’
    plot.RRmulti: no visible global function definition for ‘element_text’
    plot.RRmulti: no visible global function definition for ‘xlab’
    plot.RRmulti: no visible global function definition for ‘ggtitle’
    plot.RRmulti: no visible global function definition for ‘facet_wrap’
    plot.RRmulti: no visible global function definition for ‘geom_bar’
    plot.RRmulti: no visible global function definition for
     ‘scale_fill_discrete’
    plot.RRmulti: no visible global function definition for ‘ylab’
    plot.RRuni: no visible global function definition for ‘ggplot’
    plot.RRuni: no visible global function definition for ‘aes’
    plot.RRuni: no visible global function definition for ‘geom_bar’
    plot.RRuni: no visible global function definition for
     ‘scale_fill_discrete’
    plot.RRuni: no visible global function definition for ‘xlab’
    plot.RRuni: no visible global function definition for ‘ylab’
    plot.RRuni: no visible global function definition for ‘coord_polar’
    plot.RRuni: no visible global function definition for ‘facet_wrap’
    plot_missings: no visible global function definition for ‘melt’
    plot_missings: no visible global function definition for ‘ggplot’
    plot_missings: no visible global function definition for ‘aes_string’
    plot_missings: no visible global function definition for ‘geom_point’
    plot_missings: no visible global function definition for ‘facet_wrap’
    plot_missings: no visible global function definition for
     ‘scale_colour_identity’
    plot_missings: no visible global function definition for ‘theme’
    plot_missings: no visible global function definition for ‘element_text’
    plot_missings: no visible global function definition for ‘ggtitle’
    print.uni: no visible global function definition for ‘laply’
Flavors: r-devel-linux-x86_64-debian-clang, r-devel-linux-x86_64-debian-gcc, r-devel-linux-x86_64-fedora-clang, r-devel-linux-x86_64-fedora-gcc, r-devel-osx-x86_64-clang, r-devel-windows-ix86+x86_64

Version: 1.2.1
Check: examples
Result: WARN
    checking a package with encoding 'UTF-8' in an ASCII locale
    
     OK
Flavor: r-release-osx-x86_64-snowleopard