CRAN Package Check Results for Package TripleR

Last updated on 2014-04-24 09:49:13.

Flavor Version Tinstall Tcheck Ttotal Status Flags
r-devel-linux-x86_64-debian-clang 1.2.1 1.36 31.06 32.42 NOTE
r-devel-linux-x86_64-debian-gcc 1.2.1 1.34 30.90 32.23 NOTE
r-devel-linux-x86_64-fedora-clang 1.2.1 69.36 NOTE
r-devel-linux-x86_64-fedora-gcc 1.2.1 64.57 NOTE
r-devel-osx-x86_64-clang 1.2.1 52.38 NOTE
r-devel-osx-x86_64-gcc 1.2.1 NOTE
r-devel-windows-ix86+x86_64 1.2.1 4.00 41.00 45.00 NOTE
r-patched-linux-x86_64 1.2.1 1.33 32.24 33.57 NOTE
r-patched-solaris-sparc 1.2.1 351.00 NOTE
r-patched-solaris-x86 1.2.1 80.80 NOTE
r-release-linux-ix86 1.2.1 3.00 52.00 55.00 NOTE
r-release-linux-x86_64 1.2.1 1.34 31.62 32.96 NOTE
r-release-osx-x86_64-mavericks 1.2.1 WARN
r-release-osx-x86_64-snowleopard 1.2.1 WARN
r-release-windows-ix86+x86_64 1.2.1 4.00 45.00 49.00 NOTE
r-oldrel-windows-ix86+x86_64 1.2.1 5.00 44.00 49.00 NOTE

Check Details

Version: 1.2.1
Check: dependencies in R code
Result: NOTE
    Packages in Depends field not imported from:
     ‘plyr’ ‘reshape’
     These packages need to be imported from (in the NAMESPACE file)
     for when this namespace is loaded but not attached.
    See the information on DESCRIPTION files in the chapter ‘Creating R
    packages’ of the ‘Writing R Extensions’ manual.
Flavors: r-devel-linux-x86_64-debian-clang, r-devel-linux-x86_64-debian-gcc, r-devel-linux-x86_64-fedora-clang, r-devel-linux-x86_64-fedora-gcc, r-devel-osx-x86_64-clang, r-devel-osx-x86_64-gcc, r-devel-windows-ix86+x86_64, r-patched-linux-x86_64, r-patched-solaris-sparc, r-patched-solaris-x86, r-release-linux-ix86, r-release-linux-x86_64, r-release-osx-x86_64-mavericks, r-release-windows-ix86+x86_64, r-oldrel-windows-ix86+x86_64

Version: 1.2.1
Check: package dependencies
Result: NOTE
    Packages suggested but not available for checking: ‘lme4’ ‘ggplot2’
Flavor: r-devel-osx-x86_64-gcc

Version: 1.2.1
Check: R code for possible problems
Result: NOTE
    plot.RRmulti: no visible global function definition for ‘ggplot’
    plot.RRmulti: no visible global function definition for ‘aes_string’
    plot.RRmulti: no visible global function definition for ‘geom_point’
    plot.RRmulti: no visible global function definition for ‘aes’
    plot.RRmulti: no visible global function definition for ‘scale_size’
    plot.RRmulti: no visible global function definition for
     ‘scale_x_discrete’
    plot.RRmulti: no visible global function definition for
     ‘geom_pointrange’
    plot.RRmulti: no visible global function definition for ‘geom_line’
    plot.RRmulti: no visible global function definition for ‘theme’
    plot.RRmulti: no visible global function definition for ‘element_text’
    plot.RRmulti: no visible global function definition for ‘xlab’
    plot.RRmulti: no visible global function definition for ‘ggtitle’
    plot.RRmulti: no visible global function definition for ‘facet_wrap’
    plot.RRmulti: no visible global function definition for ‘geom_bar’
    plot.RRmulti: no visible global function definition for
     ‘scale_fill_discrete’
    plot.RRmulti: no visible global function definition for ‘ylab’
    plot.RRuni: no visible global function definition for ‘ggplot’
    plot.RRuni: no visible global function definition for ‘aes’
    plot.RRuni: no visible global function definition for ‘geom_bar’
    plot.RRuni: no visible global function definition for
     ‘scale_fill_discrete’
    plot.RRuni: no visible global function definition for ‘xlab’
    plot.RRuni: no visible global function definition for ‘ylab’
    plot.RRuni: no visible global function definition for ‘coord_polar’
    plot.RRuni: no visible global function definition for ‘facet_wrap’
    plot_missings: no visible global function definition for ‘ggplot’
    plot_missings: no visible global function definition for ‘aes_string’
    plot_missings: no visible global function definition for ‘geom_point’
    plot_missings: no visible global function definition for ‘facet_wrap’
    plot_missings: no visible global function definition for
     ‘scale_colour_identity’
    plot_missings: no visible global function definition for ‘theme’
    plot_missings: no visible global function definition for ‘element_text’
    plot_missings: no visible global function definition for ‘ggtitle’
Flavor: r-devel-osx-x86_64-gcc

Version: 1.2.1
Check: package dependencies
Result: NOTE
    Package suggested but not available for checking: ‘lme4’
Flavor: r-release-osx-x86_64-mavericks

Version: 1.2.1
Check: PDF version of manual
Result: WARNING
    LaTeX errors when creating PDF version.
    This typically indicates Rd problems.
    LaTeX errors found:
    ! LaTeX Error: File `upquote.sty' not found.
    
    Type X to quit or <RETURN> to proceed,
    or enter new name. (Default extension: sty)
    
    6132b352/Rd2.tex:8: ==> Fatal error occurred, no output PDF file produced!
Flavor: r-release-osx-x86_64-mavericks

Version: 1.2.1
Check: examples
Result: WARNING
    checking a package with encoding 'UTF-8' in an ASCII locale
    
     OK
Flavor: r-release-osx-x86_64-snowleopard