CRAN Package Check Results for Package Tsphere

Last updated on 2014-08-27 19:48:45.

Flavor Version Tinstall Tcheck Ttotal Status Flags
r-devel-linux-x86_64-debian-clang 1.0 1.40 37.36 38.77 NOTE
r-devel-linux-x86_64-debian-gcc 1.0 1.30 37.86 39.15 NOTE
r-devel-linux-x86_64-fedora-clang 1.0 76.79 NOTE
r-devel-linux-x86_64-fedora-gcc 1.0 76.23 NOTE
r-devel-osx-x86_64-clang 1.0 62.78 NOTE
r-devel-windows-ix86+x86_64 1.0 7.00 57.00 64.00 NOTE
r-patched-linux-x86_64 1.0 1.46 37.76 39.22 NOTE
r-patched-solaris-sparc 1.0 914.10 NOTE
r-patched-solaris-x86 1.0 138.60 NOTE
r-release-linux-ix86 1.0 2.00 61.73 63.73 NOTE
r-release-linux-x86_64 1.0 1.44 38.74 40.18 NOTE
r-release-osx-x86_64-mavericks 1.0 NOTE
r-release-osx-x86_64-snowleopard 1.0 NOTE
r-release-windows-ix86+x86_64 1.0 8.00 59.00 67.00 NOTE
r-oldrel-windows-ix86+x86_64 1.0 6.00 62.00 68.00 NOTE

Check Details

Version: 1.0
Check: R code for possible problems
Result: NOTE
    covTranspose11: warning in glasso(sc, 2 * rhoc/n, wi.init = gc$wi,
     w.init = gc$w, maxit = maxit.glasso, thr = thr.glasso, penalize.diag
     = pen.diag): partial argument match of 'penalize.diag' to
     'penalize.diagonal'
    covTranspose11: warning in glasso(sr, 2 * rhor/p, wi.init = gr$wi,
     w.init = gr$w, maxit = maxit.glasso, thr = thr.glasso, penalize.diag
     = pen.diag): partial argument match of 'penalize.diag' to
     'penalize.diagonal'
    .help.ESS: no visible global function definition for ‘index.search’
Flavors: r-devel-linux-x86_64-debian-clang, r-devel-linux-x86_64-debian-gcc, r-devel-linux-x86_64-fedora-clang, r-devel-linux-x86_64-fedora-gcc, r-devel-osx-x86_64-clang, r-devel-windows-ix86+x86_64, r-patched-linux-x86_64, r-patched-solaris-sparc, r-patched-solaris-x86, r-release-linux-ix86, r-release-linux-x86_64, r-release-osx-x86_64-mavericks, r-release-osx-x86_64-snowleopard, r-release-windows-ix86+x86_64, r-oldrel-windows-ix86+x86_64