CRAN Package Check Results for Package Tsphere

Last updated on 2014-07-26 08:50:58.

Flavor Version Tinstall Tcheck Ttotal Status Flags
r-devel-linux-x86_64-debian-clang 1.0 1.40 38.12 39.52 NOTE
r-devel-linux-x86_64-debian-gcc 1.0 1.39 37.48 38.87 NOTE
r-devel-linux-x86_64-fedora-clang 1.0 77.33 NOTE
r-devel-linux-x86_64-fedora-gcc 1.0 74.56 NOTE
r-devel-osx-x86_64-clang 1.0 67.92 NOTE
r-devel-windows-ix86+x86_64 1.0 5.00 55.00 60.00 NOTE
r-patched-linux-x86_64 1.0 1.44 25.76 27.20 NOTE
r-patched-solaris-sparc 1.0 880.30 NOTE
r-patched-solaris-x86 1.0 136.30 NOTE
r-release-linux-ix86 1.0 1.84 61.38 63.22 NOTE
r-release-linux-x86_64 1.0 1.49 39.11 40.60 NOTE
r-release-osx-x86_64-mavericks 1.0 NOTE
r-release-osx-x86_64-snowleopard 1.0 NOTE
r-release-windows-ix86+x86_64 1.0 6.00 60.00 66.00 NOTE
r-oldrel-windows-ix86+x86_64 1.0 6.00 67.00 73.00 NOTE

Check Details

Version: 1.0
Check: R code for possible problems
Result: NOTE
    covTranspose11: warning in glasso(sc, 2 * rhoc/n, wi.init = gc$wi,
     w.init = gc$w, maxit = maxit.glasso, thr = thr.glasso, penalize.diag
     = pen.diag): partial argument match of 'penalize.diag' to
     'penalize.diagonal'
    covTranspose11: warning in glasso(sr, 2 * rhor/p, wi.init = gr$wi,
     w.init = gr$w, maxit = maxit.glasso, thr = thr.glasso, penalize.diag
     = pen.diag): partial argument match of 'penalize.diag' to
     'penalize.diagonal'
    .help.ESS: no visible global function definition for ‘index.search’
Flavors: r-devel-linux-x86_64-debian-clang, r-devel-linux-x86_64-debian-gcc, r-devel-linux-x86_64-fedora-clang, r-devel-linux-x86_64-fedora-gcc, r-devel-osx-x86_64-clang, r-devel-windows-ix86+x86_64, r-patched-linux-x86_64, r-patched-solaris-sparc, r-patched-solaris-x86, r-release-linux-ix86, r-release-linux-x86_64, r-release-osx-x86_64-mavericks, r-release-osx-x86_64-snowleopard, r-release-windows-ix86+x86_64, r-oldrel-windows-ix86+x86_64