CRAN Package Check Results for Package Tsphere

Last updated on 2015-01-25 17:48:19.

Flavor Version Tinstall Tcheck Ttotal Status Flags
r-devel-linux-x86_64-debian-clang 1.0 1.74 52.52 54.26 NOTE
r-devel-linux-x86_64-debian-gcc 1.0 1.65 45.87 47.52 NOTE
r-devel-linux-x86_64-fedora-clang 1.0 96.68 NOTE
r-devel-linux-x86_64-fedora-gcc 1.0 96.06 NOTE
r-devel-osx-x86_64-clang 1.0 79.73 NOTE
r-devel-windows-ix86+x86_64 1.0 10.00 75.00 85.00 NOTE
r-patched-linux-x86_64 1.0 1.81 44.00 45.81 NOTE
r-patched-solaris-sparc 1.0 959.30 NOTE
r-patched-solaris-x86 1.0 149.10 NOTE
r-release-linux-ix86 1.0 2.20 65.27 67.47 NOTE
r-release-linux-x86_64 1.0 1.80 45.56 47.36 NOTE
r-release-osx-x86_64-mavericks 1.0 NOTE
r-release-osx-x86_64-snowleopard 1.0 NOTE
r-release-windows-ix86+x86_64 1.0 8.00 75.00 83.00 NOTE
r-oldrel-windows-ix86+x86_64 1.0 11.00 93.00 104.00 NOTE

Check Details

Version: 1.0
Check: R code for possible problems
Result: NOTE
    covTranspose11: warning in glasso(sc, 2 * rhoc/n, wi.init = gc$wi,
     w.init = gc$w, maxit = maxit.glasso, thr = thr.glasso, penalize.diag
     = pen.diag): partial argument match of ‘penalize.diag’ to
     ‘penalize.diagonal’
    covTranspose11: warning in glasso(sr, 2 * rhor/p, wi.init = gr$wi,
     w.init = gr$w, maxit = maxit.glasso, thr = thr.glasso, penalize.diag
     = pen.diag): partial argument match of ‘penalize.diag’ to
     ‘penalize.diagonal’
    .help.ESS: no visible global function definition for ‘index.search’
Flavors: r-devel-linux-x86_64-debian-clang, r-devel-linux-x86_64-debian-gcc, r-devel-linux-x86_64-fedora-clang, r-devel-linux-x86_64-fedora-gcc, r-devel-osx-x86_64-clang, r-devel-windows-ix86+x86_64, r-patched-linux-x86_64, r-patched-solaris-sparc, r-patched-solaris-x86, r-release-linux-ix86, r-release-linux-x86_64, r-release-osx-x86_64-mavericks, r-release-osx-x86_64-snowleopard, r-release-windows-ix86+x86_64, r-oldrel-windows-ix86+x86_64