CRAN Package Check Results for Package Tsphere

Last updated on 2016-12-05 12:51:58.

Flavor Version Tinstall Tcheck Ttotal Status Flags
r-devel-linux-x86_64-debian-clang 1.0 4.34 60.64 64.98 NOTE
r-devel-linux-x86_64-debian-gcc 1.0 3.89 60.02 63.91 NOTE
r-devel-linux-x86_64-fedora-clang 1.0 141.20 NOTE --no-stop-on-test-error
r-devel-linux-x86_64-fedora-gcc 1.0 136.53 NOTE --no-stop-on-test-error
r-devel-macos-x86_64-clang 1.0 102.87 NOTE --no-stop-on-test-error
r-devel-windows-ix86+x86_64 1.0 12.00 107.00 119.00 NOTE
r-patched-linux-x86_64 1.0 3.77 57.34 61.11 NOTE
r-patched-solaris-sparc 1.0 1206.80 NOTE
r-patched-solaris-x86 1.0 190.60 NOTE
r-release-linux-x86_64 1.0 3.76 57.22 60.98 NOTE
r-release-osx-x86_64-mavericks 1.0 NOTE
r-release-windows-ix86+x86_64 1.0 20.00 102.00 122.00 NOTE
r-oldrel-windows-ix86+x86_64 1.0 19.00 138.00 157.00 NOTE

Check Details

Version: 1.0
Check: DESCRIPTION meta-information
Result: NOTE
    Malformed Title field: should not end in a period.
Flavors: r-devel-linux-x86_64-debian-clang, r-devel-linux-x86_64-debian-gcc, r-devel-windows-ix86+x86_64, r-patched-linux-x86_64, r-patched-solaris-sparc, r-patched-solaris-x86, r-release-linux-x86_64, r-release-osx-x86_64-mavericks, r-release-windows-ix86+x86_64, r-oldrel-windows-ix86+x86_64

Version: 1.0
Check: R code for possible problems
Result: NOTE
    covTranspose11: warning in glasso(sc, 2 * rhoc/n, wi.init = gc$wi,
     w.init = gc$w, maxit = maxit.glasso, thr = thr.glasso, penalize.diag
     = pen.diag): partial argument match of ‘penalize.diag’ to
     ‘penalize.diagonal’
    covTranspose11: warning in glasso(sr, 2 * rhor/p, wi.init = gr$wi,
     w.init = gr$w, maxit = maxit.glasso, thr = thr.glasso, penalize.diag
     = pen.diag): partial argument match of ‘penalize.diag’ to
     ‘penalize.diagonal’
    .help.ESS: no visible global function definition for ‘index.search’
    TransSphere : ttin: no visible global function definition for ‘t.test’
    TransSphere: no visible global function definition for ‘sd’
    TransSphere: no visible global function definition for ‘quantile’
    TransSphere: no visible global function definition for ‘pt’
    Undefined global functions or variables:
     index.search pt quantile sd t.test
    Consider adding
     importFrom("stats", "pt", "quantile", "sd", "t.test")
    to your NAMESPACE file.
Flavors: r-devel-linux-x86_64-debian-clang, r-devel-linux-x86_64-debian-gcc, r-devel-windows-ix86+x86_64, r-patched-linux-x86_64, r-patched-solaris-sparc, r-patched-solaris-x86, r-release-linux-x86_64, r-release-osx-x86_64-mavericks, r-release-windows-ix86+x86_64

Version: 1.0
Flags: --no-stop-on-test-error
Check: DESCRIPTION meta-information
Result: NOTE
    Malformed Title field: should not end in a period.
Flavors: r-devel-linux-x86_64-fedora-clang, r-devel-linux-x86_64-fedora-gcc, r-devel-macos-x86_64-clang

Version: 1.0
Flags: --no-stop-on-test-error
Check: R code for possible problems
Result: NOTE
    covTranspose11: warning in glasso(sc, 2 * rhoc/n, wi.init = gc$wi,
     w.init = gc$w, maxit = maxit.glasso, thr = thr.glasso, penalize.diag
     = pen.diag): partial argument match of 'penalize.diag' to
     'penalize.diagonal'
    covTranspose11: warning in glasso(sr, 2 * rhor/p, wi.init = gr$wi,
     w.init = gr$w, maxit = maxit.glasso, thr = thr.glasso, penalize.diag
     = pen.diag): partial argument match of 'penalize.diag' to
     'penalize.diagonal'
    .help.ESS: no visible global function definition for ‘index.search’
    TransSphere : ttin: no visible global function definition for ‘t.test’
    TransSphere: no visible global function definition for ‘sd’
    TransSphere: no visible global function definition for ‘quantile’
    TransSphere: no visible global function definition for ‘pt’
    Undefined global functions or variables:
     index.search pt quantile sd t.test
    Consider adding
     importFrom("stats", "pt", "quantile", "sd", "t.test")
    to your NAMESPACE file.
Flavors: r-devel-linux-x86_64-fedora-clang, r-devel-linux-x86_64-fedora-gcc, r-devel-macos-x86_64-clang

Version: 1.0
Check: R code for possible problems
Result: NOTE
    covTranspose11: warning in glasso(sc, 2 * rhoc/n, wi.init = gc$wi,
     w.init = gc$w, maxit = maxit.glasso, thr = thr.glasso, penalize.diag
     = pen.diag): partial argument match of 'penalize.diag' to
     'penalize.diagonal'
    covTranspose11: warning in glasso(sr, 2 * rhor/p, wi.init = gr$wi,
     w.init = gr$w, maxit = maxit.glasso, thr = thr.glasso, penalize.diag
     = pen.diag): partial argument match of 'penalize.diag' to
     'penalize.diagonal'
    .help.ESS: no visible global function definition for 'index.search'
Flavor: r-oldrel-windows-ix86+x86_64