CRAN Package Check Results for Package Tsphere

Last updated on 2015-02-28 17:48:53.

Flavor Version Tinstall Tcheck Ttotal Status Flags
r-devel-linux-x86_64-debian-clang 1.0 1.86 39.53 41.39 NOTE
r-devel-linux-x86_64-debian-gcc 1.0 1.77 39.02 40.79 NOTE
r-devel-linux-x86_64-fedora-clang 1.0 81.36 NOTE
r-devel-linux-x86_64-fedora-gcc 1.0 79.15 NOTE
r-devel-osx-x86_64-clang 1.0 69.81 NOTE
r-devel-windows-ix86+x86_64 1.0 12.00 67.00 79.00 NOTE
r-patched-linux-x86_64 1.0 5.60 58.24 63.84 NOTE
r-patched-solaris-sparc 1.0 959.30 NOTE
r-patched-solaris-x86 1.0 180.60 NOTE
r-release-linux-ix86 1.0 3.19 78.52 81.71 NOTE
r-release-linux-x86_64 1.0 5.31 58.95 64.26 NOTE
r-release-osx-x86_64-mavericks 1.0 NOTE
r-release-osx-x86_64-snowleopard 1.0 NOTE
r-release-windows-ix86+x86_64 1.0 17.00 98.00 115.00 NOTE
r-oldrel-windows-ix86+x86_64 1.0 17.00 97.00 114.00 NOTE

Check Details

Version: 1.0
Check: DESCRIPTION meta-information
Result: NOTE
    Malformed Title field: should not end in a period.
Flavors: r-devel-linux-x86_64-debian-clang, r-devel-linux-x86_64-debian-gcc, r-devel-linux-x86_64-fedora-clang, r-devel-linux-x86_64-fedora-gcc, r-devel-osx-x86_64-clang, r-devel-windows-ix86+x86_64

Version: 1.0
Check: R code for possible problems
Result: NOTE
    covTranspose11: warning in glasso(sc, 2 * rhoc/n, wi.init = gc$wi,
     w.init = gc$w, maxit = maxit.glasso, thr = thr.glasso, penalize.diag
     = pen.diag): partial argument match of ‘penalize.diag’ to
     ‘penalize.diagonal’
    covTranspose11: warning in glasso(sr, 2 * rhor/p, wi.init = gr$wi,
     w.init = gr$w, maxit = maxit.glasso, thr = thr.glasso, penalize.diag
     = pen.diag): partial argument match of ‘penalize.diag’ to
     ‘penalize.diagonal’
    .help.ESS: no visible global function definition for ‘index.search’
Flavors: r-devel-linux-x86_64-debian-clang, r-devel-linux-x86_64-debian-gcc, r-devel-linux-x86_64-fedora-clang, r-devel-linux-x86_64-fedora-gcc, r-devel-osx-x86_64-clang, r-devel-windows-ix86+x86_64, r-patched-linux-x86_64, r-patched-solaris-sparc, r-patched-solaris-x86, r-release-linux-ix86, r-release-linux-x86_64, r-release-osx-x86_64-mavericks, r-release-osx-x86_64-snowleopard, r-release-windows-ix86+x86_64, r-oldrel-windows-ix86+x86_64