CRAN Package Check Results for Package Tsphere

Last updated on 2015-07-07 21:46:59.

Flavor Version Tinstall Tcheck Ttotal Status Flags
r-devel-linux-x86_64-debian-clang 1.0 1.79 41.77 43.56 NOTE
r-devel-linux-x86_64-debian-gcc 1.0 1.80 39.55 41.34 NOTE
r-devel-linux-x86_64-fedora-clang 1.0 83.77 NOTE
r-devel-linux-x86_64-fedora-gcc 1.0 77.53 NOTE
r-devel-osx-x86_64-clang 1.0 67.21 NOTE
r-devel-windows-ix86+x86_64 1.0 10.00 64.00 74.00 NOTE
r-patched-linux-x86_64 1.0 1.83 39.99 41.82 NOTE
r-patched-solaris-sparc 1.0 932.10 NOTE
r-patched-solaris-x86 1.0 143.50 NOTE
r-release-linux-x86_64 1.0 1.83 40.06 41.89 NOTE
r-release-osx-x86_64-mavericks 1.0 NOTE
r-release-windows-ix86+x86_64 1.0 12.00 66.00 78.00 NOTE
r-oldrel-windows-ix86+x86_64 1.0 17.00 105.00 122.00 NOTE

Check Details

Version: 1.0
Check: DESCRIPTION meta-information
Result: NOTE
    Malformed Title field: should not end in a period.
Flavors: r-devel-linux-x86_64-debian-clang, r-devel-linux-x86_64-debian-gcc, r-devel-linux-x86_64-fedora-clang, r-devel-linux-x86_64-fedora-gcc, r-devel-osx-x86_64-clang, r-devel-windows-ix86+x86_64, r-patched-linux-x86_64, r-patched-solaris-sparc, r-patched-solaris-x86, r-release-linux-x86_64, r-release-osx-x86_64-mavericks, r-release-windows-ix86+x86_64

Version: 1.0
Check: R code for possible problems
Result: NOTE
    covTranspose11: warning in glasso(sc, 2 * rhoc/n, wi.init = gc$wi,
     w.init = gc$w, maxit = maxit.glasso, thr = thr.glasso, penalize.diag
     = pen.diag): partial argument match of ‘penalize.diag’ to
     ‘penalize.diagonal’
    covTranspose11: warning in glasso(sr, 2 * rhor/p, wi.init = gr$wi,
     w.init = gr$w, maxit = maxit.glasso, thr = thr.glasso, penalize.diag
     = pen.diag): partial argument match of ‘penalize.diag’ to
     ‘penalize.diagonal’
    .help.ESS: no visible global function definition for ‘index.search’
    TransSphere : ttin: no visible global function definition for ‘t.test’
    TransSphere: no visible global function definition for ‘sd’
    TransSphere: no visible global function definition for ‘quantile’
    TransSphere: no visible global function definition for ‘pt’
    Undefined global functions or variables:
     index.search pt quantile sd t.test
Flavors: r-devel-linux-x86_64-debian-clang, r-devel-linux-x86_64-debian-gcc, r-devel-linux-x86_64-fedora-clang, r-devel-linux-x86_64-fedora-gcc, r-devel-windows-ix86+x86_64

Version: 1.0
Check: R code for possible problems
Result: NOTE
    covTranspose11: warning in glasso(sc, 2 * rhoc/n, wi.init = gc$wi,
     w.init = gc$w, maxit = maxit.glasso, thr = thr.glasso, penalize.diag
     = pen.diag): partial argument match of 'penalize.diag' to
     'penalize.diagonal'
    covTranspose11: warning in glasso(sr, 2 * rhor/p, wi.init = gr$wi,
     w.init = gr$w, maxit = maxit.glasso, thr = thr.glasso, penalize.diag
     = pen.diag): partial argument match of 'penalize.diag' to
     'penalize.diagonal'
    .help.ESS: no visible global function definition for ‘index.search’
    Undefined global functions or variables:
     index.search
Flavor: r-devel-osx-x86_64-clang

Version: 1.0
Check: R code for possible problems
Result: NOTE
    covTranspose11: warning in glasso(sc, 2 * rhoc/n, wi.init = gc$wi,
     w.init = gc$w, maxit = maxit.glasso, thr = thr.glasso, penalize.diag
     = pen.diag): partial argument match of ‘penalize.diag’ to
     ‘penalize.diagonal’
    covTranspose11: warning in glasso(sr, 2 * rhor/p, wi.init = gr$wi,
     w.init = gr$w, maxit = maxit.glasso, thr = thr.glasso, penalize.diag
     = pen.diag): partial argument match of ‘penalize.diag’ to
     ‘penalize.diagonal’
    .help.ESS: no visible global function definition for ‘index.search’
Flavors: r-patched-linux-x86_64, r-patched-solaris-sparc, r-patched-solaris-x86, r-release-linux-x86_64, r-release-osx-x86_64-mavericks, r-release-windows-ix86+x86_64, r-oldrel-windows-ix86+x86_64