CRAN Package Check Results for Package Tsphere

Last updated on 2014-12-20 23:47:31.

Flavor Version Tinstall Tcheck Ttotal Status Flags
r-devel-linux-x86_64-debian-clang 1.0 1.83 45.04 46.88 NOTE
r-devel-linux-x86_64-debian-gcc 1.0 1.78 44.61 46.39 NOTE
r-devel-linux-x86_64-fedora-clang 1.0 98.22 NOTE
r-devel-linux-x86_64-fedora-gcc 1.0 90.59 NOTE
r-devel-osx-x86_64-clang 1.0 78.11 NOTE
r-devel-windows-ix86+x86_64 1.0 10.00 78.00 88.00 NOTE
r-patched-linux-x86_64 1.0 1.92 45.05 46.97 NOTE
r-patched-solaris-sparc 1.0 957.70 NOTE
r-patched-solaris-x86 1.0 146.50 NOTE
r-release-linux-ix86 1.0 2.28 65.26 67.54 NOTE
r-release-linux-x86_64 1.0 1.91 45.63 47.54 NOTE
r-release-osx-x86_64-mavericks 1.0 NOTE
r-release-osx-x86_64-snowleopard 1.0 NOTE
r-release-windows-ix86+x86_64 1.0 11.00 78.00 89.00 NOTE
r-oldrel-windows-ix86+x86_64 1.0 11.00 75.00 86.00 NOTE

Check Details

Version: 1.0
Check: R code for possible problems
Result: NOTE
    covTranspose11: warning in glasso(sc, 2 * rhoc/n, wi.init = gc$wi,
     w.init = gc$w, maxit = maxit.glasso, thr = thr.glasso, penalize.diag
     = pen.diag): partial argument match of ‘penalize.diag’ to
     ‘penalize.diagonal’
    covTranspose11: warning in glasso(sr, 2 * rhor/p, wi.init = gr$wi,
     w.init = gr$w, maxit = maxit.glasso, thr = thr.glasso, penalize.diag
     = pen.diag): partial argument match of ‘penalize.diag’ to
     ‘penalize.diagonal’
    .help.ESS: no visible global function definition for ‘index.search’
Flavors: r-devel-linux-x86_64-debian-clang, r-devel-linux-x86_64-debian-gcc, r-devel-linux-x86_64-fedora-clang, r-devel-linux-x86_64-fedora-gcc, r-devel-osx-x86_64-clang, r-devel-windows-ix86+x86_64, r-patched-linux-x86_64, r-patched-solaris-sparc, r-patched-solaris-x86, r-release-linux-ix86, r-release-linux-x86_64, r-release-osx-x86_64-mavericks, r-release-osx-x86_64-snowleopard, r-release-windows-ix86+x86_64, r-oldrel-windows-ix86+x86_64