CRAN Package Check Results for Package Tsphere

Last updated on 2017-06-26 08:48:16.

Flavor Version Tinstall Tcheck Ttotal Status Flags
r-devel-linux-x86_64-debian-clang 1.0 3.94 63.49 67.43 NOTE
r-devel-linux-x86_64-debian-gcc 1.0 3.84 54.98 58.82 NOTE
r-devel-linux-x86_64-fedora-clang 1.0 141.05 NOTE
r-devel-linux-x86_64-fedora-gcc 1.0 138.29 NOTE
r-devel-windows-ix86+x86_64 1.0 21.00 141.00 162.00 NOTE
r-patched-linux-x86_64 1.0 3.93 62.81 66.73 NOTE
r-patched-solaris-sparc 1.0 1269.90 NOTE
r-patched-solaris-x86 1.0 218.00 NOTE
r-release-linux-x86_64 1.0 3.92 62.96 66.88 NOTE
r-release-windows-ix86+x86_64 1.0 21.00 136.00 157.00 NOTE
r-release-osx-x86_64 1.0 NOTE
r-oldrel-windows-ix86+x86_64 1.0 15.00 138.00 153.00 NOTE
r-oldrel-osx-x86_64 1.0 NOTE

Check Details

Version: 1.0
Check: DESCRIPTION meta-information
Result: NOTE
    Malformed Title field: should not end in a period.
Flavors: r-devel-linux-x86_64-debian-clang, r-devel-linux-x86_64-debian-gcc, r-devel-linux-x86_64-fedora-clang, r-devel-linux-x86_64-fedora-gcc, r-devel-windows-ix86+x86_64, r-patched-linux-x86_64, r-patched-solaris-sparc, r-patched-solaris-x86, r-release-linux-x86_64, r-release-windows-ix86+x86_64, r-release-osx-x86_64, r-oldrel-windows-ix86+x86_64, r-oldrel-osx-x86_64

Version: 1.0
Check: R code for possible problems
Result: NOTE
    covTranspose11: warning in glasso(sc, 2 * rhoc/n, wi.init = gc$wi,
     w.init = gc$w, maxit = maxit.glasso, thr = thr.glasso, penalize.diag
     = pen.diag): partial argument match of ‘penalize.diag’ to
     ‘penalize.diagonal’
    covTranspose11: warning in glasso(sr, 2 * rhor/p, wi.init = gr$wi,
     w.init = gr$w, maxit = maxit.glasso, thr = thr.glasso, penalize.diag
     = pen.diag): partial argument match of ‘penalize.diag’ to
     ‘penalize.diagonal’
    .help.ESS: no visible global function definition for ‘index.search’
    TransSphere : ttin: no visible global function definition for ‘t.test’
    TransSphere: no visible global function definition for ‘sd’
    TransSphere: no visible global function definition for ‘quantile’
    TransSphere: no visible global function definition for ‘pt’
    Undefined global functions or variables:
     index.search pt quantile sd t.test
    Consider adding
     importFrom("stats", "pt", "quantile", "sd", "t.test")
    to your NAMESPACE file.
Flavors: r-devel-linux-x86_64-debian-clang, r-devel-linux-x86_64-debian-gcc, r-devel-linux-x86_64-fedora-clang, r-devel-linux-x86_64-fedora-gcc, r-devel-windows-ix86+x86_64, r-patched-linux-x86_64, r-patched-solaris-sparc, r-patched-solaris-x86, r-release-linux-x86_64, r-release-windows-ix86+x86_64, r-release-osx-x86_64, r-oldrel-windows-ix86+x86_64, r-oldrel-osx-x86_64