CRAN Package Check Results for Package Tsphere

Last updated on 2015-05-05 21:46:56.

Flavor Version Tinstall Tcheck Ttotal Status Flags
r-devel-linux-x86_64-debian-clang 1.0 1.84 39.88 41.71 NOTE
r-devel-linux-x86_64-debian-gcc 1.0 1.79 39.62 41.41 NOTE
r-devel-linux-x86_64-fedora-clang 1.0 85.26 NOTE
r-devel-linux-x86_64-fedora-gcc 1.0 80.01 NOTE
r-devel-osx-x86_64-clang 1.0 69.05 NOTE
r-devel-windows-ix86+x86_64 1.0 9.00 65.00 74.00 NOTE
r-patched-linux-x86_64 1.0 1.81 38.97 40.78 NOTE
r-patched-solaris-sparc 1.0 963.00 NOTE
r-patched-solaris-x86 1.0 148.20 NOTE
r-release-linux-x86_64 1.0 1.80 39.93 41.74 NOTE
r-release-osx-x86_64-mavericks 1.0 NOTE
r-release-osx-x86_64-snowleopard 1.0 ERROR
r-release-windows-ix86+x86_64 1.0 14.00 86.00 100.00 NOTE
r-oldrel-windows-ix86+x86_64 1.0 18.00 117.00 135.00 NOTE

Check Details

Version: 1.0
Check: DESCRIPTION meta-information
Result: NOTE
    Malformed Title field: should not end in a period.
Flavors: r-devel-linux-x86_64-debian-clang, r-devel-linux-x86_64-debian-gcc, r-devel-linux-x86_64-fedora-clang, r-devel-linux-x86_64-fedora-gcc, r-devel-osx-x86_64-clang, r-devel-windows-ix86+x86_64, r-patched-linux-x86_64, r-patched-solaris-sparc, r-patched-solaris-x86, r-release-linux-x86_64, r-release-osx-x86_64-mavericks, r-release-windows-ix86+x86_64

Version: 1.0
Check: R code for possible problems
Result: NOTE
    covTranspose11: warning in glasso(sc, 2 * rhoc/n, wi.init = gc$wi,
     w.init = gc$w, maxit = maxit.glasso, thr = thr.glasso, penalize.diag
     = pen.diag): partial argument match of ‘penalize.diag’ to
     ‘penalize.diagonal’
    covTranspose11: warning in glasso(sr, 2 * rhor/p, wi.init = gr$wi,
     w.init = gr$w, maxit = maxit.glasso, thr = thr.glasso, penalize.diag
     = pen.diag): partial argument match of ‘penalize.diag’ to
     ‘penalize.diagonal’
    .help.ESS: no visible global function definition for ‘index.search’
Flavors: r-devel-linux-x86_64-debian-clang, r-devel-linux-x86_64-debian-gcc, r-devel-linux-x86_64-fedora-clang, r-devel-linux-x86_64-fedora-gcc, r-devel-osx-x86_64-clang, r-devel-windows-ix86+x86_64, r-patched-linux-x86_64, r-patched-solaris-sparc, r-patched-solaris-x86, r-release-linux-x86_64, r-release-osx-x86_64-mavericks, r-release-windows-ix86+x86_64, r-oldrel-windows-ix86+x86_64

Version: 1.0
Check: package dependencies
Result: ERROR
    Package required but not available: ‘rms’
    
    See section ‘The DESCRIPTION file’ in the ‘Writing R Extensions’
    manual.
Flavor: r-release-osx-x86_64-snowleopard