CRAN Package Check Results for Package Tsphere

Last updated on 2014-04-24 03:47:56.

Flavor Version Tinstall Tcheck Ttotal Status Flags
r-devel-linux-x86_64-debian-clang 1.0 1.56 39.10 40.66 NOTE
r-devel-linux-x86_64-debian-gcc 1.0 1.51 39.34 40.85 NOTE
r-devel-linux-x86_64-fedora-clang 1.0 78.88 NOTE
r-devel-linux-x86_64-fedora-gcc 1.0 75.28 NOTE
r-devel-osx-x86_64-clang 1.0 64.90 NOTE
r-devel-osx-x86_64-gcc 1.0 ERROR
r-devel-windows-ix86+x86_64 1.0 5.00 46.00 51.00 NOTE
r-patched-linux-x86_64 1.0 1.52 40.17 41.69 NOTE
r-patched-solaris-sparc 1.0 880.30 NOTE
r-patched-solaris-x86 1.0 131.60 NOTE
r-release-linux-ix86 1.0 3.00 80.00 83.00 NOTE
r-release-linux-x86_64 1.0 1.58 39.10 40.68 NOTE
r-release-osx-x86_64-mavericks 1.0 WARN
r-release-osx-x86_64-snowleopard 1.0 NOTE
r-release-windows-ix86+x86_64 1.0 6.00 51.00 57.00 NOTE
r-oldrel-windows-ix86+x86_64 1.0 5.00 49.00 54.00 NOTE

Check Details

Version: 1.0
Check: R code for possible problems
Result: NOTE
    covTranspose11: warning in glasso(sc, 2 * rhoc/n, wi.init = gc$wi,
     w.init = gc$w, maxit = maxit.glasso, thr = thr.glasso, penalize.diag
     = pen.diag): partial argument match of 'penalize.diag' to
     'penalize.diagonal'
    covTranspose11: warning in glasso(sr, 2 * rhor/p, wi.init = gr$wi,
     w.init = gr$w, maxit = maxit.glasso, thr = thr.glasso, penalize.diag
     = pen.diag): partial argument match of 'penalize.diag' to
     'penalize.diagonal'
    .help.ESS: no visible global function definition for ‘index.search’
Flavors: r-devel-linux-x86_64-debian-clang, r-devel-linux-x86_64-debian-gcc, r-devel-linux-x86_64-fedora-clang, r-devel-linux-x86_64-fedora-gcc, r-devel-osx-x86_64-clang, r-devel-windows-ix86+x86_64, r-patched-linux-x86_64, r-patched-solaris-sparc, r-patched-solaris-x86, r-release-linux-ix86, r-release-linux-x86_64, r-release-osx-x86_64-mavericks, r-release-osx-x86_64-snowleopard, r-release-windows-ix86+x86_64, r-oldrel-windows-ix86+x86_64

Version: 1.0
Check: package dependencies
Result: ERROR
    Package required but not available: ‘rms’
    
    See the information on DESCRIPTION files in the chapter ‘Creating R
    packages’ of the ‘Writing R Extensions’ manual.
Flavor: r-devel-osx-x86_64-gcc

Version: 1.0
Check: PDF version of manual
Result: WARNING
    LaTeX errors when creating PDF version.
    This typically indicates Rd problems.
    LaTeX errors found:
    ! LaTeX Error: File `upquote.sty' not found.
    
    Type X to quit or <RETURN> to proceed,
    or enter new name. (Default extension: sty)
    
    41db668d/Rd2.tex:8: ==> Fatal error occurred, no output PDF file produced!
Flavor: r-release-osx-x86_64-mavericks