CRAN Package Check Results for Package Tsphere

Last updated on 2015-08-28 06:47:41.

Flavor Version Tinstall Tcheck Ttotal Status Flags
r-devel-linux-x86_64-debian-clang 1.0 4.12 60.70 64.82 NOTE
r-devel-linux-x86_64-debian-gcc 1.0 3.86 59.72 63.58 NOTE
r-devel-linux-x86_64-fedora-clang 1.0 128.73 NOTE
r-devel-linux-x86_64-fedora-gcc 1.0 122.63 NOTE
r-devel-osx-x86_64-clang 1.0 98.91 NOTE
r-devel-windows-ix86+x86_64 1.0 20.00 98.00 118.00 NOTE
r-patched-linux-x86_64 1.0 4.02 62.47 66.48 NOTE
r-patched-solaris-sparc 1.0 952.70 NOTE
r-patched-solaris-x86 1.0 142.10 NOTE
r-release-linux-x86_64 1.0 4.17 62.28 66.45 NOTE
r-release-osx-x86_64-mavericks 1.0 NOTE
r-release-windows-ix86+x86_64 1.0 19.00 106.00 125.00 NOTE
r-oldrel-windows-ix86+x86_64 1.0 36.00 162.00 198.00 NOTE

Check Details

Version: 1.0
Check: DESCRIPTION meta-information
Result: NOTE
    Malformed Title field: should not end in a period.
Flavors: r-devel-linux-x86_64-debian-clang, r-devel-linux-x86_64-debian-gcc, r-devel-linux-x86_64-fedora-clang, r-devel-linux-x86_64-fedora-gcc, r-devel-osx-x86_64-clang, r-devel-windows-ix86+x86_64, r-patched-linux-x86_64, r-patched-solaris-sparc, r-patched-solaris-x86, r-release-linux-x86_64, r-release-osx-x86_64-mavericks, r-release-windows-ix86+x86_64

Version: 1.0
Check: R code for possible problems
Result: NOTE
    covTranspose11: warning in glasso(sc, 2 * rhoc/n, wi.init = gc$wi,
     w.init = gc$w, maxit = maxit.glasso, thr = thr.glasso, penalize.diag
     = pen.diag): partial argument match of ‘penalize.diag’ to
     ‘penalize.diagonal’
    covTranspose11: warning in glasso(sr, 2 * rhor/p, wi.init = gr$wi,
     w.init = gr$w, maxit = maxit.glasso, thr = thr.glasso, penalize.diag
     = pen.diag): partial argument match of ‘penalize.diag’ to
     ‘penalize.diagonal’
    .help.ESS: no visible global function definition for ‘index.search’
    TransSphere : ttin: no visible global function definition for ‘t.test’
    TransSphere: no visible global function definition for ‘sd’
    TransSphere: no visible global function definition for ‘quantile’
    TransSphere: no visible global function definition for ‘pt’
    Undefined global functions or variables:
     index.search pt quantile sd t.test
    Consider adding
     importFrom("stats", "pt", "quantile", "sd", "t.test")
    to your NAMESPACE.
Flavors: r-devel-linux-x86_64-debian-clang, r-devel-linux-x86_64-debian-gcc, r-devel-linux-x86_64-fedora-clang, r-devel-linux-x86_64-fedora-gcc, r-devel-windows-ix86+x86_64

Version: 1.0
Check: R code for possible problems
Result: NOTE
    covTranspose11: warning in glasso(sc, 2 * rhoc/n, wi.init = gc$wi,
     w.init = gc$w, maxit = maxit.glasso, thr = thr.glasso, penalize.diag
     = pen.diag): partial argument match of 'penalize.diag' to
     'penalize.diagonal'
    covTranspose11: warning in glasso(sr, 2 * rhor/p, wi.init = gr$wi,
     w.init = gr$w, maxit = maxit.glasso, thr = thr.glasso, penalize.diag
     = pen.diag): partial argument match of 'penalize.diag' to
     'penalize.diagonal'
    .help.ESS: no visible global function definition for ‘index.search’
    Undefined global functions or variables:
     index.search
Flavor: r-devel-osx-x86_64-clang

Version: 1.0
Check: R code for possible problems
Result: NOTE
    covTranspose11: warning in glasso(sc, 2 * rhoc/n, wi.init = gc$wi,
     w.init = gc$w, maxit = maxit.glasso, thr = thr.glasso, penalize.diag
     = pen.diag): partial argument match of ‘penalize.diag’ to
     ‘penalize.diagonal’
    covTranspose11: warning in glasso(sr, 2 * rhor/p, wi.init = gr$wi,
     w.init = gr$w, maxit = maxit.glasso, thr = thr.glasso, penalize.diag
     = pen.diag): partial argument match of ‘penalize.diag’ to
     ‘penalize.diagonal’
    .help.ESS: no visible global function definition for ‘index.search’
Flavors: r-patched-linux-x86_64, r-patched-solaris-sparc, r-patched-solaris-x86, r-release-linux-x86_64, r-release-osx-x86_64-mavericks, r-release-windows-ix86+x86_64, r-oldrel-windows-ix86+x86_64