CRAN Package Check Results for Package Tsphere

Last updated on 2015-03-27 15:47:29.

Flavor Version Tinstall Tcheck Ttotal Status Flags
r-devel-linux-x86_64-debian-clang 1.0 1.93 40.06 42.00 NOTE
r-devel-linux-x86_64-debian-gcc 1.0 2.43 39.84 42.27 NOTE
r-devel-linux-x86_64-fedora-clang 1.0 82.78 NOTE
r-devel-linux-x86_64-fedora-gcc 1.0 80.26 NOTE
r-devel-osx-x86_64-clang 1.0 73.57 NOTE
r-prerel-windows-ix86+x86_64 1.0 10.00 62.00 72.00 NOTE
r-prerel-linux-x86_64 1.0 2.28 39.40 41.68 NOTE
r-prerel-solaris-sparc 1.0 963.00 NOTE
r-prerel-solaris-x86 1.0 140.10 NOTE
r-release-linux-x86_64 1.0 4.50 56.85 61.35 NOTE
r-release-osx-x86_64-mavericks 1.0 NOTE
r-release-osx-x86_64-snowleopard 1.0 NOTE
r-release-windows-ix86+x86_64 1.0 18.00 108.00 126.00 NOTE
r-oldrel-windows-ix86+x86_64 1.0 17.00 97.00 114.00 NOTE

Check Details

Version: 1.0
Check: DESCRIPTION meta-information
Result: NOTE
    Malformed Title field: should not end in a period.
Flavors: r-devel-linux-x86_64-debian-clang, r-devel-linux-x86_64-debian-gcc, r-devel-linux-x86_64-fedora-clang, r-devel-linux-x86_64-fedora-gcc, r-devel-osx-x86_64-clang, r-prerel-windows-ix86+x86_64, r-prerel-linux-x86_64, r-prerel-solaris-sparc, r-prerel-solaris-x86

Version: 1.0
Check: R code for possible problems
Result: NOTE
    covTranspose11: warning in glasso(sc, 2 * rhoc/n, wi.init = gc$wi,
     w.init = gc$w, maxit = maxit.glasso, thr = thr.glasso, penalize.diag
     = pen.diag): partial argument match of ‘penalize.diag’ to
     ‘penalize.diagonal’
    covTranspose11: warning in glasso(sr, 2 * rhor/p, wi.init = gr$wi,
     w.init = gr$w, maxit = maxit.glasso, thr = thr.glasso, penalize.diag
     = pen.diag): partial argument match of ‘penalize.diag’ to
     ‘penalize.diagonal’
    .help.ESS: no visible global function definition for ‘index.search’
Flavors: r-devel-linux-x86_64-debian-clang, r-devel-linux-x86_64-debian-gcc, r-devel-linux-x86_64-fedora-clang, r-devel-linux-x86_64-fedora-gcc, r-devel-osx-x86_64-clang, r-prerel-windows-ix86+x86_64, r-prerel-linux-x86_64, r-prerel-solaris-sparc, r-prerel-solaris-x86, r-release-linux-x86_64, r-release-osx-x86_64-mavericks, r-release-osx-x86_64-snowleopard, r-release-windows-ix86+x86_64, r-oldrel-windows-ix86+x86_64