CRAN Package Check Results for Package Tsphere

Last updated on 2014-09-02 03:49:52.

Flavor Version Tinstall Tcheck Ttotal Status Flags
r-devel-linux-x86_64-debian-clang 1.0 1.42 37.10 38.52 NOTE
r-devel-linux-x86_64-debian-gcc 1.0 1.32 36.61 37.93 NOTE
r-devel-linux-x86_64-fedora-clang 1.0 76.81 NOTE
r-devel-linux-x86_64-fedora-gcc 1.0 74.42 NOTE
r-devel-osx-x86_64-clang 1.0 63.38 NOTE
r-devel-windows-ix86+x86_64 1.0 5.00 56.00 61.00 NOTE
r-patched-linux-x86_64 1.0 1.37 38.34 39.71 NOTE
r-patched-solaris-sparc 1.0 914.10 NOTE
r-patched-solaris-x86 1.0 138.60 NOTE
r-release-linux-ix86 1.0 2.00 61.43 63.43 NOTE
r-release-linux-x86_64 1.0 1.50 38.27 39.78 NOTE
r-release-osx-x86_64-mavericks 1.0 NOTE
r-release-osx-x86_64-snowleopard 1.0 NOTE
r-release-windows-ix86+x86_64 1.0 6.00 55.00 61.00 NOTE
r-oldrel-windows-ix86+x86_64 1.0 6.00 58.00 64.00 NOTE

Check Details

Version: 1.0
Check: R code for possible problems
Result: NOTE
    covTranspose11: warning in glasso(sc, 2 * rhoc/n, wi.init = gc$wi,
     w.init = gc$w, maxit = maxit.glasso, thr = thr.glasso, penalize.diag
     = pen.diag): partial argument match of 'penalize.diag' to
     'penalize.diagonal'
    covTranspose11: warning in glasso(sr, 2 * rhor/p, wi.init = gr$wi,
     w.init = gr$w, maxit = maxit.glasso, thr = thr.glasso, penalize.diag
     = pen.diag): partial argument match of 'penalize.diag' to
     'penalize.diagonal'
    .help.ESS: no visible global function definition for ‘index.search’
Flavors: r-devel-linux-x86_64-debian-clang, r-devel-linux-x86_64-debian-gcc, r-devel-linux-x86_64-fedora-clang, r-devel-linux-x86_64-fedora-gcc, r-devel-osx-x86_64-clang, r-devel-windows-ix86+x86_64, r-patched-linux-x86_64, r-patched-solaris-sparc, r-patched-solaris-x86, r-release-linux-ix86, r-release-linux-x86_64, r-release-osx-x86_64-mavericks, r-release-osx-x86_64-snowleopard, r-release-windows-ix86+x86_64, r-oldrel-windows-ix86+x86_64