CRAN Package Check Results for Package TukeyRegion

Last updated on 2021-03-02 18:47:55 CET.

Flavor Version Tinstall Tcheck Ttotal Status Flags
r-devel-linux-x86_64-debian-clang 0.1.4 OK
r-devel-linux-x86_64-debian-gcc 0.1.4 65.27 40.46 105.73 OK
r-devel-linux-x86_64-fedora-clang 0.1.4 218.13 NOTE
r-devel-linux-x86_64-fedora-gcc 0.1.4 192.59 OK
r-devel-windows-ix86+x86_64 0.1.4 241.00 124.00 365.00 OK
r-patched-linux-x86_64 0.1.4 82.10 51.03 133.13 OK
r-patched-solaris-x86 0.1.4 5.10 ERROR
r-release-linux-x86_64 0.1.4 83.47 50.45 133.92 OK
r-release-macos-x86_64 0.1.4 OK
r-release-windows-ix86+x86_64 0.1.4 183.00 94.00 277.00 OK
r-oldrel-macos-x86_64 0.1.4 WARN
r-oldrel-windows-ix86+x86_64 0.1.4 226.00 118.00 344.00 OK

Check Details

Version: 0.1.4
Check: installed package size
Result: NOTE
     installed size is 6.0Mb
     sub-directories of 1Mb or more:
     libs 5.9Mb
Flavor: r-devel-linux-x86_64-fedora-clang

Version: 0.1.4
Check: package dependencies
Result: ERROR
    Package required but not available: ‘bfp’
    
    See section ‘The DESCRIPTION file’ in the ‘Writing R Extensions’
    manual.
Flavor: r-patched-solaris-x86

Version: 0.1.4
Check: whether package can be installed
Result: WARN
    Found the following significant warnings:
     Warning: 'rgl.init' failed, running with 'rgl.useNULL = TRUE'.
Flavor: r-oldrel-macos-x86_64