CRAN Package Check Results for Package TunePareto

Last updated on 2014-04-20 22:47:08.

Flavor Version Tinstall Tcheck Ttotal Status Flags
r-devel-linux-x86_64-debian-clang 2.4 1.11 21.57 22.68 OK
r-devel-linux-x86_64-debian-gcc 2.4 1.14 21.54 22.68 OK
r-devel-linux-x86_64-fedora-clang 2.4 45.64 OK
r-devel-linux-x86_64-fedora-gcc 2.4 42.01 OK
r-devel-macosx-x86_64-clang 2.4 36.43 OK
r-devel-macosx-x86_64-gcc 2.4 NOTE
r-devel-windows-ix86+x86_64 2.4 5.00 49.00 54.00 OK
r-patched-linux-x86_64 2.4 1.07 21.84 22.91 OK
r-patched-solaris-sparc 2.4 238.50 OK
r-patched-solaris-x86 2.4 57.20 OK
r-release-linux-ix86 OK
r-release-linux-x86_64 2.4 1.06 21.28 22.34 OK
r-release-macosx-x86_64 2.4 OK
r-release-windows-ix86+x86_64 2.4 7.00 47.00 54.00 OK
r-oldrel-windows-ix86+x86_64 2.4 5.00 48.00 53.00 OK

Check Details

Version: 2.4
Check: package dependencies
Result: NOTE
    Packages suggested but not available for checking: ‘igraph’ ‘klaR’
Flavor: r-devel-macosx-x86_64-gcc

Version: 2.4
Check: R code for possible problems
Result: NOTE
    plotDominationGraph: no visible global function definition for
     ‘graph.adjacency’
    plotDominationGraph: no visible global function definition for
     ‘layout.norm’
    tunePareto.NaiveBayes: no visible binding for global variable
     ‘NaiveBayes’
Flavor: r-devel-macosx-x86_64-gcc

Version: 2.4
Check: Rd cross-references
Result: NOTE
    Packages unavailable to check Rd xrefs: ‘igraph’, ‘klaR’
Flavor: r-devel-macosx-x86_64-gcc