CRAN Package Check Results for Package TunePareto

Last updated on 2014-07-25 17:48:10.

Flavor Version Tinstall Tcheck Ttotal Status Flags
r-devel-linux-x86_64-debian-clang 2.4 1.02 20.43 21.45 OK
r-devel-linux-x86_64-debian-gcc 2.4 1.01 20.38 21.39 OK
r-devel-linux-x86_64-fedora-clang 2.4 45.79 OK
r-devel-linux-x86_64-fedora-gcc 2.4 43.03 OK
r-devel-osx-x86_64-clang 2.4 40.84 OK
r-devel-windows-ix86+x86_64 2.4 5.00 43.00 48.00 OK
r-patched-linux-x86_64 2.4 1.03 9.22 10.25 OK
r-patched-solaris-sparc 2.4 238.50 OK
r-patched-solaris-x86 2.4 56.70 OK
r-release-linux-ix86 2.4 1.55 28.98 30.53 OK
r-release-linux-x86_64 2.4 1.05 21.73 22.78 OK
r-release-osx-x86_64-mavericks 2.4 NOTE
r-release-osx-x86_64-snowleopard 2.4 OK
r-release-windows-ix86+x86_64 2.4 5.00 47.00 52.00 OK
r-oldrel-windows-ix86+x86_64 2.4 6.00 51.00 57.00 OK

Check Details

Version: 2.4
Check: package dependencies
Result: NOTE
    Package suggested but not available for checking: ‘gsl’
Flavor: r-release-osx-x86_64-mavericks

Version: 2.4
Check: R code for possible problems
Result: NOTE
    sampleCombinations: no visible global function definition for
     ‘qrng_alloc’
    sampleCombinations: no visible global function definition for
     ‘qrng_get’
Flavor: r-release-osx-x86_64-mavericks