CRAN Package Check Results for Package TunePareto

Last updated on 2014-09-23 01:48:41.

Flavor Version Tinstall Tcheck Ttotal Status Flags
r-devel-linux-x86_64-debian-clang 2.4 1.06 19.11 20.17 NOTE
r-devel-linux-x86_64-debian-gcc 2.4 0.99 19.02 20.00 NOTE
r-devel-linux-x86_64-fedora-clang 2.4 42.83 NOTE
r-devel-linux-x86_64-fedora-gcc 2.4 37.87 NOTE
r-devel-osx-x86_64-clang 2.4 38.60 NOTE
r-devel-windows-ix86+x86_64 2.4 5.00 41.00 46.00 NOTE
r-patched-linux-x86_64 2.4 1.02 21.33 22.36 OK
r-patched-solaris-sparc 2.4 272.80 OK
r-patched-solaris-x86 2.4 59.20 OK
r-release-linux-ix86 2.4 1.60 29.09 30.69 OK
r-release-linux-x86_64 2.4 1.13 22.14 23.27 OK
r-release-osx-x86_64-mavericks 2.4 NOTE
r-release-osx-x86_64-snowleopard 2.4 OK
r-release-windows-ix86+x86_64 2.4 6.00 45.00 51.00 OK
r-oldrel-windows-ix86+x86_64 2.4 6.00 52.00 58.00 OK

Check Details

Version: 2.4
Check: R code for possible problems
Result: NOTE
    plotDominationGraph: no visible global function definition for
     ‘graph.adjacency’
    plotDominationGraph: no visible global function definition for
     ‘layout.norm’
    sampleCombinations: no visible global function definition for
     ‘qrng_alloc’
    sampleCombinations: no visible global function definition for
     ‘qrng_get’
    tunePareto: no visible global function definition for ‘sfLibrary’
    tunePareto : <anonymous>: no visible global function definition for
     ‘sfLibrary’
    tunePareto: no visible global function definition for ‘sfExport’
    tunePareto: no visible global function definition for ‘sfLapply’
    tunePareto.NaiveBayes: no visible binding for global variable
     ‘NaiveBayes’
Flavors: r-devel-linux-x86_64-debian-clang, r-devel-linux-x86_64-debian-gcc, r-devel-linux-x86_64-fedora-clang, r-devel-linux-x86_64-fedora-gcc, r-devel-osx-x86_64-clang, r-devel-windows-ix86+x86_64

Version: 2.4
Check: package dependencies
Result: NOTE
    Package suggested but not available for checking: ‘gsl’
Flavor: r-release-osx-x86_64-mavericks

Version: 2.4
Check: R code for possible problems
Result: NOTE
    sampleCombinations: no visible global function definition for
     ‘qrng_alloc’
    sampleCombinations: no visible global function definition for
     ‘qrng_get’
Flavor: r-release-osx-x86_64-mavericks