CRAN Package Check Results for Package TunePareto

Last updated on 2014-12-22 14:48:55.

Flavor Version Tinstall Tcheck Ttotal Status Flags
r-devel-linux-x86_64-debian-clang 2.4 1.07 19.81 20.88 NOTE
r-devel-linux-x86_64-debian-gcc 2.4 1.03 19.50 20.53 NOTE
r-devel-linux-x86_64-fedora-clang 2.4 42.82 NOTE
r-devel-linux-x86_64-fedora-gcc 2.4 40.83 NOTE
r-devel-osx-x86_64-clang 2.4 39.52 NOTE
r-devel-windows-ix86+x86_64 2.4 6.00 42.00 48.00 NOTE
r-patched-linux-x86_64 2.4 1.04 20.83 21.88 NOTE
r-patched-solaris-sparc 2.4 265.50 NOTE
r-patched-solaris-x86 2.4 57.50 NOTE
r-release-linux-ix86 2.4 1.54 26.83 28.36 NOTE
r-release-linux-x86_64 2.4 1.06 21.68 22.75 NOTE
r-release-osx-x86_64-mavericks 2.4 NOTE
r-release-osx-x86_64-snowleopard 2.4 OK
r-release-windows-ix86+x86_64 2.4 6.00 47.00 53.00 NOTE
r-oldrel-windows-ix86+x86_64 2.4 5.00 48.00 53.00 OK

Check Details

Version: 2.4
Check: R code for possible problems
Result: NOTE
    plotDominationGraph: no visible global function definition for
     ‘graph.adjacency’
    plotDominationGraph: no visible global function definition for
     ‘layout.norm’
    sampleCombinations: no visible global function definition for
     ‘qrng_alloc’
    sampleCombinations: no visible global function definition for
     ‘qrng_get’
    tunePareto: no visible global function definition for ‘sfLibrary’
    tunePareto : <anonymous>: no visible global function definition for
     ‘sfLibrary’
    tunePareto: no visible global function definition for ‘sfExport’
    tunePareto: no visible global function definition for ‘sfLapply’
    tunePareto.NaiveBayes: no visible binding for global variable
     ‘NaiveBayes’
Flavors: r-devel-linux-x86_64-debian-clang, r-devel-linux-x86_64-debian-gcc, r-devel-linux-x86_64-fedora-clang, r-devel-linux-x86_64-fedora-gcc, r-devel-osx-x86_64-clang, r-devel-windows-ix86+x86_64, r-patched-linux-x86_64, r-patched-solaris-sparc, r-patched-solaris-x86, r-release-linux-ix86, r-release-linux-x86_64, r-release-windows-ix86+x86_64

Version: 2.4
Check: package dependencies
Result: NOTE
    Package suggested but not available for checking: ‘gsl’
Flavor: r-release-osx-x86_64-mavericks

Version: 2.4
Check: R code for possible problems
Result: NOTE
    sampleCombinations: no visible global function definition for
     ‘qrng_alloc’
    sampleCombinations: no visible global function definition for
     ‘qrng_get’
Flavor: r-release-osx-x86_64-mavericks