CRAN Package Check Results for Package TunePareto

Last updated on 2015-03-29 09:49:49.

Flavor Version Tinstall Tcheck Ttotal Status Flags
r-devel-linux-x86_64-debian-clang 2.4 1.00 18.84 19.84 NOTE
r-devel-linux-x86_64-debian-gcc 2.4 0.99 18.94 19.93 NOTE
r-devel-linux-x86_64-fedora-clang 2.4 39.43 NOTE
r-devel-linux-x86_64-fedora-gcc 2.4 37.36 NOTE
r-devel-osx-x86_64-clang 2.4 41.29 NOTE
r-prerel-windows-ix86+x86_64 2.4 9.00 44.00 53.00 NOTE
r-prerel-linux-x86_64 2.4 1.03 19.90 20.93 NOTE
r-prerel-solaris-sparc 2.4 254.10 NOTE
r-prerel-solaris-x86 2.4 51.70 NOTE
r-release-linux-x86_64 2.4 1.12 20.78 21.89 NOTE
r-release-osx-x86_64-mavericks 2.4 NOTE
r-release-osx-x86_64-snowleopard 2.4 OK
r-release-windows-ix86+x86_64 2.4 6.00 45.00 51.00 NOTE
r-oldrel-windows-ix86+x86_64 2.4 6.00 58.00 64.00 OK

Check Details

Version: 2.4
Check: DESCRIPTION meta-information
Result: NOTE
    Malformed Description field: should contain one or more complete sentences.
Flavors: r-devel-linux-x86_64-debian-clang, r-devel-linux-x86_64-debian-gcc, r-devel-linux-x86_64-fedora-clang, r-devel-linux-x86_64-fedora-gcc, r-devel-osx-x86_64-clang, r-prerel-windows-ix86+x86_64, r-prerel-linux-x86_64, r-prerel-solaris-sparc, r-prerel-solaris-x86

Version: 2.4
Check: dependencies in R code
Result: NOTE
    'library' or 'require' calls in package code:
     ‘gsl’ ‘igraph’ ‘snowfall’
     Please use :: or requireNamespace() instead.
     See section 'Suggested packages' in the 'Writing R Extensions' manual.
Flavors: r-devel-linux-x86_64-debian-clang, r-devel-linux-x86_64-debian-gcc, r-devel-linux-x86_64-fedora-clang, r-devel-linux-x86_64-fedora-gcc, r-devel-osx-x86_64-clang, r-prerel-windows-ix86+x86_64, r-prerel-linux-x86_64, r-prerel-solaris-sparc, r-prerel-solaris-x86, r-release-linux-x86_64, r-release-windows-ix86+x86_64

Version: 2.4
Check: S3 generic/method consistency
Result: NOTE
    Found the following apparent S3 methods exported but not registered:
     predict.TuneParetoModel print.TuneParetoClassifier
     print.TuneParetoModel print.TuneParetoResult
    See section ‘Registering S3 methods’ in the ‘Writing R Extensions’
    manual.
Flavors: r-devel-linux-x86_64-debian-clang, r-devel-linux-x86_64-debian-gcc, r-devel-linux-x86_64-fedora-clang, r-devel-linux-x86_64-fedora-gcc, r-devel-osx-x86_64-clang, r-prerel-linux-x86_64

Version: 2.4
Check: R code for possible problems
Result: NOTE
    plotDominationGraph: no visible global function definition for
     ‘graph.adjacency’
    plotDominationGraph: no visible global function definition for
     ‘layout.norm’
    sampleCombinations: no visible global function definition for
     ‘qrng_alloc’
    sampleCombinations: no visible global function definition for
     ‘qrng_get’
    tunePareto: no visible global function definition for ‘sfLibrary’
    tunePareto : <anonymous>: no visible global function definition for
     ‘sfLibrary’
    tunePareto: no visible global function definition for ‘sfExport’
    tunePareto: no visible global function definition for ‘sfLapply’
    tunePareto.NaiveBayes: no visible binding for global variable
     ‘NaiveBayes’
Flavors: r-devel-linux-x86_64-debian-clang, r-devel-linux-x86_64-debian-gcc, r-devel-linux-x86_64-fedora-clang, r-devel-linux-x86_64-fedora-gcc, r-devel-osx-x86_64-clang, r-prerel-windows-ix86+x86_64, r-prerel-linux-x86_64, r-prerel-solaris-sparc, r-prerel-solaris-x86, r-release-linux-x86_64, r-release-osx-x86_64-mavericks, r-release-windows-ix86+x86_64