CRAN Package Check Results for Package TunePareto

Last updated on 2015-05-26 06:47:13.

Flavor Version Tinstall Tcheck Ttotal Status Flags
r-devel-linux-x86_64-debian-clang 2.4 1.07 18.90 19.96 NOTE
r-devel-linux-x86_64-debian-gcc 2.4 0.96 18.99 19.94 NOTE
r-devel-linux-x86_64-fedora-clang 2.4 39.71 NOTE
r-devel-linux-x86_64-fedora-gcc 2.4 38.08 NOTE
r-devel-osx-x86_64-clang 2.4 37.14 NOTE
r-devel-windows-ix86+x86_64 2.4 6.00 43.00 49.00 NOTE
r-patched-linux-x86_64 2.4 1.10 18.65 19.76 NOTE
r-patched-solaris-sparc 2.4 240.90 NOTE
r-patched-solaris-x86 2.4 52.90 NOTE
r-release-linux-x86_64 2.4 0.99 18.91 19.90 NOTE
r-release-osx-x86_64-mavericks 2.4 NOTE
r-release-osx-x86_64-snowleopard 2.4 NOTE
r-release-windows-ix86+x86_64 2.4 5.00 42.00 47.00 NOTE
r-oldrel-windows-ix86+x86_64 2.4 6.00 51.00 57.00 NOTE

Check Details

Version: 2.4
Check: DESCRIPTION meta-information
Result: NOTE
    Malformed Description field: should contain one or more complete sentences.
Flavors: r-devel-linux-x86_64-debian-clang, r-devel-linux-x86_64-debian-gcc, r-devel-linux-x86_64-fedora-clang, r-devel-linux-x86_64-fedora-gcc, r-devel-osx-x86_64-clang, r-devel-windows-ix86+x86_64, r-patched-linux-x86_64, r-patched-solaris-sparc, r-patched-solaris-x86, r-release-linux-x86_64, r-release-osx-x86_64-mavericks, r-release-osx-x86_64-snowleopard, r-release-windows-ix86+x86_64

Version: 2.4
Check: dependencies in R code
Result: NOTE
    'library' or 'require' calls in package code:
     ‘gsl’ ‘igraph’ ‘snowfall’
     Please use :: or requireNamespace() instead.
     See section 'Suggested packages' in the 'Writing R Extensions' manual.
Flavors: r-devel-linux-x86_64-debian-clang, r-devel-linux-x86_64-debian-gcc, r-devel-linux-x86_64-fedora-clang, r-devel-linux-x86_64-fedora-gcc, r-devel-osx-x86_64-clang, r-devel-windows-ix86+x86_64, r-patched-linux-x86_64, r-patched-solaris-sparc, r-patched-solaris-x86, r-release-linux-x86_64, r-release-osx-x86_64-mavericks, r-release-osx-x86_64-snowleopard, r-release-windows-ix86+x86_64, r-oldrel-windows-ix86+x86_64

Version: 2.4
Check: S3 generic/method consistency
Result: NOTE
    Found the following apparent S3 methods exported but not registered:
     predict.TuneParetoModel print.TuneParetoClassifier
     print.TuneParetoModel print.TuneParetoResult
    See section ‘Registering S3 methods’ in the ‘Writing R Extensions’
    manual.
Flavors: r-devel-linux-x86_64-debian-clang, r-devel-linux-x86_64-debian-gcc, r-devel-linux-x86_64-fedora-clang, r-devel-linux-x86_64-fedora-gcc, r-devel-osx-x86_64-clang, r-patched-linux-x86_64, r-patched-solaris-sparc, r-patched-solaris-x86, r-release-linux-x86_64

Version: 2.4
Check: R code for possible problems
Result: NOTE
    plotDominationGraph: no visible global function definition for
     ‘graph.adjacency’
    plotDominationGraph: no visible global function definition for
     ‘layout.norm’
    sampleCombinations: no visible global function definition for
     ‘qrng_alloc’
    sampleCombinations: no visible global function definition for
     ‘qrng_get’
    tunePareto: no visible global function definition for ‘sfLibrary’
    tunePareto : <anonymous>: no visible global function definition for
     ‘sfLibrary’
    tunePareto: no visible global function definition for ‘sfExport’
    tunePareto: no visible global function definition for ‘sfLapply’
    tunePareto.NaiveBayes: no visible binding for global variable
     ‘NaiveBayes’
Flavors: r-devel-linux-x86_64-debian-clang, r-devel-linux-x86_64-debian-gcc, r-devel-linux-x86_64-fedora-clang, r-devel-linux-x86_64-fedora-gcc, r-devel-osx-x86_64-clang, r-devel-windows-ix86+x86_64, r-patched-linux-x86_64, r-patched-solaris-sparc, r-patched-solaris-x86, r-release-linux-x86_64, r-release-osx-x86_64-mavericks, r-release-osx-x86_64-snowleopard, r-release-windows-ix86+x86_64, r-oldrel-windows-ix86+x86_64

Version: 2.4
Check: package dependencies
Result: NOTE
    Package suggested but not available for checking: ‘igraph’
Flavor: r-release-osx-x86_64-snowleopard

Version: 2.4
Check: Rd cross-references
Result: NOTE
    Package unavailable to check Rd xrefs: ‘igraph’
Flavor: r-release-osx-x86_64-snowleopard