CRAN Package Check Results for Package TunePareto

Last updated on 2015-01-25 21:48:34.

Flavor Version Tinstall Tcheck Ttotal Status Flags
r-devel-linux-x86_64-debian-clang 2.4 1.10 19.42 20.52 NOTE
r-devel-linux-x86_64-debian-gcc 2.4 1.02 19.33 20.35 NOTE
r-devel-linux-x86_64-fedora-clang 2.4 42.86 NOTE
r-devel-linux-x86_64-fedora-gcc 2.4 40.04 NOTE
r-devel-osx-x86_64-clang 2.4 40.04 NOTE
r-devel-windows-ix86+x86_64 2.4 7.00 41.00 48.00 NOTE
r-patched-linux-x86_64 2.4 1.12 20.57 21.69 NOTE
r-patched-solaris-sparc 2.4 265.40 NOTE
r-patched-solaris-x86 2.4 57.70 NOTE
r-release-linux-ix86 2.4 1.54 27.10 28.64 NOTE
r-release-linux-x86_64 2.4 1.20 20.73 21.93 NOTE
r-release-osx-x86_64-mavericks 2.4 NOTE
r-release-osx-x86_64-snowleopard 2.4 OK
r-release-windows-ix86+x86_64 2.4 6.00 49.00 55.00 NOTE
r-oldrel-windows-ix86+x86_64 2.4 5.00 55.00 60.00 OK

Check Details

Version: 2.4
Check: dependencies in R code
Result: NOTE
    'library' or 'require' calls in package code:
     ‘gsl’ ‘igraph’ ‘snowfall’
     Please use :: or requireNamespace() instead.
     See section 'Suggested packages' in the 'Writing R Extensions' manual.
Flavors: r-devel-linux-x86_64-debian-clang, r-devel-linux-x86_64-debian-gcc, r-devel-linux-x86_64-fedora-clang, r-devel-linux-x86_64-fedora-gcc, r-devel-osx-x86_64-clang, r-devel-windows-ix86+x86_64

Version: 2.4
Check: R code for possible problems
Result: NOTE
    plotDominationGraph: no visible global function definition for
     ‘graph.adjacency’
    plotDominationGraph: no visible global function definition for
     ‘layout.norm’
    sampleCombinations: no visible global function definition for
     ‘qrng_alloc’
    sampleCombinations: no visible global function definition for
     ‘qrng_get’
    tunePareto: no visible global function definition for ‘sfLibrary’
    tunePareto : <anonymous>: no visible global function definition for
     ‘sfLibrary’
    tunePareto: no visible global function definition for ‘sfExport’
    tunePareto: no visible global function definition for ‘sfLapply’
    tunePareto.NaiveBayes: no visible binding for global variable
     ‘NaiveBayes’
Flavors: r-devel-linux-x86_64-debian-clang, r-devel-linux-x86_64-debian-gcc, r-devel-linux-x86_64-fedora-clang, r-devel-linux-x86_64-fedora-gcc, r-devel-osx-x86_64-clang, r-devel-windows-ix86+x86_64, r-patched-linux-x86_64, r-patched-solaris-sparc, r-patched-solaris-x86, r-release-linux-ix86, r-release-linux-x86_64, r-release-osx-x86_64-mavericks, r-release-windows-ix86+x86_64

Version: 2.4
Check: S3 generic/method consistency
Result: NOTE
    Found the following apparent S3 methods exported but not registered:
     print.TuneParetoClassifier print.TuneParetoModel
     print.TuneParetoResult predict.TuneParetoModel
    See section ‘Registering S3 methods’ in the ‘Writing R Extensions’
    manual.
Flavors: r-devel-linux-x86_64-fedora-clang, r-devel-linux-x86_64-fedora-gcc, r-devel-osx-x86_64-clang